000
CDUS46 KSTO 240841
CLISCK


CLIMATE REPORT
NATIONAL WEATHER SERVICE SACRAMENTO, CA
137 AM PDT FRI OCT 24 2014


...................................

...THE STOCKTON AIRPORT CA CLIMATE SUMMARY FOR OCTOBER 23 2014...

CLIMATE NORMAL PERIOD 1981 TO 2010
CLIMATE RECORD PERIOD 1948 TO 2014


WEATHER ITEM   OBSERVED TIME   RECORD YEAR NORMAL DEPARTURE LAST
                VALUE   (LST)  VALUE       VALUE  FROM      YEAR
                                                  NORMAL
..................................................................
TEMPERATURE (F)
 YESTERDAY
  MAXIMUM         78    321 PM  88    1965  75      3       82
                                      1959
  MINIMUM         53    600 AM  38    2000  48      5       46
  AVERAGE         66

PRECIPITATION (IN)
  YESTERDAY        0.00          0.78 1989   0.03  -0.03     0.00
  MONTH TO DATE    T                         0.49  -0.49     0.00
  SINCE JUL 1      0.60                      0.79  -0.19     0.28
  SINCE JAN 1      6.40                      9.82  -3.42     3.16

SNOWFALL (IN)
  YESTERDAY        0.0           0.0  2002
                                      2001
  MONTH TO DATE    0.0
  SINCE SEP 1      0.0
  SINCE JUL 1      0.0
  SNOW DEPTH       0

DEGREE DAYS
 HEATING
  YESTERDAY        0                         4     -4        1
  MONTH TO DATE    5                        48    -43       29
  SINCE SEP 1      5                        54    -49       35
  SINCE JUL 1      5                        54    -49       35

 COOLING
  YESTERDAY        1                         1      0        0
  MONTH TO DATE  120                        52     68        2
  SINCE SEP 1    409                       274    135      206
  SINCE JAN 1   1655                      1318    337     1375
..................................................................


WIND (MPH)
  RESULTANT WIND SPEED   3   RESULTANT WIND DIRECTION  NW (300)
  HIGHEST WIND SPEED    10   HIGHEST WIND DIRECTION     N (340)
  HIGHEST GUST SPEED    13   HIGHEST GUST DIRECTION     N (350)


SKY COVER
  POSSIBLE SUNSHINE  MM
  AVERAGE SKY COVER 0.0


WEATHER CONDITIONS
 THE FOLLOWING WEATHER WAS RECORDED YESTERDAY.
  NO SIGNIFICANT WEATHER WAS OBSERVED.


RELATIVE HUMIDITY (PERCENT)
 HIGHEST    78          1000 PM
 LOWEST     40           200 PM
 AVERAGE    59

..........................................................


THE STOCKTON AIRPORT CA CLIMATE NORMALS FOR TODAY
                         NORMAL    RECORD    YEAR
 MAXIMUM TEMPERATURE (F)   75        91      1959
 MINIMUM TEMPERATURE (F)   48        39      2002
                                             1956


SUNRISE AND SUNSET
OCTOBER 24 2014.......SUNRISE   722 AM PDT   SUNSET   615 PM PDT
OCTOBER 25 2014.......SUNRISE   723 AM PDT   SUNSET   614 PM PDT


-  INDICATES NEGATIVE NUMBERS.
R  INDICATES RECORD WAS SET OR TIED.
MM INDICATES DATA IS MISSING.
T  INDICATES TRACE AMOUNT.




$$
