000
CDUS46 KSTO 200908
CLISCK


CLIMATE REPORT
NATIONAL WEATHER SERVICE SACRAMENTO, CA
208 AM PDT FRI OCT 20 2017


...................................

...THE STOCKTON AIRPORT CA CLIMATE SUMMARY FOR OCTOBER 19 2017...

CLIMATE NORMAL PERIOD 1981 TO 2010
CLIMATE RECORD PERIOD 1948 TO 2017


WEATHER ITEM   OBSERVED TIME   RECORD YEAR NORMAL DEPARTURE LAST
                VALUE   (LST)  VALUE       VALUE  FROM      YEAR
                                                  NORMAL
..................................................................
TEMPERATURE (F)
 YESTERDAY
  MAXIMUM         76    121 PM  90    1995  77     -1       76
  MINIMUM         50    650 AM  40    1949  49      1       48
  AVERAGE         63

PRECIPITATION (IN)
  YESTERDAY        T             1.29 2004   0.02  -0.02     0.00
  MONTH TO DATE    T                         0.37  -0.37     1.02
  SINCE OCT 1      T                         0.37  -0.37     1.02
  SINCE JAN 1     15.63                      9.70   5.93    13.14

SNOWFALL (IN)
  YESTERDAY        0.0           0.0  2002
                                      2001
  MONTH TO DATE    0.0
  SINCE SEP 1      0.0
  SINCE JUL 1      0.0
  SNOW DEPTH       0

DEGREE DAYS
 HEATING
  YESTERDAY        2                         3     -1        3
  MONTH TO DATE   19                        33    -14       31
  SINCE SEP 1     22                        39    -17       35
  SINCE JUL 1     22                        39    -17       35

 COOLING
  YESTERDAY        0                         1     -1        0
  MONTH TO DATE   22                        48    -26       22
  SINCE SEP 1    337                       270     67      246
  SINCE JAN 1   1768                      1314    454     1444
..................................................................


WIND (MPH)
  RESULTANT WIND SPEED   5   RESULTANT WIND DIRECTION   W (290)
  HIGHEST WIND SPEED    22   HIGHEST WIND DIRECTION     W (260)
  HIGHEST GUST SPEED    26   HIGHEST GUST DIRECTION     W (270)


SKY COVER
  POSSIBLE SUNSHINE  MM
  AVERAGE SKY COVER 0.4


WEATHER CONDITIONS
 THE FOLLOWING WEATHER WAS RECORDED YESTERDAY.
  LIGHT RAIN


RELATIVE HUMIDITY (PERCENT)
 HIGHEST    89           500 AM
 LOWEST     43           100 PM
 AVERAGE    66

..........................................................


THE STOCKTON AIRPORT CA CLIMATE NORMALS FOR TODAY
                         NORMAL    RECORD    YEAR
 MAXIMUM TEMPERATURE (F)   76        92      1991
 MINIMUM TEMPERATURE (F)   49        36      1949


SUNRISE AND SUNSET
OCTOBER 20 2017.......SUNRISE   719 AM PDT   SUNSET   620 PM PDT
OCTOBER 21 2017.......SUNRISE   720 AM PDT   SUNSET   619 PM PDT


-  INDICATES NEGATIVE NUMBERS.
R  INDICATES RECORD WAS SET OR TIED.
MM INDICATES DATA IS MISSING.
T  INDICATES TRACE AMOUNT.




$$
