670
CDUS46 KSTO 230842
CLISCK


CLIMATE REPORT
NATIONAL WEATHER SERVICE SACRAMENTO, CA
141 AM PDT SAT JUL 23 2016


...................................

...THE STOCKTON AIRPORT CA CLIMATE SUMMARY FOR JULY 22 2016...

CLIMATE NORMAL PERIOD 1981 TO 2010
CLIMATE RECORD PERIOD 1948 TO 2016


WEATHER ITEM   OBSERVED TIME   RECORD YEAR NORMAL DEPARTURE LAST
                VALUE   (LST)  VALUE       VALUE  FROM      YEAR
                                                  NORMAL
..................................................................
TEMPERATURE (F)
 YESTERDAY
  MAXIMUM         96    350 PM 113    2006  94      2       91
  MINIMUM         54    519 AM  52    2008  60     -6       62
  AVERAGE         75

PRECIPITATION (IN)
  YESTERDAY        0.00          T    1976   0.00   0.00     0.00
                                      1959
  MONTH TO DATE    0.00                      0.00   0.00     0.01
  SINCE OCT 1     16.69                     13.76   2.93    10.71
  SINCE JAN 1     12.12                      9.03   3.09     2.87

SNOWFALL (IN)
  YESTERDAY        0.0          MM      MM
  MONTH TO DATE    0.0
  SINCE JUN 1      0.0
  SINCE JUL 1      0.0
  SNOW DEPTH       0

DEGREE DAYS
 HEATING
  YESTERDAY        0                         0      0        0
  MONTH TO DATE    0                         0      0        0
  SINCE JUN 1      2                         7     -5        0
  SINCE JUL 1      0                         0      0        0

 COOLING
  YESTERDAY       10                        12     -2       12
  MONTH TO DATE  234                       256    -22      286
  SINCE JUN 1    554                       486     68      625
  SINCE JAN 1    700                       605     95      721
..................................................................


WIND (MPH)
  RESULTANT WIND SPEED   8   RESULTANT WIND DIRECTION  NW (310)
  HIGHEST WIND SPEED    16   HIGHEST WIND DIRECTION    NW (300)
  HIGHEST GUST SPEED    26   HIGHEST GUST DIRECTION    SW (230)


SKY COVER
  POSSIBLE SUNSHINE  MM
  AVERAGE SKY COVER 0.0


WEATHER CONDITIONS
 THE FOLLOWING WEATHER WAS RECORDED YESTERDAY.
  NO SIGNIFICANT WEATHER WAS OBSERVED.


RELATIVE HUMIDITY (PERCENT)
 HIGHEST    77           500 AM
 LOWEST     13           500 PM
 AVERAGE    45

..........................................................


THE STOCKTON AIRPORT CA CLIMATE NORMALS FOR TODAY
                         NORMAL    RECORD    YEAR
 MAXIMUM TEMPERATURE (F)   94       115      2006
 MINIMUM TEMPERATURE (F)   60        54      1999
                                             1958
                                             1950


SUNRISE AND SUNSET
JULY 23 2016..........SUNRISE   601 AM PDT   SUNSET   821 PM PDT
JULY 24 2016..........SUNRISE   602 AM PDT   SUNSET   820 PM PDT


-  INDICATES NEGATIVE NUMBERS.
R  INDICATES RECORD WAS SET OR TIED.
MM INDICATES DATA IS MISSING.
T  INDICATES TRACE AMOUNT.




$$
