000
CDUS46 KSTO 290840
CLISCK


CLIMATE REPORT
NATIONAL WEATHER SERVICE SACRAMENTO, CA
140 AM PDT SUN MAY 29 2016


...................................

...THE STOCKTON AIRPORT CA CLIMATE SUMMARY FOR MAY 28 2016...

CLIMATE NORMAL PERIOD 1981 TO 2010
CLIMATE RECORD PERIOD 1948 TO 2016


WEATHER ITEM   OBSERVED TIME   RECORD YEAR NORMAL DEPARTURE LAST
                VALUE   (LST)  VALUE       VALUE  FROM      YEAR
                                                  NORMAL
..................................................................
TEMPERATURE (F)
 YESTERDAY
  MAXIMUM         92    452 PM 107    1984  84      8       85
  MINIMUM         58    514 AM  42    2010  54      4       53
  AVERAGE         75

PRECIPITATION (IN)
  YESTERDAY        0.00          0.72 1998   0.02  -0.02     0.00
  MONTH TO DATE    0.35                      0.50  -0.15     0.02
  SINCE OCT 1     16.69                     13.65   3.04    10.62
  SINCE JAN 1     12.12                      8.92   3.20     2.78

SNOWFALL (IN)
  YESTERDAY        0.0          MM      MM
  MONTH TO DATE    0.0
  SINCE MAR 1      0.0
  SINCE JUL 1      0.0
  SNOW DEPTH       0

DEGREE DAYS
 HEATING
  YESTERDAY        0                         1     -1        0
  MONTH TO DATE   37                        56    -19       42
  SINCE MAR 1    348                       570   -222      274
  SINCE JUL 1   2066                      2632   -566     1713

 COOLING
  YESTERDAY       10                         5      5        4
  MONTH TO DATE   86                        87     -1       32
  SINCE MAR 1    112                       104      8       81
  SINCE JAN 1    112                       104      8       81
..................................................................


WIND (MPH)
  RESULTANT WIND SPEED   7   RESULTANT WIND DIRECTION  NW (310)
  HIGHEST WIND SPEED    16   HIGHEST WIND DIRECTION    NW (320)
  HIGHEST GUST SPEED    21   HIGHEST GUST DIRECTION    NW (320)


SKY COVER
  POSSIBLE SUNSHINE  MM
  AVERAGE SKY COVER 0.0


WEATHER CONDITIONS
 THE FOLLOWING WEATHER WAS RECORDED YESTERDAY.
  NO SIGNIFICANT WEATHER WAS OBSERVED.


RELATIVE HUMIDITY (PERCENT)
 HIGHEST    67           100 AM
 LOWEST     15           500 PM
 AVERAGE    41

..........................................................


THE STOCKTON AIRPORT CA CLIMATE NORMALS FOR TODAY
                         NORMAL    RECORD    YEAR
 MAXIMUM TEMPERATURE (F)   84       103      1973
 MINIMUM TEMPERATURE (F)   54        44      1985


SUNRISE AND SUNSET
MAY 29 2016...........SUNRISE   545 AM PDT   SUNSET   820 PM PDT
MAY 30 2016...........SUNRISE   545 AM PDT   SUNSET   821 PM PDT


-  INDICATES NEGATIVE NUMBERS.
R  INDICATES RECORD WAS SET OR TIED.
MM INDICATES DATA IS MISSING.
T  INDICATES TRACE AMOUNT.




$$
