000
CDUS46 KSTO 250837
CLISCK


CLIMATE REPORT
NATIONAL WEATHER SERVICE SACRAMENTO, CA
136 AM PDT MON MAY 25 2015


...................................

...THE STOCKTON AIRPORT CA CLIMATE SUMMARY FOR MAY 24 2015...

CLIMATE NORMAL PERIOD 1981 TO 2010
CLIMATE RECORD PERIOD 1948 TO 2015


WEATHER ITEM   OBSERVED TIME   RECORD YEAR NORMAL DEPARTURE LAST
                VALUE   (LST)  VALUE       VALUE  FROM      YEAR
                                                  NORMAL
..................................................................
TEMPERATURE (F)
 YESTERDAY
  MAXIMUM         84    343 PM 104    1982  83      1       92
  MINIMUM         51    523 AM  41    1953  53     -2       60
  AVERAGE         68

PRECIPITATION (IN)
  YESTERDAY        0.00          0.23 1993   0.01  -0.01     0.00
  MONTH TO DATE    0.01                      0.44  -0.43      T
  SINCE OCT 1     10.61                     13.59  -2.98     7.22
  SINCE JAN 1      2.77                      8.86  -6.09     5.79

SNOWFALL (IN)
  YESTERDAY        0.0          MM      MM
  MONTH TO DATE    0.0
  SINCE MAR 1      0.0
  SINCE JUL 1      0.0
  SNOW DEPTH       0

DEGREE DAYS
 HEATING
  YESTERDAY        0                         1     -1        0
  MONTH TO DATE   42                        52    -10       13
  SINCE MAR 1    274                       566   -292      327
  SINCE JUL 1   1713                      2628   -915     2160

 COOLING
  YESTERDAY        3                         4     -1       11
  MONTH TO DATE   24                        69    -45      102
  SINCE MAR 1     73                        86    -13      131
  SINCE JAN 1     73                        86    -13      131
..................................................................


WIND (MPH)
  RESULTANT WIND SPEED   7   RESULTANT WIND DIRECTION   W (280)
  HIGHEST WIND SPEED    21   HIGHEST WIND DIRECTION     W (260)
  HIGHEST GUST SPEED    24   HIGHEST GUST DIRECTION     W (290)


SKY COVER
  POSSIBLE SUNSHINE  MM
  AVERAGE SKY COVER 0.0


WEATHER CONDITIONS
 THE FOLLOWING WEATHER WAS RECORDED YESTERDAY.
  NO SIGNIFICANT WEATHER WAS OBSERVED.


RELATIVE HUMIDITY (PERCENT)
 HIGHEST    89           500 AM
 LOWEST     33           400 PM
 AVERAGE    61

..........................................................


THE STOCKTON AIRPORT CA CLIMATE NORMALS FOR TODAY
                         NORMAL    RECORD    YEAR
 MAXIMUM TEMPERATURE (F)   83       102      1979
 MINIMUM TEMPERATURE (F)   53        44      2010
                                             1962


SUNRISE AND SUNSET
MAY 25 2015...........SUNRISE   548 AM PDT   SUNSET   816 PM PDT
MAY 26 2015...........SUNRISE   547 AM PDT   SUNSET   817 PM PDT


-  INDICATES NEGATIVE NUMBERS.
R  INDICATES RECORD WAS SET OR TIED.
MM INDICATES DATA IS MISSING.
T  INDICATES TRACE AMOUNT.




$$
