000
CDUS46 KSTO 290042
CLISCK


CLIMATE REPORT
NATIONAL WEATHER SERVICE SACRAMENTO, CA
542 PM PDT THU AUG 28 2014


...................................

...THE STOCKTON AIRPORT CA CLIMATE SUMMARY FOR AUGUST 28 2014...
VALID TODAY AS OF 0500 PM LOCAL TIME.

CLIMATE NORMAL PERIOD 1981 TO 2010
CLIMATE RECORD PERIOD 1948 TO 2014


WEATHER ITEM   OBSERVED TIME   RECORD YEAR NORMAL DEPARTURE LAST
                VALUE   (LST)  VALUE       VALUE  FROM      YEAR
                                                  NORMAL
..................................................................
TEMPERATURE (F)
 TODAY
  MAXIMUM         98    359 PM 106    1981  91      7       92
  MINIMUM         61    532 AM  49    1955  59      2       62
  AVERAGE         80

PRECIPITATION (IN)
  TODAY            0.00          0.00 2007   0.00   0.00     0.00
                                      2006
                                      2005
  MONTH TO DATE    0.01                      0.01   0.00     0.00
  SINCE JUL 1      0.01                      0.01   0.00     0.00
  SINCE JAN 1      5.81                      9.04  -3.23     2.88

SNOWFALL (IN)
  TODAY            0.0          MM      MM
  MONTH TO DATE    0.0
  SINCE JUN 1      0.0
  SINCE JUL 1      0.0

DEGREE DAYS
 HEATING
  TODAY            0                         0      0        0
  MONTH TO DATE    0                         0      0        0
  SINCE JUN 1      0                         7     -7        0
  SINCE JUL 1      0                         0      0        0

 COOLING
  TODAY           15                        10      5       12
  MONTH TO DATE  316                       303     13      279
  SINCE JUN 1   1020                       896    124      948
  SINCE JAN 1   1203                      1015    188     1129
..................................................................


WIND (MPH)
  RESULTANT WIND SPEED   5   RESULTANT WIND DIRECTION  NW (310)
  HIGHEST WIND SPEED    14   HIGHEST WIND DIRECTION     W (290)
  HIGHEST GUST SPEED    18   HIGHEST GUST DIRECTION     W (290)


SKY COVER
  POSSIBLE SUNSHINE  MM
  AVERAGE SKY COVER 0.0


WEATHER CONDITIONS
 THE FOLLOWING WEATHER WAS RECORDED TODAY.
  NO SIGNIFICANT WEATHER WAS OBSERVED.


RELATIVE HUMIDITY (PERCENT)
 HIGHEST    72           600 AM
 LOWEST     18           400 PM
 AVERAGE    45

..........................................................


THE STOCKTON AIRPORT CA CLIMATE NORMALS FOR TOMORROW
                         NORMAL    RECORD    YEAR
 MAXIMUM TEMPERATURE (F)   91       108      2007
 MINIMUM TEMPERATURE (F)   59        48      1957


SUNRISE AND SUNSET
AUGUST 28 2014........SUNRISE   632 AM PDT   SUNSET   740 PM PDT
AUGUST 29 2014........SUNRISE   632 AM PDT   SUNSET   739 PM PDT


-  INDICATES NEGATIVE NUMBERS.
R  INDICATES RECORD WAS SET OR TIED.
MM INDICATES DATA IS MISSING.
T  INDICATES TRACE AMOUNT.




$$
