000
CDUS46 KSTO 210841
CLISCK


CLIMATE REPORT
NATIONAL WEATHER SERVICE SACRAMENTO, CA
138 AM PDT TUE OCT 21 2014


...................................

...THE STOCKTON AIRPORT CA CLIMATE SUMMARY FOR OCTOBER 20 2014...

CLIMATE NORMAL PERIOD 1981 TO 2010
CLIMATE RECORD PERIOD 1948 TO 2014


WEATHER ITEM   OBSERVED TIME   RECORD YEAR NORMAL DEPARTURE LAST
                VALUE   (LST)  VALUE       VALUE  FROM      YEAR
                                                  NORMAL
..................................................................
TEMPERATURE (F)
 YESTERDAY
  MAXIMUM         76   1211 PM  92    1991  76      0       83
  MINIMUM         53   1148 PM  36    1949  49      4       45
  AVERAGE         65

PRECIPITATION (IN)
  YESTERDAY        T             0.48 1970   0.03  -0.03     0.00
  MONTH TO DATE    T                         0.40  -0.40     0.00
  SINCE JUL 1      0.60                      0.70  -0.10     0.28
  SINCE JAN 1      6.40                      9.73  -3.33     3.16

SNOWFALL (IN)
  YESTERDAY        0.0           0.0  2002
                                      2001
  MONTH TO DATE    0.0
  SINCE SEP 1      0.0
  SINCE JUL 1      0.0
  SNOW DEPTH       0

DEGREE DAYS
 HEATING
  YESTERDAY        0                         3     -3        1
  MONTH TO DATE    0                        36    -36       27
  SINCE SEP 1      0                        42    -42       33
  SINCE JUL 1      0                        42    -42       33

 COOLING
  YESTERDAY        0                         1     -1        0
  MONTH TO DATE  119                        49     70        2
  SINCE SEP 1    408                       271    137      206
  SINCE JAN 1   1654                      1315    339     1375
..................................................................


WIND (MPH)
  RESULTANT WIND SPEED   4   RESULTANT WIND DIRECTION  NW (300)
  HIGHEST WIND SPEED    22   HIGHEST WIND DIRECTION    NW (300)
  HIGHEST GUST SPEED    25   HIGHEST GUST DIRECTION    NW (310)


SKY COVER
  POSSIBLE SUNSHINE  MM
  AVERAGE SKY COVER 0.3


WEATHER CONDITIONS
 THE FOLLOWING WEATHER WAS RECORDED YESTERDAY.
  LIGHT RAIN


RELATIVE HUMIDITY (PERCENT)
 HIGHEST    93           500 AM
 LOWEST     49           200 PM
 AVERAGE    71

..........................................................


THE STOCKTON AIRPORT CA CLIMATE NORMALS FOR TODAY
                         NORMAL    RECORD    YEAR
 MAXIMUM TEMPERATURE (F)   76        90      2003
                                             1991
 MINIMUM TEMPERATURE (F)   48        36      1949


SUNRISE AND SUNSET
OCTOBER 21 2014.......SUNRISE   719 AM PDT   SUNSET   619 PM PDT
OCTOBER 22 2014.......SUNRISE   720 AM PDT   SUNSET   618 PM PDT


-  INDICATES NEGATIVE NUMBERS.
R  INDICATES RECORD WAS SET OR TIED.
MM INDICATES DATA IS MISSING.
T  INDICATES TRACE AMOUNT.




$$
