000
CDUS46 KLOX 110907
CLISDB


CLIMATE REPORT
NATIONAL WEATHER SERVICE LOS ANGELES/OXNARD CA
207 AM PDT FRI JUL 11 2014


...................................

...THE SANDBERG CA CLIMATE SUMMARY FOR JULY 10 2014...

CLIMATE NORMAL PERIOD 1981 TO 2010
CLIMATE RECORD PERIOD 1948 TO 2014


WEATHER ITEM   OBSERVED TIME   RECORD YEAR NORMAL DEPARTURE LAST
                VALUE   (LST)  VALUE       VALUE  FROM      YEAR
                                                  NORMAL
..................................................................
TEMPERATURE (F)
 YESTERDAY
  MAXIMUM         84    246 PM  98    1959  84      0       93
  MINIMUM         63    535 AM  49    1974  63      0       73
  AVERAGE         74                        74      0       83

PRECIPITATION (IN)
  YESTERDAY        0.00          T    2010   0.01  -0.01      T
                                      2010
                                      2013
  MONTH TO DATE    0.00                      0.01  -0.01      T
  SINCE JUL 1      0.00                      0.01  -0.01      T
  SINCE JAN 1      3.58                      8.49  -4.91     2.91

DEGREE DAYS
 HEATING
  YESTERDAY        0                         0      0        0
  MONTH TO DATE    0                         4     -4        0
  SINCE JUN 1      7                        88    -81       16
  SINCE JUL 1      0                         4     -4        0

 COOLING
  YESTERDAY        9                         9      0       18
  MONTH TO DATE  157                        79     78      186
  SINCE JUN 1    397                       210    187      435
  SINCE JAN 1    547                       255    292      565
..................................................................


WIND (MPH)
  HIGHEST WIND SPEED    21   HIGHEST WIND DIRECTION     S (170)
  HIGHEST GUST SPEED    30   HIGHEST GUST DIRECTION     S (170)
  AVERAGE WIND SPEED    10.2


SKY COVER
  POSSIBLE SUNSHINE  MM
  AVERAGE SKY COVER 0.0


WEATHER CONDITIONS
 THE FOLLOWING WEATHER WAS RECORDED YESTERDAY.
  NO SIGNIFICANT WEATHER WAS OBSERVED.


RELATIVE HUMIDITY (PERCENT)
 HIGHEST    48           400 AM
 LOWEST     24           300 PM
 AVERAGE    36

..........................................................


THE SANDBERG CA CLIMATE NORMALS FOR TODAY
                         NORMAL    RECORD    YEAR
 MAXIMUM TEMPERATURE (F)   84        97      1994
 MINIMUM TEMPERATURE (F)   63        43      1974


SUNRISE AND SUNSET
JULY 11 2014..........SUNRISE   551 AM PDT   SUNSET   810 PM PDT
JULY 12 2014..........SUNRISE   551 AM PDT   SUNSET   810 PM PDT


-  INDICATES NEGATIVE NUMBERS.
R  INDICATES RECORD WAS SET OR TIED.
MM INDICATES DATA IS MISSING.
T  INDICATES TRACE AMOUNT.




$$
