000
CDUS46 KLOX 190904
CLISDB


CLIMATE REPORT
NATIONAL WEATHER SERVICE LOS ANGELES/OXNARD CA
204 AM PDT SAT AUG 19 2017


...................................

...THE SANDBERG CA CLIMATE SUMMARY FOR AUGUST 18 2017...

CLIMATE NORMAL PERIOD 1981 TO 2010
CLIMATE RECORD PERIOD 1934 TO 2017


WEATHER ITEM   OBSERVED TIME   RECORD YEAR NORMAL DEPARTURE LAST
                VALUE   (LST)  VALUE       VALUE  FROM      YEAR
                                                  NORMAL
..................................................................
TEMPERATURE (F)
 YESTERDAY
  MAXIMUM         89    324 PM  98    1950  85      4       91
  MINIMUM         69    538 AM  45    1976  64      5       69
  AVERAGE         79                        74      5       80

PRECIPITATION (IN)
  YESTERDAY        0.00          0.63 1945   0.00   0.00     0.00
  MONTH TO DATE    0.29                      0.01   0.28     0.00
  SINCE OCT 1     13.08                     12.14   0.94     6.93
  SINCE JAN 1      9.24                      8.51   0.73     5.23

DEGREE DAYS
 HEATING
  YESTERDAY        0                         0      0        0
  MONTH TO DATE    1                         0      1        0
  SINCE JUN 1     41                        92    -51       21
  SINCE JUL 1      1                         8     -7        0

 COOLING
  YESTERDAY       14                         9      5       15
  MONTH TO DATE  229                       178     51      278
  SINCE JUN 1   1094                       596    498     1080
  SINCE JAN 1   1239                       641    598     1161
..................................................................


WIND (MPH)
  HIGHEST WIND SPEED    23   HIGHEST WIND DIRECTION     N (340)
  HIGHEST GUST SPEED    27   HIGHEST GUST DIRECTION     N (340)
  AVERAGE WIND SPEED    11.0


SKY COVER
  POSSIBLE SUNSHINE  MM
  AVERAGE SKY COVER 0.0


WEATHER CONDITIONS
 THE FOLLOWING WEATHER WAS RECORDED YESTERDAY.
  NO SIGNIFICANT WEATHER WAS OBSERVED.


RELATIVE HUMIDITY (PERCENT)
 HIGHEST    57           300 AM
 LOWEST     22           400 PM
 AVERAGE    40

..........................................................


THE SANDBERG CA CLIMATE NORMALS FOR TODAY
                         NORMAL    RECORD    YEAR
 MAXIMUM TEMPERATURE (F)   85        98      1950
 MINIMUM TEMPERATURE (F)   64        46      1972


SUNRISE AND SUNSET
AUGUST 19 2017........SUNRISE   619 AM PDT   SUNSET   738 PM PDT
AUGUST 20 2017........SUNRISE   619 AM PDT   SUNSET   736 PM PDT


-  INDICATES NEGATIVE NUMBERS.
R  INDICATES RECORD WAS SET OR TIED.
MM INDICATES DATA IS MISSING.
T  INDICATES TRACE AMOUNT.




$$
