000
CDUS46 KLOX 280118
CLISDB


CLIMATE REPORT
NATIONAL WEATHER SERVICE LOS ANGELES/OXNARD CA
518 PM PST THU NOV 27 2014


...................................

...THE SANDBERG CA CLIMATE SUMMARY FOR NOVEMBER 27 2014...
VALID TODAY AS OF 0500 PM LOCAL TIME.

CLIMATE NORMAL PERIOD 1981 TO 2010
CLIMATE RECORD PERIOD 1934 TO 2014


WEATHER ITEM   OBSERVED TIME   RECORD YEAR NORMAL DEPARTURE LAST
                VALUE   (LST)  VALUE       VALUE  FROM      YEAR
                                                  NORMAL
..................................................................
TEMPERATURE (F)
 TODAY
  MAXIMUM         73R   221 PM  68    1949  51     22       56
  MINIMUM         58    714 AM  22    1948  39     19       45
  AVERAGE         66                        45     21       51

PRECIPITATION (IN)
  TODAY            0.00          0.07 1971   0.03  -0.03     0.00
  MONTH TO DATE    0.07                      0.67  -0.60     0.39
  SINCE JUL 1      0.73                      1.49  -0.76     0.70
  SINCE JAN 1      4.31                      9.97  -5.66     3.61

DEGREE DAYS
 HEATING
  TODAY            0                        20    -20       14
  MONTH TO DATE  271                       416   -145      293
  SINCE SEP 1    363                       700   -337      510
  SINCE JUL 1    363                       717   -354      510

 COOLING
  TODAY            1                         0      1        0
  MONTH TO DATE   19                         0     19        4
  SINCE SEP 1    508                       239    269      333
  SINCE JAN 1   1688                       996    692     1565
..................................................................


WIND (MPH)
  HIGHEST WIND SPEED    17   HIGHEST WIND DIRECTION     E (70)
  HIGHEST GUST SPEED    21   HIGHEST GUST DIRECTION     E (70)
  AVERAGE WIND SPEED    11.4


SKY COVER
  POSSIBLE SUNSHINE  MM
  AVERAGE SKY COVER 0.0


WEATHER CONDITIONS
 THE FOLLOWING WEATHER WAS RECORDED TODAY.
  NO SIGNIFICANT WEATHER WAS OBSERVED.


RELATIVE HUMIDITY (PERCENT)
 HIGHEST    18           600 AM
 LOWEST      9           200 PM
 AVERAGE    14

..........................................................


THE SANDBERG CA CLIMATE NORMALS FOR TOMORROW
                         NORMAL    RECORD    YEAR
 MAXIMUM TEMPERATURE (F)   51        69      1980
 MINIMUM TEMPERATURE (F)   39        24      2004
                                             1976


SUNRISE AND SUNSET
NOVEMBER 27 2014......SUNRISE   640 AM PST   SUNSET   445 PM PST
NOVEMBER 28 2014......SUNRISE   641 AM PST   SUNSET   444 PM PST


-  INDICATES NEGATIVE NUMBERS.
R  INDICATES RECORD WAS SET OR TIED.
MM INDICATES DATA IS MISSING.
T  INDICATES TRACE AMOUNT.




$$
