000
CDUS46 KLOX 230902
CLISDB


CLIMATE REPORT
NATIONAL WEATHER SERVICE LOS ANGELES/OXNARD CA
202 AM PDT WED JUL 23 2014


...................................

...THE SANDBERG CA CLIMATE SUMMARY FOR JULY 22 2014...

CLIMATE NORMAL PERIOD 1981 TO 2010
CLIMATE RECORD PERIOD 1948 TO 2014


WEATHER ITEM   OBSERVED TIME   RECORD YEAR NORMAL DEPARTURE LAST
                VALUE   (LST)  VALUE       VALUE  FROM      YEAR
                                                  NORMAL
..................................................................
TEMPERATURE (F)
 YESTERDAY
  MAXIMUM         89   1205 PM  99    2006  86      3       85
  MINIMUM         64    444 AM  47    1987  65     -1       64
  AVERAGE         77                        75      2       75

PRECIPITATION (IN)
  YESTERDAY        0.00          0.12 2006   0.00   0.00     0.05
  MONTH TO DATE    T                         0.01  -0.01     0.06
  SINCE JUL 1      T                         0.01  -0.01     0.06
  SINCE JAN 1      3.58                      8.49  -4.91     2.97

DEGREE DAYS
 HEATING
  YESTERDAY        0                         0      0        0
  MONTH TO DATE    0                         4     -4        0
  SINCE JUN 1      7                        88    -81       16
  SINCE JUL 1      0                         4     -4        0

 COOLING
  YESTERDAY       12                        10      2       10
  MONTH TO DATE  278                       195     83      342
  SINCE JUN 1    518                       326    192      591
  SINCE JAN 1    668                       371    297      721
..................................................................


WIND (MPH)
  HIGHEST WIND SPEED    21   HIGHEST WIND DIRECTION    NW (330)
  HIGHEST GUST SPEED    28   HIGHEST GUST DIRECTION    SE (150)
  AVERAGE WIND SPEED    11.5


SKY COVER
  POSSIBLE SUNSHINE  MM
  AVERAGE SKY COVER 0.0


WEATHER CONDITIONS
 THE FOLLOWING WEATHER WAS RECORDED YESTERDAY.
  NO SIGNIFICANT WEATHER WAS OBSERVED.


RELATIVE HUMIDITY (PERCENT)
 HIGHEST    59          1200 AM
 LOWEST     17           500 PM
 AVERAGE    38

..........................................................


THE SANDBERG CA CLIMATE NORMALS FOR TODAY
                         NORMAL    RECORD    YEAR
 MAXIMUM TEMPERATURE (F)   86        97      2006
 MINIMUM TEMPERATURE (F)   65        53      1987


SUNRISE AND SUNSET
JULY 23 2014..........SUNRISE   558 AM PDT   SUNSET   804 PM PDT
JULY 24 2014..........SUNRISE   559 AM PDT   SUNSET   803 PM PDT


-  INDICATES NEGATIVE NUMBERS.
R  INDICATES RECORD WAS SET OR TIED.
MM INDICATES DATA IS MISSING.
T  INDICATES TRACE AMOUNT.




$$
