000
CDUS46 KLOX 170914
CLISDB


CLIMATE REPORT
NATIONAL WEATHER SERVICE LOS ANGELES/OXNARD CA
213 AM PDT WED SEP 17 2014


...................................

...THE SANDBERG CA CLIMATE SUMMARY FOR SEPTEMBER 16 2014...

CLIMATE NORMAL PERIOD 1981 TO 2010
CLIMATE RECORD PERIOD 1934 TO 2014


WEATHER ITEM   OBSERVED TIME   RECORD YEAR NORMAL DEPARTURE LAST
                VALUE   (LST)  VALUE       VALUE  FROM      YEAR
                                                  NORMAL
..................................................................
TEMPERATURE (F)
 YESTERDAY
  MAXIMUM         92    200 PM  94    2000  79     13       88
  MINIMUM         73    218 AM  41    2006  60     13       68
                                      1959
  AVERAGE         83                        69     14       78

PRECIPITATION (IN)
  YESTERDAY        0.00          0.03 1975   0.01  -0.01     0.00
  MONTH TO DATE    T                         0.07  -0.07     0.00
  SINCE JUL 1      0.17                      0.12   0.05     0.06
  SINCE JAN 1      3.75                      8.60  -4.85     2.97

DEGREE DAYS
 HEATING
  YESTERDAY        0                         2     -2        0
  MONTH TO DATE    0                        20    -20        0
  SINCE SEP 1      0                        20    -20        0
  SINCE JUL 1      0                        37    -37        0

 COOLING
  YESTERDAY       18                         6     12       13
  MONTH TO DATE  247                       118    129      237
  SINCE SEP 1    247                       118    129      237
  SINCE JAN 1   1427                       875    552     1469
..................................................................


WIND (MPH)
  HIGHEST WIND SPEED    25   HIGHEST WIND DIRECTION     N (340)
  HIGHEST GUST SPEED    32   HIGHEST GUST DIRECTION     N (350)
  AVERAGE WIND SPEED    10.2


SKY COVER
  POSSIBLE SUNSHINE  MM
  AVERAGE SKY COVER 0.0


WEATHER CONDITIONS
 THE FOLLOWING WEATHER WAS RECORDED YESTERDAY.
  NO SIGNIFICANT WEATHER WAS OBSERVED.


RELATIVE HUMIDITY (PERCENT)
 HIGHEST    36           600 AM
 LOWEST     17          1100 PM
 AVERAGE    27

..........................................................


THE SANDBERG CA CLIMATE NORMALS FOR TODAY
                         NORMAL    RECORD    YEAR
 MAXIMUM TEMPERATURE (F)   79        93      2000
 MINIMUM TEMPERATURE (F)   60        41      1959


SUNRISE AND SUNSET
SEPTEMBER 17 2014.....SUNRISE   639 AM PDT   SUNSET   659 PM PDT
SEPTEMBER 18 2014.....SUNRISE   640 AM PDT   SUNSET   657 PM PDT


-  INDICATES NEGATIVE NUMBERS.
R  INDICATES RECORD WAS SET OR TIED.
MM INDICATES DATA IS MISSING.
T  INDICATES TRACE AMOUNT.




$$
