000
CDUS46 KLOX 100909
CLISDB


CLIMATE REPORT
NATIONAL WEATHER SERVICE LOS ANGELES/OXNARD CA
108 AM PST SAT DEC 10 2016


...................................

...THE SANDBERG CA CLIMATE SUMMARY FOR DECEMBER 9 2016...

CLIMATE NORMAL PERIOD 1981 TO 2010
CLIMATE RECORD PERIOD 1934 TO 2016


WEATHER ITEM   OBSERVED TIME   RECORD YEAR NORMAL DEPARTURE LAST
                VALUE   (LST)  VALUE       VALUE  FROM      YEAR
                                                  NORMAL
..................................................................
TEMPERATURE (F)
 YESTERDAY
  MAXIMUM         60    142 PM  72    2015  48     12       72
  MINIMUM         50   1159 PM  11    1972  37     13       57
  AVERAGE         55                        42     13       65

PRECIPITATION (IN)
  YESTERDAY        0.00          1.66 1991   0.05  -0.05     0.00
  MONTH TO DATE    T                         0.46  -0.46     0.00
  SINCE OCT 1      1.41                      1.84  -0.43     1.08
  SINCE JAN 1      6.64                     10.54  -3.90     5.65

DEGREE DAYS
 HEATING
  YESTERDAY       10                        22    -12        0
  MONTH TO DATE  163                       195    -32      111
  SINCE DEC 1    163                       195    -32      111
  SINCE JUL 1    612                       974   -362      727

 COOLING
  YESTERDAY        0                         0      0        0
  MONTH TO DATE    0                         0      0        0
  SINCE DEC 1      0                         0      0        0
  SINCE JAN 1   1673                       998    675     1499
..................................................................


WIND (MPH)
  HIGHEST WIND SPEED    23   HIGHEST WIND DIRECTION    NW (330)
  HIGHEST GUST SPEED    30   HIGHEST GUST DIRECTION    NW (330)
  AVERAGE WIND SPEED    13.0


SKY COVER
  POSSIBLE SUNSHINE  MM
  AVERAGE SKY COVER 0.6


WEATHER CONDITIONS
 THE FOLLOWING WEATHER WAS RECORDED YESTERDAY.
  FOG
  FOG W/VISIBILITY <= 1/4 MILE


RELATIVE HUMIDITY (PERCENT)
 HIGHEST    89           500 AM
 LOWEST     62          1200 PM
 AVERAGE    76

..........................................................


THE SANDBERG CA CLIMATE NORMALS FOR TODAY
                         NORMAL    RECORD    YEAR
 MAXIMUM TEMPERATURE (F)   48        68      1995
 MINIMUM TEMPERATURE (F)   37        13      1972


SUNRISE AND SUNSET
DECEMBER 10 2016......SUNRISE   652 AM PST   SUNSET   444 PM PST
DECEMBER 11 2016......SUNRISE   652 AM PST   SUNSET   444 PM PST


-  INDICATES NEGATIVE NUMBERS.
R  INDICATES RECORD WAS SET OR TIED.
MM INDICATES DATA IS MISSING.
T  INDICATES TRACE AMOUNT.




$$
