000
CDUS46 KLOX 220902
CLISDB


CLIMATE REPORT
NATIONAL WEATHER SERVICE LOS ANGELES/OXNARD CA
202 AM PDT SUN OCT 22 2017


...................................

...THE SANDBERG CA CLIMATE SUMMARY FOR OCTOBER 21 2017...

CLIMATE NORMAL PERIOD 1981 TO 2010
CLIMATE RECORD PERIOD 1934 TO 2017


WEATHER ITEM   OBSERVED TIME   RECORD YEAR NORMAL DEPARTURE LAST
                VALUE   (LST)  VALUE       VALUE  FROM      YEAR
                                                  NORMAL
..................................................................
TEMPERATURE (F)
 YESTERDAY
  MAXIMUM         67    247 PM  85    2003  66      1       83
  MINIMUM         40    426 AM  33    1957  50    -10       64
  AVERAGE         54                        58     -4       74

PRECIPITATION (IN)
  YESTERDAY        0.00          0.48 1941   0.02  -0.02     0.00
  MONTH TO DATE    T                         0.35  -0.35     0.01
  SINCE OCT 1      T                         0.35  -0.35     0.01
  SINCE JAN 1     10.05                      9.05   1.00     5.24

DEGREE DAYS
 HEATING
  YESTERDAY       11                         8      3        0
  MONTH TO DATE   66                       127    -61       76
  SINCE SEP 1    117                       188    -71      109
  SINCE JUL 1    118                       205    -87      109

 COOLING
  YESTERDAY        0                         1     -1        9
  MONTH TO DATE   49                        43      6       49
  SINCE SEP 1    252                       232     20      289
  SINCE JAN 1   1724                       989    735     1633
..................................................................


WIND (MPH)
  HIGHEST WIND SPEED    49   HIGHEST WIND DIRECTION     N (340)
  HIGHEST GUST SPEED    56   HIGHEST GUST DIRECTION    NW (330)
  AVERAGE WIND SPEED    15.2


SKY COVER
  POSSIBLE SUNSHINE  MM
  AVERAGE SKY COVER 0.1


WEATHER CONDITIONS
 THE FOLLOWING WEATHER WAS RECORDED YESTERDAY.
  NO SIGNIFICANT WEATHER WAS OBSERVED.


RELATIVE HUMIDITY (PERCENT)
 HIGHEST    82          1200 AM
 LOWEST     20           100 PM
 AVERAGE    51

..........................................................


THE SANDBERG CA CLIMATE NORMALS FOR TODAY
                         NORMAL    RECORD    YEAR
 MAXIMUM TEMPERATURE (F)   65        84      2003
 MINIMUM TEMPERATURE (F)   50        35      1985


SUNRISE AND SUNSET
OCTOBER 22 2017.......SUNRISE   707 AM PDT   SUNSET   611 PM PDT
OCTOBER 23 2017.......SUNRISE   708 AM PDT   SUNSET   610 PM PDT


-  INDICATES NEGATIVE NUMBERS.
R  INDICATES RECORD WAS SET OR TIED.
MM INDICATES DATA IS MISSING.
T  INDICATES TRACE AMOUNT.




$$
