000
CDUS46 KLOX 030856
CLISDB


CLIMATE REPORT
NATIONAL WEATHER SERVICE LOS ANGELES/OXNARD CA
1256 AM PST TUE MAR 3 2015


...................................

...THE SANDBERG CA CLIMATE SUMMARY FOR MARCH 2 2015...

CLIMATE NORMAL PERIOD 1981 TO 2010
CLIMATE RECORD PERIOD 1934 TO 2015


WEATHER ITEM   OBSERVED TIME   RECORD YEAR NORMAL DEPARTURE LAST
                VALUE   (LST)  VALUE       VALUE  FROM      YEAR
                                                  NORMAL
..................................................................
TEMPERATURE (F)
 YESTERDAY
  MAXIMUM         48   1246 PM  73    2013  52     -4       45
  MINIMUM         35    708 AM  15    1971  39     -4       40
  AVERAGE         42                        45     -3       43

PRECIPITATION (IN)
  YESTERDAY        0.06          2.97 1938   0.08  -0.02     0.01
  MONTH TO DATE    0.27                      0.16   0.11     0.24
  SINCE OCT 1      6.81                      9.44  -2.63     3.85
  SINCE JAN 1      1.91                      5.81  -3.90     3.15

DEGREE DAYS
 HEATING
  YESTERDAY       23                        20      3       22
  MONTH TO DATE   46                        40      6       46
  SINCE MAR 1     46                        40      6       46
  SINCE JUL 1   1677                      2799  -1122     1831

 COOLING
  YESTERDAY        0                         0      0        0
  MONTH TO DATE    0                         0      0        0
  SINCE MAR 1      0                         0      0        0
  SINCE JAN 1      3                         0      3        7
..................................................................


WIND (MPH)
  HIGHEST WIND SPEED    20   HIGHEST WIND DIRECTION     S (180)
  HIGHEST GUST SPEED    26   HIGHEST GUST DIRECTION     S (180)
  AVERAGE WIND SPEED    10.4


SKY COVER
  POSSIBLE SUNSHINE  MM
  AVERAGE SKY COVER 0.9


WEATHER CONDITIONS
 THE FOLLOWING WEATHER WAS RECORDED YESTERDAY.
  LIGHT RAIN
  LIGHT SNOW
  FOG
  FOG W/VISIBILITY <= 1/4 MILE
  HAZE


RELATIVE HUMIDITY (PERCENT)
 HIGHEST    92          1200 AM
 LOWEST     70          1200 PM
 AVERAGE    81

..........................................................


THE SANDBERG CA CLIMATE NORMALS FOR TODAY
                         NORMAL    RECORD    YEAR
 MAXIMUM TEMPERATURE (F)   52        71      1994
 MINIMUM TEMPERATURE (F)   39        14      1987


SUNRISE AND SUNSET
MARCH  3 2015.........SUNRISE   622 AM PST   SUNSET   552 PM PST
MARCH  4 2015.........SUNRISE   621 AM PST   SUNSET   553 PM PST


-  INDICATES NEGATIVE NUMBERS.
R  INDICATES RECORD WAS SET OR TIED.
MM INDICATES DATA IS MISSING.
T  INDICATES TRACE AMOUNT.




$$
