000
CDUS46 KLOX 200910
CLISDB


CLIMATE REPORT
NATIONAL WEATHER SERVICE LOS ANGELES/OXNARD CA
110 AM PST SAT JAN 20 2018


...................................

...THE SANDBERG CA CLIMATE SUMMARY FOR JANUARY 19 2018...

CLIMATE NORMAL PERIOD 1981 TO 2010
CLIMATE RECORD PERIOD 1934 TO 2018


WEATHER ITEM   OBSERVED TIME   RECORD YEAR NORMAL DEPARTURE LAST
                VALUE   (LST)  VALUE       VALUE  FROM      YEAR
                                                  NORMAL
..................................................................
TEMPERATURE (F)
 YESTERDAY
  MAXIMUM         52   1235 AM  68    2014  49      3       48
                                      1971
  MINIMUM         34   1159 PM  13    1935  37     -3       38
  AVERAGE         43                        43      0       43

PRECIPITATION (IN)
  YESTERDAY        T             1.69 1954   0.08  -0.08     0.24
  MONTH TO DATE    3.05                      1.74   1.31     1.52
  SINCE OCT 1      3.10                      5.37  -2.27     5.36
  SINCE JAN 1      3.05                      1.74   1.31     1.52

DEGREE DAYS
 HEATING
  YESTERDAY       22                        22      0       22
  MONTH TO DATE  184                       421   -237      410
  SINCE DEC 1    529                      1123   -594     1025
  SINCE JUL 1    887                      1902  -1015     1474

 COOLING
  YESTERDAY        0                         0      0        0
  MONTH TO DATE    0                         0      0        0
  SINCE DEC 1      0                         0      0        0
  SINCE JAN 1      0                         0      0        0
..................................................................


WIND (MPH)
  HIGHEST WIND SPEED    31   HIGHEST WIND DIRECTION    NW (330)
  HIGHEST GUST SPEED    43   HIGHEST GUST DIRECTION    NW (320)
  AVERAGE WIND SPEED    16.0


SKY COVER
  POSSIBLE SUNSHINE  MM
  AVERAGE SKY COVER 0.6


WEATHER CONDITIONS
 THE FOLLOWING WEATHER WAS RECORDED YESTERDAY.
  LIGHT SNOW
  FOG
  FOG W/VISIBILITY <= 1/4 MILE


RELATIVE HUMIDITY (PERCENT)
 HIGHEST   100           800 AM
 LOWEST     59          1200 AM
 AVERAGE    80

..........................................................


THE SANDBERG CA CLIMATE NORMALS FOR TODAY
                         NORMAL    RECORD    YEAR
 MAXIMUM TEMPERATURE (F)   49        65      2014
                                             1994
 MINIMUM TEMPERATURE (F)   37        10      1937


SUNRISE AND SUNSET
JANUARY 20 2018.......SUNRISE   700 AM PST   SUNSET   512 PM PST
JANUARY 21 2018.......SUNRISE   700 AM PST   SUNSET   513 PM PST


-  INDICATES NEGATIVE NUMBERS.
R  INDICATES RECORD WAS SET OR TIED.
MM INDICATES DATA IS MISSING.
T  INDICATES TRACE AMOUNT.




$$
