894
CDUS46 KLOX 070911
CLISDB


CLIMATE REPORT
NATIONAL WEATHER SERVICE LOS ANGELES/OXNARD CA
110 AM PST SUN FEB 7 2016


...................................

...THE SANDBERG CA CLIMATE SUMMARY FOR FEBRUARY 6 2016...

CLIMATE NORMAL PERIOD 1981 TO 2010
CLIMATE RECORD PERIOD 1934 TO 2016


WEATHER ITEM   OBSERVED TIME   RECORD YEAR NORMAL DEPARTURE LAST
                VALUE   (LST)  VALUE       VALUE  FROM      YEAR
                                                  NORMAL
..................................................................
TEMPERATURE (F)
 YESTERDAY
  MAXIMUM         56    325 PM  70    1963  49      7       65
  MINIMUM         40    443 AM  13    1989  38      2       50
  AVERAGE         48                        43      5       58

PRECIPITATION (IN)
  YESTERDAY        0.00          3.06 1973   0.09  -0.09     0.00
  MONTH TO DATE    0.01                      0.44  -0.43     0.00
  SINCE OCT 1      4.72                      6.48  -1.76     6.40
  SINCE JAN 1      3.02                      2.85   0.17     1.50

DEGREE DAYS
 HEATING
  YESTERDAY       17                        22     -5        7
  MONTH TO DATE  154                       132     22       21
  SINCE DEC 1   1470                      1518    -48     1011
  SINCE JUL 1   2086                      2297   -211     1401

 COOLING
  YESTERDAY        0                         0      0        0
  MONTH TO DATE    0                         0      0        1
  SINCE DEC 1      0                         0      0        1
  SINCE JAN 1      0                         0      0        1
..................................................................


WIND (MPH)
  HIGHEST WIND SPEED    29   HIGHEST WIND DIRECTION     E (70)
  HIGHEST GUST SPEED    35   HIGHEST GUST DIRECTION     E (70)
  AVERAGE WIND SPEED    17.6


SKY COVER
  POSSIBLE SUNSHINE  MM
  AVERAGE SKY COVER 0.0


WEATHER CONDITIONS
 THE FOLLOWING WEATHER WAS RECORDED YESTERDAY.
  NO SIGNIFICANT WEATHER WAS OBSERVED.


RELATIVE HUMIDITY (PERCENT)
 HIGHEST    41           300 AM
 LOWEST     26           200 PM
 AVERAGE    34

..........................................................


THE SANDBERG CA CLIMATE NORMALS FOR TODAY
                         NORMAL    RECORD    YEAR
 MAXIMUM TEMPERATURE (F)   49        73      1996
 MINIMUM TEMPERATURE (F)   38        17      1989


SUNRISE AND SUNSET
FEBRUARY  7 2016......SUNRISE   649 AM PST   SUNSET   530 PM PST
FEBRUARY  8 2016......SUNRISE   648 AM PST   SUNSET   531 PM PST


-  INDICATES NEGATIVE NUMBERS.
R  INDICATES RECORD WAS SET OR TIED.
MM INDICATES DATA IS MISSING.
T  INDICATES TRACE AMOUNT.




$$
