000
CDUS43 KLMK 200630
CLISDF


CLIMATE REPORT
NATIONAL WEATHER SERVICE LOUISVILLE KY
230 AM EDT SUN APR 20 2014


...................................

...THE LOUISVILLE KY CLIMATE SUMMARY FOR APRIL 19 2014...

CLIMATE NORMAL PERIOD 1981 TO 2010
CLIMATE RECORD PERIOD 1871 TO 2014


WEATHER ITEM   OBSERVED TIME   RECORD YEAR NORMAL DEPARTURE LAST
                VALUE   (LST)  VALUE       VALUE  FROM      YEAR
                                                  NORMAL
..................................................................
TEMPERATURE (F)
 YESTERDAY
  MAXIMUM         75    411 PM  86    2002  70      5       75
                                      1958
  MINIMUM         49    621 AM  27    1983  48      1       41
  AVERAGE         62                        59      3       58

PRECIPITATION (IN)
  YESTERDAY        0.00          1.47 1903   0.13  -0.13     1.02
  MONTH TO DATE    4.62                      2.40   2.22     2.84
  SINCE MAR 1      6.92                      6.57   0.35     7.09
  SINCE JAN 1     13.08                     12.99   0.09    14.11

SNOWFALL (IN)
  YESTERDAY        0.0           T    2006   0.0    0.0      0.0
                                      1953
  MONTH TO DATE    0.1                       0.1    0.0      0.0
  SINCE MAR 1      4.2                       1.5    2.7      1.7
  SINCE JUL 1     26.0                      12.5   13.5      9.8
  SNOW DEPTH       0

DEGREE DAYS
 HEATING
  YESTERDAY        3                         7     -4        7
  MONTH TO DATE  159                       183    -24      146
  SINCE MAR 1    807                       721     86      881
  SINCE JUL 1   4461                      3962    499     3963

 COOLING
  YESTERDAY        0                         1     -1        0
  MONTH TO DATE   21                        19      2       47
  SINCE MAR 1     21                        25     -4       47
  SINCE JAN 1     21                        25     -4       47
..................................................................


WIND (MPH)
  HIGHEST WIND SPEED    18   HIGHEST WIND DIRECTION     E (80)
  HIGHEST GUST SPEED    24   HIGHEST GUST DIRECTION    NE (50)
  AVERAGE WIND SPEED     8.0


SKY COVER
  POSSIBLE SUNSHINE  MM
  AVERAGE SKY COVER 0.4


WEATHER CONDITIONS
 THE FOLLOWING WEATHER WAS RECORDED YESTERDAY.
  NO SIGNIFICANT WEATHER WAS OBSERVED.


RELATIVE HUMIDITY (PERCENT)
 HIGHEST    68           700 AM
 LOWEST     22           100 PM
 AVERAGE    45

..........................................................


THE LOUISVILLE KY CLIMATE NORMALS FOR TODAY
                         NORMAL    RECORD    YEAR
 MAXIMUM TEMPERATURE (F)   70        87      1976
                                             1896
 MINIMUM TEMPERATURE (F)   49        28      1897


SUNRISE AND SUNSET
APRIL 20 2014.........SUNRISE   700 AM EDT   SUNSET   824 PM EDT
APRIL 21 2014.........SUNRISE   659 AM EDT   SUNSET   825 PM EDT


-  INDICATES NEGATIVE NUMBERS.
R  INDICATES RECORD WAS SET OR TIED.
MM INDICATES DATA IS MISSING.
T  INDICATES TRACE AMOUNT.




$$
