000
CDUS43 KLMK 200630
CLISDF


CLIMATE REPORT
NATIONAL WEATHER SERVICE LOUISVILLE KY
230 AM EDT SAT SEP 20 2014


...................................

...THE LOUISVILLE KY CLIMATE SUMMARY FOR SEPTEMBER 19 2014...

CLIMATE NORMAL PERIOD 1981 TO 2010
CLIMATE RECORD PERIOD 1871 TO 2014


WEATHER ITEM   OBSERVED TIME   RECORD YEAR NORMAL DEPARTURE LAST
                VALUE   (LST)  VALUE       VALUE  FROM      YEAR
                                                  NORMAL
..................................................................
TEMPERATURE (F)
 YESTERDAY
  MAXIMUM         80    325 PM  96    1954  80      0       85
                                      1925
                                      1895
  MINIMUM         54    639 AM  42    1901  59     -5       67
  AVERAGE         67                        70     -3       76

PRECIPITATION (IN)
  YESTERDAY        0.00          1.80 1954   0.10  -0.10     0.01
  MONTH TO DATE    3.31                      1.88   1.43     0.81
  SINCE SEP 1      3.31                      1.88   1.43     0.81
  SINCE JAN 1     34.48                     33.10   1.38    32.62

SNOWFALL (IN)
  YESTERDAY        0.0          MM      MM   0.0    0.0      0.0
  MONTH TO DATE    0.0                       0.0    0.0      0.0
  SINCE SEP 1      0.0                       0.0    0.0      0.0
  SINCE JUL 1      0.0                       0.0    0.0      0.0
  SNOW DEPTH       0

DEGREE DAYS
 HEATING
  YESTERDAY        0                         1     -1        0
  MONTH TO DATE    8                         5      3        2
  SINCE SEP 1      8                         5      3        2
  SINCE JUL 1      8                         5      3        2

 COOLING
  YESTERDAY        2                         6     -4       11
  MONTH TO DATE  141                       163    -22      189
  SINCE SEP 1    141                       163    -22      189
  SINCE JAN 1   1533                      1520     13     1529
..................................................................


WIND (MPH)
  HIGHEST WIND SPEED    14   HIGHEST WIND DIRECTION    SE (120)
  HIGHEST GUST SPEED    26   HIGHEST GUST DIRECTION     E (100)
  AVERAGE WIND SPEED     6.5


SKY COVER
  POSSIBLE SUNSHINE  MM
  AVERAGE SKY COVER 0.2


WEATHER CONDITIONS
 THE FOLLOWING WEATHER WAS RECORDED YESTERDAY.
  NO SIGNIFICANT WEATHER WAS OBSERVED.


RELATIVE HUMIDITY (PERCENT)
 HIGHEST    77           700 AM
 LOWEST     39           400 PM
 AVERAGE    58

..........................................................


THE LOUISVILLE KY CLIMATE NORMALS FOR TODAY
                         NORMAL    RECORD    YEAR
 MAXIMUM TEMPERATURE (F)   80        96      1895
 MINIMUM TEMPERATURE (F)   59        43      1956
                                             1896


SUNRISE AND SUNSET
SEPTEMBER 20 2014.....SUNRISE   729 AM EDT   SUNSET   743 PM EDT
SEPTEMBER 21 2014.....SUNRISE   730 AM EDT   SUNSET   741 PM EDT


-  INDICATES NEGATIVE NUMBERS.
R  INDICATES RECORD WAS SET OR TIED.
MM INDICATES DATA IS MISSING.
T  INDICATES TRACE AMOUNT.




$$
