000
CDUS43 KLMK 210641
CLISDF


CLIMATE REPORT
NATIONAL WEATHER SERVICE LOUISVILLE KY
141 AM EST SAT JAN 21 2017


...................................

...THE LOUISVILLE KY CLIMATE SUMMARY FOR JANUARY 20 2017...

CLIMATE NORMAL PERIOD 1981 TO 2010
CLIMATE RECORD PERIOD 1871 TO 2017


WEATHER ITEM   OBSERVED TIME   RECORD YEAR NORMAL DEPARTURE LAST
                VALUE   (LST)  VALUE       VALUE  FROM      YEAR
                                                  NORMAL
..................................................................
TEMPERATURE (F)
 YESTERDAY
  MAXIMUM         63    508 PM  73    1906  43     20       28
  MINIMUM         51    232 AM -16    1985  27     24       19
  AVERAGE         57                        35     22       24

PRECIPITATION (IN)
  YESTERDAY        0.28          1.75 1923   0.10   0.18     0.30
  MONTH TO DATE    4.20                      2.09   2.11     0.85
  SINCE DEC 1      9.50                      5.92   3.58     7.43
  SINCE JAN 1      4.20                      2.09   2.11     0.85

SNOWFALL (IN)
  YESTERDAY        0.0           3.7  2016   0.1   -0.1      3.7
  MONTH TO DATE    2.3                       2.2    0.1      6.3
  SINCE DEC 1      2.4                       4.8   -2.4      6.3
  SINCE JUL 1      2.4                       5.0   -2.6      6.3
  SNOW DEPTH       0

DEGREE DAYS
 HEATING
  YESTERDAY        8                        30    -22       41
  MONTH TO DATE  494                       600   -106      633
  SINCE DEC 1   1325                      1441   -116     1091
  SINCE JUL 1   1792                      2176   -384     1615

 COOLING
  YESTERDAY        0                         0      0        0
  MONTH TO DATE    0                         0      0        0
  SINCE DEC 1      1                         1      0        3
  SINCE JAN 1      0                         0      0        0
..................................................................


WIND (MPH)
  HIGHEST WIND SPEED    20   HIGHEST WIND DIRECTION    SW (230)
  HIGHEST GUST SPEED    26   HIGHEST GUST DIRECTION    SW (240)
  AVERAGE WIND SPEED     9.1


SKY COVER
  POSSIBLE SUNSHINE  MM
  AVERAGE SKY COVER 1.0


WEATHER CONDITIONS
 THE FOLLOWING WEATHER WAS RECORDED YESTERDAY.
  RAIN
  LIGHT RAIN
  FOG


RELATIVE HUMIDITY (PERCENT)
 HIGHEST    93          1200 AM
 LOWEST     60           300 PM
 AVERAGE    77

..........................................................


THE LOUISVILLE KY CLIMATE NORMALS FOR TODAY
                         NORMAL    RECORD    YEAR
 MAXIMUM TEMPERATURE (F)   43        72      1906
 MINIMUM TEMPERATURE (F)   27       -11      1985


SUNRISE AND SUNSET
JANUARY 21 2017.......SUNRISE   755 AM EST   SUNSET   554 PM EST
JANUARY 22 2017.......SUNRISE   755 AM EST   SUNSET   555 PM EST


-  INDICATES NEGATIVE NUMBERS.
R  INDICATES RECORD WAS SET OR TIED.
MM INDICATES DATA IS MISSING.
T  INDICATES TRACE AMOUNT.




$$
