000
CDUS46 KSEW 060123
CLISEA


CLIMATE REPORT
NATIONAL WEATHER SERVICE SEATTLE WA
623 PM PDT THU MAY 5 2016


...................................

...THE SEATTLE-TACOMA WA AIRPORT CLIMATE SUMMARY FOR MAY 5 2016...
VALID TODAY AS OF 0600 PM LOCAL TIME.

CLIMATE NORMAL PERIOD 1981 TO 2010
CLIMATE RECORD PERIOD 1945 TO 2016


WEATHER ITEM   OBSERVED TIME   RECORD YEAR NORMAL DEPARTURE LAST
                VALUE   (LST)  VALUE       VALUE  FROM      YEAR
                                                  NORMAL
..................................................................
TEMPERATURE (F)
 TODAY
  MAXIMUM         68    452 PM  86    1953  63      5       58
  MINIMUM         48    452 AM  33    1947  45      3       45
  AVERAGE         58                        54      4       52

PRECIPITATION (IN)
  TODAY            0.00          0.59 2009   0.07  -0.07     0.24
  MONTH TO DATE    T                         0.33  -0.33     0.24
  SINCE OCT 1     44.52                     31.23  13.29    32.05
  SINCE JAN 1     20.13                     15.83   4.30    15.67

DEGREE DAYS
 HEATING
  TODAY            7                        11     -4       13
  MONTH TO DATE   17                        58    -41       48
  SINCE MAR 1    749                      1072   -323      890
  SINCE JUL 1   3593                      4326   -733     3393

 COOLING
  TODAY            0                         0      0        0
  MONTH TO DATE    6                         0      6        0
  SINCE MAR 1     20                         0     20        0
  SINCE JAN 1     20                         0     20        0
..................................................................


WIND (MPH)
  RESULTANT WIND SPEED   8   RESULTANT WIND DIRECTION   N (10)
  HIGHEST WIND SPEED    16   HIGHEST WIND DIRECTION    NW (330)
  HIGHEST GUST SPEED    26   HIGHEST GUST DIRECTION     N (10)
  AVERAGE WIND SPEED     8.1


SKY COVER
  AVERAGE SKY COVER 0.7


WEATHER CONDITIONS
 THE FOLLOWING WEATHER WAS RECORDED TODAY.
  NO SIGNIFICANT WEATHER WAS OBSERVED.


RELATIVE HUMIDITY (PERCENT)
 HIGHEST    80           500 AM
 LOWEST     48          1200 PM
 AVERAGE    64

..........................................................


THE SEATTLE-TACOMA WA AIRPORT CLIMATE NORMALS FOR TOMORROW
                         NORMAL    RECORD    YEAR
 MAXIMUM TEMPERATURE (F)   63        87      2013
 MINIMUM TEMPERATURE (F)   45        36      2002
                                             1965


SUNRISE AND SUNSET
MAY  5 2016...........SUNRISE   545 AM PDT   SUNSET   827 PM PDT
MAY  6 2016...........SUNRISE   544 AM PDT   SUNSET   829 PM PDT


-  INDICATES NEGATIVE NUMBERS.
R  INDICATES RECORD WAS SET OR TIED.
MM INDICATES DATA IS MISSING.
T  INDICATES TRACE AMOUNT.




$$
