000
CDUS46 KSEW 030832
CLISEW


CLIMATE REPORT
NATIONAL WEATHER SERVICE SEATTLE WA
1231 AM PST SAT DEC 3 2016


...................................

...THE SEATTLE WA WFO CLIMATE SUMMARY FOR DECEMBER 2 2016...

CLIMATE NORMAL PERIOD 1981 TO 2010
CLIMATE RECORD PERIOD 1986 TO 2016


WEATHER ITEM   OBSERVED TIME   RECORD YEAR     LAST
                VALUE   (LST)  VALUE           YEAR
....................................................
TEMPERATURE (F)
 YESTERDAY
  MAXIMUM         50        MM  58    1997    52
  MINIMUM         45        MM  28    2014    41
  AVERAGE         48                          47

PRECIPITATION (IN)
  YESTERDAY        0.19          1.48 2007     0.05
  MONTH TO DATE    0.20                        0.42
  SINCE OCT 1     18.21                       11.41
  SINCE JAN 1     41.52                       30.36

SNOWFALL (IN)
  YESTERDAY        0.0                         0.0
  MONTH TO DATE    0.0                         0.0
  SINCE OCT 1      0.0                         0.0
  SINCE JUL 1      0.0                         0.0
  SNOW DEPTH      MM

DEGREE DAYS
 HEATING
  YESTERDAY       17                          18
  MONTH TO DATE   38                          38
  SINCE DEC 1     38                          38
  SINCE JUL 1    849                        1022

 COOLING
  YESTERDAY        0                           0
  MONTH TO DATE    0                           0
  SINCE DEC 1      0                           0
  SINCE JAN 1    260                         430
....................................................


WIND (MPH)
  HIGHEST WIND SPEED    MM   HIGHEST WIND DIRECTION    MM
  HIGHEST GUST SPEED    MM   HIGHEST GUST DIRECTION    MM
  AVERAGE WIND SPEED    MM



WEATHER CONDITIONS
 THE FOLLOWING WEATHER WAS RECORDED YESTERDAY.
  LIGHT RAIN






-  INDICATES NEGATIVE NUMBERS.
R  INDICATES RECORD WAS SET OR TIED.
MM INDICATES DATA IS MISSING.
T  INDICATES TRACE AMOUNT.




$$
