000
CDUS46 KMTR 300035
CLISFD


CLIMATE REPORT
NATIONAL WEATHER SERVICE SAN FRANCISCO BAY AREA
534 PM PDT MON JUN 29 2015


...................................

...THE SAN FRANCISCO DWTN CA CLIMATE SUMMARY FOR JUNE 29 2015...
VALID TODAY AS OF 0500 PM LOCAL TIME.

CLIMATE NORMAL PERIOD 1981 TO 2010
CLIMATE RECORD PERIOD 1850 TO 2015


WEATHER ITEM   OBSERVED TIME   RECORD YEAR NORMAL DEPARTURE LAST
                VALUE   (LST)  VALUE       VALUE  FROM      YEAR
                                                  NORMAL
..................................................................
TEMPERATURE (F)
 TODAY
  MAXIMUM         68    243 PM  95    1934  67      1       73
  MINIMUM         56    643 AM  48    1894  53      3       55
  AVERAGE         62                        60      2       64

PRECIPITATION (IN)
  TODAY            0.00          0.38 1992   0.00   0.00     0.00
  MONTH TO DATE    0.12                      0.16  -0.04     0.01
  SINCE OCT 1     17.55                     23.38  -5.83    12.11
  SINCE JAN 1      3.10                     14.54 -11.44    10.46

DEGREE DAYS
 HEATING
  TODAY            3                        MM     MM        1
  MONTH TO DATE  112                        MM     MM      151
  SINCE JUN 1    112                        MM     MM      151
  SINCE JUL 1   1861                        MM     MM     2404

 COOLING
  TODAY            0                        MM     MM        0
  MONTH TO DATE    1                         0      1        1
  SINCE JUN 1      1                         0      1        1
  SINCE JAN 1     15                         0     15       50
..................................................................







THE SAN FRANCISCO DWTN CA CLIMATE NORMALS FOR TOMORROW
                         NORMAL    RECORD    YEAR
 MAXIMUM TEMPERATURE (F)   67        93      1927
 MINIMUM TEMPERATURE (F)   54        47      1908


SUNRISE AND SUNSET
JUNE 29 2015..........SUNRISE   551 AM PDT   SUNSET   836 PM PDT
JUNE 30 2015..........SUNRISE   551 AM PDT   SUNSET   836 PM PDT


-  INDICATES NEGATIVE NUMBERS.
R  INDICATES RECORD WAS SET OR TIED.
MM INDICATES DATA IS MISSING.
T  INDICATES TRACE AMOUNT.




$$
