000
CDUS46 KMTR 290826
CLISFD


CLIMATE REPORT
NATIONAL WEATHER SERVICE SAN FRANCISCO BAY AREA
126 AM PDT THU JUN 29 2017


...................................

...THE SAN FRANCISCO DWTN CA CLIMATE SUMMARY FOR JUNE 28 2017...

CLIMATE NORMAL PERIOD 1981 TO 2010
CLIMATE RECORD PERIOD 1850 TO 2017


WEATHER ITEM   OBSERVED TIME   RECORD YEAR NORMAL DEPARTURE LAST
                VALUE   (LST)  VALUE       VALUE  FROM      YEAR
                                                  NORMAL
..................................................................
TEMPERATURE (F)
 YESTERDAY
  MAXIMUM         61    243 PM  88    1942  67     -6       64
  MINIMUM         55    543 AM  48    1917  53      2       52
  AVERAGE         58                        60     -2       58

PRECIPITATION (IN)
  YESTERDAY        0.00          0.81 2011   0.00   0.00     0.00
  MONTH TO DATE    0.10                      0.16  -0.06     0.00
  SINCE OCT 1     32.33                     23.38   8.95    23.06
  SINCE JAN 1     23.30                     14.54   8.76    16.45

DEGREE DAYS
 HEATING
  YESTERDAY        7                        MM     MM        7
  MONTH TO DATE  125                        MM     MM      123
  SINCE JUN 1    125                        MM     MM      123
  SINCE JUL 1   2638                        MM     MM     2058

 COOLING
  YESTERDAY        0                        MM     MM        0
  MONTH TO DATE   15                         0     15        5
  SINCE JUN 1     15                         0     15        5
  SINCE JAN 1     23                         0     23       31
..................................................................







THE SAN FRANCISCO DWTN CA CLIMATE NORMALS FOR TODAY
                         NORMAL    RECORD    YEAR
 MAXIMUM TEMPERATURE (F)   67        95      1934
 MINIMUM TEMPERATURE (F)   53        48      1894


SUNRISE AND SUNSET
JUNE 29 2017..........SUNRISE   551 AM PDT   SUNSET   836 PM PDT
JUNE 30 2017..........SUNRISE   551 AM PDT   SUNSET   836 PM PDT


-  INDICATES NEGATIVE NUMBERS.
R  INDICATES RECORD WAS SET OR TIED.
MM INDICATES DATA IS MISSING.
T  INDICATES TRACE AMOUNT.




$$
