000
CDUS46 KMTR 030025
CLISFD


CLIMATE REPORT
NATIONAL WEATHER SERVICE SAN FRANCISCO BAY AREA
525 PM PDT TUE JUN 2 2015


...................................

...THE SAN FRANCISCO DWTN CA CLIMATE SUMMARY FOR JUNE 2 2015...
VALID TODAY AS OF 0500 PM LOCAL TIME.

CLIMATE NORMAL PERIOD 1981 TO 2010
CLIMATE RECORD PERIOD 1850 TO 2015


WEATHER ITEM   OBSERVED TIME   RECORD YEAR NORMAL DEPARTURE LAST
                VALUE   (LST)  VALUE       VALUE  FROM      YEAR
                                                  NORMAL
..................................................................
TEMPERATURE (F)
 TODAY
  MAXIMUM         62    343 PM  96    1996  65     -3       60
  MINIMUM         55    643 AM  47    1899  52      3       51
  AVERAGE         59                        59      0       56

PRECIPITATION (IN)
  TODAY            0.00          1.34 1967   0.01  -0.01     0.00
  MONTH TO DATE    0.01                      0.02  -0.01     0.00
  SINCE OCT 1     17.44                     23.24  -5.80    12.10
  SINCE JAN 1      2.99                     14.40 -11.41    10.45

DEGREE DAYS
 HEATING
  TODAY            6                        MM     MM        9
  MONTH TO DATE    8                        MM     MM       16
  SINCE JUN 1      8                        MM     MM       16
  SINCE JUL 1   1757                        MM     MM     2269

 COOLING
  TODAY            0                        MM     MM        0
  MONTH TO DATE    0                         0      0        0
  SINCE JUN 1      0                         0      0        0
  SINCE JAN 1     14                         0     14       49
..................................................................







THE SAN FRANCISCO DWTN CA CLIMATE NORMALS FOR TOMORROW
                         NORMAL    RECORD    YEAR
 MAXIMUM TEMPERATURE (F)   66        89      1935
 MINIMUM TEMPERATURE (F)   52        47      1908


SUNRISE AND SUNSET
JUNE  2 2015..........SUNRISE   549 AM PDT   SUNSET   827 PM PDT
JUNE  3 2015..........SUNRISE   549 AM PDT   SUNSET   827 PM PDT


-  INDICATES NEGATIVE NUMBERS.
R  INDICATES RECORD WAS SET OR TIED.
MM INDICATES DATA IS MISSING.
T  INDICATES TRACE AMOUNT.




$$
