000
CDUS46 KMTR 100826
CLISFD


CLIMATE REPORT
NATIONAL WEATHER SERVICE SAN FRANCISCO BAY AREA
125 AM PDT THU JUL 10 2014


...................................

...THE SAN FRANCISCO DWTN CA CLIMATE SUMMARY FOR JULY 9 2014...

CLIMATE NORMAL PERIOD 1981 TO 2010
CLIMATE RECORD PERIOD 1850 TO 2014


WEATHER ITEM   OBSERVED TIME   RECORD YEAR NORMAL DEPARTURE LAST
                VALUE   (LST)  VALUE       VALUE  FROM      YEAR
                                                  NORMAL
..................................................................
TEMPERATURE (F)
 YESTERDAY
  MAXIMUM         68    143 PM  90    1985  67      1       66
  MINIMUM         57    343 AM  47    1953  54      3       53
  AVERAGE         63                        60      3       60

PRECIPITATION (IN)
  YESTERDAY        0.00          0.09 1891   0.00   0.00     0.00
  MONTH TO DATE    0.00                      0.00   0.00     0.00
  SINCE JUL 1      0.00                      0.00   0.00     0.00
  SINCE JAN 1     10.46                     14.54  -4.08     3.51

DEGREE DAYS
 HEATING
  YESTERDAY        2                        MM     MM        5
  MONTH TO DATE   43                        MM     MM       26
  SINCE JUN 1    194                        MM     MM      165
  SINCE JUL 1     43                        MM     MM       26

 COOLING
  YESTERDAY        0                        MM     MM        0
  MONTH TO DATE    0                         0      0        5
  SINCE JUN 1      1                         0      1       12
  SINCE JAN 1     50                         0     50       25
..................................................................







THE SAN FRANCISCO DWTN CA CLIMATE NORMALS FOR TODAY
                         NORMAL    RECORD    YEAR
 MAXIMUM TEMPERATURE (F)   67        92      1959
 MINIMUM TEMPERATURE (F)   54        47      1897


SUNRISE AND SUNSET
JULY 10 2014..........SUNRISE   557 AM PDT   SUNSET   833 PM PDT
JULY 11 2014..........SUNRISE   557 AM PDT   SUNSET   833 PM PDT


-  INDICATES NEGATIVE NUMBERS.
R  INDICATES RECORD WAS SET OR TIED.
MM INDICATES DATA IS MISSING.
T  INDICATES TRACE AMOUNT.




$$
