000
CDUS46 KMTR 300836
CLISFD


CLIMATE REPORT
NATIONAL WEATHER SERVICE SAN FRANCISCO BAY AREA
135 AM PDT MON MAR 30 2015


...................................

...THE SAN FRANCISCO DWTN CA CLIMATE SUMMARY FOR MARCH 29 2015...

CLIMATE NORMAL PERIOD 1981 TO 2010
CLIMATE RECORD PERIOD 1850 TO 2015


WEATHER ITEM   OBSERVED TIME   RECORD YEAR NORMAL DEPARTURE LAST
                VALUE   (LST)  VALUE       VALUE  FROM      YEAR
                                                  NORMAL
..................................................................
TEMPERATURE (F)
 YESTERDAY
  MAXIMUM         71   1243 PM  79    1987  62      9       59
  MINIMUM         51    643 AM  39    1897  49      2       51
  AVERAGE         61                        55      6       55

PRECIPITATION (IN)
  YESTERDAY        0.00          1.79 1940   0.08  -0.08     0.74
  MONTH TO DATE    0.12                      3.11  -2.99     2.19
  SINCE OCT 1     16.04                     20.91  -4.87     9.72
  SINCE JAN 1      1.59                     12.07 -10.48     8.07

DEGREE DAYS
 HEATING
  YESTERDAY        4                        MM     MM       10
  MONTH TO DATE  143                        MM     MM      176
  SINCE MAR 1    143                        MM     MM      176
  SINCE JUL 1   1217                        MM     MM     1839

 COOLING
  YESTERDAY        0                        MM     MM        0
  MONTH TO DATE    8                         0      8        1
  SINCE MAR 1      8                         0      8        1
  SINCE JAN 1      8                         0      8        1
..................................................................







THE SAN FRANCISCO DWTN CA CLIMATE NORMALS FOR TODAY
                         NORMAL    RECORD    YEAR
 MAXIMUM TEMPERATURE (F)   62        82      2011
 MINIMUM TEMPERATURE (F)   49        42      1880


SUNRISE AND SUNSET
MARCH 30 2015.........SUNRISE   658 AM PDT   SUNSET   731 PM PDT
MARCH 31 2015.........SUNRISE   657 AM PDT   SUNSET   732 PM PDT


-  INDICATES NEGATIVE NUMBERS.
R  INDICATES RECORD WAS SET OR TIED.
MM INDICATES DATA IS MISSING.
T  INDICATES TRACE AMOUNT.




$$
