000
CDUS46 KOTX 250847
CLISFF


CLIMATE REPORT
NATIONAL WEATHER SERVICE SPOKANE, WA
146 AM PDT MON MAY 25 2015


...................................

...THE SPOKANE WA FELTS AIRPORT CLIMATE SUMMARY FOR MAY 24 2015...

CLIMATE NORMAL PERIOD 1981 TO 2010
CLIMATE RECORD PERIOD 9999 TO 9999


WEATHER ITEM   OBSERVED TIME   RECORD YEAR NORMAL DEPARTURE LAST
                VALUE   (LST)  VALUE       VALUE  FROM      YEAR
                                                  NORMAL
..................................................................
TEMPERATURE (F)
 YESTERDAY
  MAXIMUM         81   1236 PM  MM      MM  70     11       75
  MINIMUM         53    427 AM  MM      MM  45      8       52
  AVERAGE         67                        57     10       64

PRECIPITATION (IN)
  YESTERDAY        T            MM      MM   0.06  -0.06     0.00
  MONTH TO DATE    0.60                      1.28  -0.68     0.86
  SINCE OCT 1     11.75                     13.62  -1.87     9.78
  SINCE JAN 1      7.02                      7.42  -0.40     7.50

SNOWFALL (IN)
  YESTERDAY       MM

DEGREE DAYS
 HEATING
  YESTERDAY        0                         8     -8        1
  MONTH TO DATE  132                       268   -136      168
  SINCE MAR 1   1203                      1552   -349     1410
  SINCE JUL 1   5021                      6123  -1102     6089

 COOLING
  YESTERDAY        2                         0      2        0
  MONTH TO DATE   16                         0     16        5
  SINCE MAR 1     16                         0     16        5
  SINCE JAN 1     16                         0     16        5
..................................................................


WIND (MPH)
  HIGHEST WIND SPEED    21   HIGHEST WIND DIRECTION     N (340)
  HIGHEST GUST SPEED    28   HIGHEST GUST DIRECTION     N (350)
  AVERAGE WIND SPEED     4.7


SKY COVER
  POSSIBLE SUNSHINE  MM
  AVERAGE SKY COVER 0.2


WEATHER CONDITIONS
 THE FOLLOWING WEATHER WAS RECORDED YESTERDAY.
  THUNDERSTORM


RELATIVE HUMIDITY (PERCENT)
 HIGHEST    93           500 AM
 LOWEST     26          1200 PM
 AVERAGE    60

..........................................................


THE SPOKANE WA FELTS AIRPORT CLIMATE NORMALS FOR TODAY
                         NORMAL    RECORD    YEAR
 MAXIMUM TEMPERATURE (F)   70        MM        MM
 MINIMUM TEMPERATURE (F)   45        MM        MM


SUNRISE AND SUNSET
MAY 25 2015...........SUNRISE   501 AM PDT   SUNSET   832 PM PDT
MAY 26 2015...........SUNRISE   500 AM PDT   SUNSET   833 PM PDT


-  INDICATES NEGATIVE NUMBERS.
R  INDICATES RECORD WAS SET OR TIED.
MM INDICATES DATA IS MISSING.
T  INDICATES TRACE AMOUNT.




$$
