000
CDUS46 KMTR 140832
CLISFO


CLIMATE REPORT
NATIONAL WEATHER SERVICE SAN FRANCISCO BAY AREA
132 AM PDT MON JUL 14 2014


...................................

...THE SAN FRANCISCO AIRPORT CLIMATE SUMMARY FOR JULY 13 2014...

CLIMATE NORMAL PERIOD 1981 TO 2010
CLIMATE RECORD PERIOD 1927 TO 2014


WEATHER ITEM   OBSERVED TIME   RECORD YEAR NORMAL DEPARTURE LAST
                VALUE   (LST)  VALUE       VALUE  FROM      YEAR
                                                  NORMAL
..................................................................
TEMPERATURE (F)
 YESTERDAY
  MAXIMUM         68    623 PM  97    1972  72     -4       73
  MINIMUM         53    446 AM  49    1981  55     -2       52
  AVERAGE         61                        64     -3       63

PRECIPITATION (IN)
  YESTERDAY        0.00          T    1991   0.00   0.00     0.00
                                      1991
                                      2011
  MONTH TO DATE    0.00                      0.00   0.00      T
  SINCE JUL 1      0.00                      0.00   0.00      T
  SINCE JAN 1      7.32                     13.08  -5.76     1.89

SNOWFALL (IN)
  YESTERDAY        0.0           0.0
  MONTH TO DATE    0.0
  SINCE JUN 1      0.0
  SINCE JUL 1      0.0

DEGREE DAYS
 HEATING
  YESTERDAY        4                         2      2        2
  MONTH TO DATE   19                        26     -7       27
  SINCE JUN 1     68                       131    -63      115
  SINCE JUL 1     19                        26     -7       27

 COOLING
  YESTERDAY        0                         1     -1        0
  MONTH TO DATE   11                        13     -2       15
  SINCE JUN 1     46                        34     12       42
  SINCE JAN 1    109                        53     56       69
..................................................................


WIND (MPH)
  RESULTANT WIND SPEED  15   RESULTANT WIND DIRECTION   W (290)
  HIGHEST WIND SPEED    25   HIGHEST WIND DIRECTION     W (290)
  HIGHEST GUST SPEED    30   HIGHEST GUST DIRECTION     W (290)
  AVERAGE WIND SPEED    15.9


SKY COVER
  POSSIBLE SUNSHINE  MM
  AVERAGE SKY COVER 0.7


WEATHER CONDITIONS
 THE FOLLOWING WEATHER WAS RECORDED YESTERDAY.
  NO SIGNIFICANT WEATHER WAS OBSERVED.


RELATIVE HUMIDITY (PERCENT)
 HIGHEST   100           600 AM
 LOWEST     68          1200 PM
 AVERAGE    84

..........................................................


THE SAN FRANCISCO AIRPORT CLIMATE NORMALS FOR TODAY
                         NORMAL    RECORD    YEAR
 MAXIMUM TEMPERATURE (F)   72        98      1972
 MINIMUM TEMPERATURE (F)   55        48      1950
                                             1902


SUNRISE AND SUNSET
JULY 14 2014..........SUNRISE   559 AM PDT   SUNSET   831 PM PDT
JULY 15 2014..........SUNRISE   600 AM PDT   SUNSET   831 PM PDT


-  INDICATES NEGATIVE NUMBERS.
R  INDICATES RECORD WAS SET OR TIED.
MM INDICATES DATA IS MISSING.
T  INDICATES TRACE AMOUNT.




$$
