000
CDUS43 KSGF 020626
CLISGF


CLIMATE REPORT
NATIONAL WEATHER SERVICE SPRINGFIELD MO
126 AM CDT THU JUL 2 2015


...................................

...THE SPRINGFIELD MO CLIMATE SUMMARY FOR JULY 1 2015...

CLIMATE NORMAL PERIOD 1981 TO 2010
CLIMATE RECORD PERIOD 1888 TO 2015


WEATHER ITEM   OBSERVED TIME   RECORD YEAR NORMAL DEPARTURE LAST
                VALUE   (LST)  VALUE       VALUE  FROM      YEAR
                                                  NORMAL
..................................................................
TEMPERATURE (F)
 YESTERDAY
  MAXIMUM         85    426 PM  99    2012  87     -2       85
  MINIMUM         68    815 AM  52    1976  67      1       70
  AVERAGE         77                        77      0       78

PRECIPITATION (IN)
  YESTERDAY        0.41          4.29 1973   0.14   0.27      T
  MONTH TO DATE    0.41                      0.14   0.27      T
  SINCE JUN 1      5.19                      4.99   0.20     6.23
  SINCE JAN 1     20.59                     23.02  -2.43    17.71

SNOWFALL (IN)
  YESTERDAY        0.0
  MONTH TO DATE    0.0
  SINCE JUN 1      0.0
  SINCE JUL 1      0.0
  SNOW DEPTH       0

DEGREE DAYS
 HEATING
  YESTERDAY        0                         0      0        0
  MONTH TO DATE    0                         0      0        0
  SINCE JUN 1      1                         9     -8        0
  SINCE JUL 1      0                         0      0        0

 COOLING
  YESTERDAY       12                        12      0       13
  MONTH TO DATE   12                        12      0       13
  SINCE JUN 1    362                       275     87      307
  SINCE JAN 1    504                       390    114      500
..................................................................


WIND (MPH)
  HIGHEST WIND SPEED    28   HIGHEST WIND DIRECTION     N (10)
  HIGHEST GUST SPEED    34   HIGHEST GUST DIRECTION    SW (210)
  AVERAGE WIND SPEED    13.8


SKY COVER
  AVERAGE SKY COVER 0.3


WEATHER CONDITIONS
 THE FOLLOWING WEATHER WAS RECORDED YESTERDAY.
  THUNDERSTORM
  HEAVY RAIN
  RAIN
  LIGHT RAIN
  FOG


RELATIVE HUMIDITY (PERCENT)
 HIGHEST    90           900 AM
 LOWEST     69          1100 PM
 AVERAGE    80

..........................................................


THE SPRINGFIELD MO CLIMATE NORMALS FOR TODAY
                         NORMAL    RECORD    YEAR
 MAXIMUM TEMPERATURE (F)   88       100      1933
 MINIMUM TEMPERATURE (F)   67        54      1959


SUNRISE AND SUNSET
JULY  2 2015..........SUNRISE   557 AM CDT   SUNSET   838 PM CDT
JULY  3 2015..........SUNRISE   558 AM CDT   SUNSET   838 PM CDT


-  INDICATES NEGATIVE NUMBERS.
R  INDICATES RECORD WAS SET OR TIED.
MM INDICATES DATA IS MISSING.
T  INDICATES TRACE AMOUNT.




$$
