000
CDUS43 KSGF 240626
CLISGF


CLIMATE REPORT
NATIONAL WEATHER SERVICE SPRINGFIELD MO
1226 AM CST SAT FEB 24 2018


...................................

...THE SPRINGFIELD MO CLIMATE SUMMARY FOR FEBRUARY 23 2018...

CLIMATE NORMAL PERIOD 1981 TO 2010
CLIMATE RECORD PERIOD 1888 TO 2018


WEATHER ITEM   OBSERVED TIME   RECORD YEAR NORMAL DEPARTURE LAST
                VALUE   (LST)  VALUE       VALUE  FROM      YEAR
                                                  NORMAL
..................................................................
TEMPERATURE (F)
 YESTERDAY
  MAXIMUM         51   1159 PM  84    2017  51      0       84
  MINIMUM         40    833 AM   3    1899  29     11       53
                                      1889
  AVERAGE         46                        40      6       69

PRECIPITATION (IN)
  YESTERDAY        1.18          2.17 1985   0.11   1.07     0.00
  MONTH TO DATE    4.64                      2.02   2.62     0.29
  SINCE DEC 1      8.12                      7.53   0.59     4.98
  SINCE JAN 1      6.60                      4.49   2.11     4.36

SNOWFALL (IN)
  YESTERDAY        0.0
  MONTH TO DATE    0.9
  SINCE DEC 1      5.4
  SINCE JUL 1      5.4
  SNOW DEPTH       0

DEGREE DAYS
 HEATING
  YESTERDAY       19                        25     -6        0
  MONTH TO DATE  636                       657    -21      387
  SINCE DEC 1   2528                      2591    -63     2081
  SINCE JUL 1   3212                      3470   -258     2597

 COOLING
  YESTERDAY        0                         0      0        4
  MONTH TO DATE    1                         0      1        7
  SINCE DEC 1      1                         0      1        7
  SINCE JAN 1      1                         0      1        7
..................................................................


WIND (MPH)
  HIGHEST WIND SPEED    20   HIGHEST WIND DIRECTION    SE (130)
  HIGHEST GUST SPEED    23   HIGHEST GUST DIRECTION    SE (120)
  AVERAGE WIND SPEED     5.3


SKY COVER
  AVERAGE SKY COVER 0.9


WEATHER CONDITIONS
 THE FOLLOWING WEATHER WAS RECORDED YESTERDAY.
  HEAVY RAIN
  RAIN
  LIGHT RAIN
  FOG


RELATIVE HUMIDITY (PERCENT)
 HIGHEST   100           200 AM
 LOWEST     86           100 PM
 AVERAGE    93

..........................................................


THE SPRINGFIELD MO CLIMATE NORMALS FOR TODAY
                         NORMAL    RECORD    YEAR
 MAXIMUM TEMPERATURE (F)   51        79      1956
 MINIMUM TEMPERATURE (F)   29         4      1910


SUNRISE AND SUNSET
FEBRUARY 24 2018......SUNRISE   651 AM CST   SUNSET   603 PM CST
FEBRUARY 25 2018......SUNRISE   650 AM CST   SUNSET   604 PM CST


-  INDICATES NEGATIVE NUMBERS.
R  INDICATES RECORD WAS SET OR TIED.
MM INDICATES DATA IS MISSING.
T  INDICATES TRACE AMOUNT.




$$
