000
CDUS43 KSGF 080639
CLISGF


CLIMATE REPORT
NATIONAL WEATHER SERVICE SPRINGFIELD MO
1239 AM CST THU DEC 8 2016


...................................

...THE SPRINGFIELD MO CLIMATE SUMMARY FOR DECEMBER 7 2016...

CLIMATE NORMAL PERIOD 1981 TO 2010
CLIMATE RECORD PERIOD 1888 TO 2016


WEATHER ITEM   OBSERVED TIME   RECORD YEAR NORMAL DEPARTURE LAST
                VALUE   (LST)  VALUE       VALUE  FROM      YEAR
                                                  NORMAL
..................................................................
TEMPERATURE (F)
 YESTERDAY
  MAXIMUM         37    154 PM  74    1966  47    -10       61
  MINIMUM         23   1159 PM  -4    1950  27     -4       26
  AVERAGE         30                        37     -7       44

PRECIPITATION (IN)
  YESTERDAY        T             0.94 1890   0.11  -0.11     0.00
  MONTH TO DATE    0.17                      0.81  -0.64     0.00
  SINCE DEC 1      0.17                      0.81  -0.64     0.00
  SINCE JAN 1     35.80                     43.34  -7.54    48.31

SNOWFALL (IN)
  YESTERDAY        T
  MONTH TO DATE    T
  SINCE DEC 1      T
  SINCE JUL 1      T
  SNOW DEPTH       0

DEGREE DAYS
 HEATING
  YESTERDAY       35                        28      7       21
  MONTH TO DATE  189                       190     -1      167
  SINCE DEC 1    189                       190     -1      167
  SINCE JUL 1    705                      1069   -364      812

 COOLING
  YESTERDAY        0                         0      0        0
  MONTH TO DATE    0                         0      0        0
  SINCE DEC 1      0                         0      0        0
  SINCE JAN 1   1808                      1389    419     1555
..................................................................


WIND (MPH)
  HIGHEST WIND SPEED    17   HIGHEST WIND DIRECTION     N (350)
  HIGHEST GUST SPEED    21   HIGHEST GUST DIRECTION    NW (330)
  AVERAGE WIND SPEED     9.4


SKY COVER
  AVERAGE SKY COVER 0.8


WEATHER CONDITIONS
 THE FOLLOWING WEATHER WAS RECORDED YESTERDAY.
  LIGHT SNOW
  FOG


RELATIVE HUMIDITY (PERCENT)
 HIGHEST    85           700 PM
 LOWEST     35           100 PM
 AVERAGE    60

..........................................................


THE SPRINGFIELD MO CLIMATE NORMALS FOR TODAY
                         NORMAL    RECORD    YEAR
 MAXIMUM TEMPERATURE (F)   47        77      1991
 MINIMUM TEMPERATURE (F)   26        -9      1917


SUNRISE AND SUNSET
DECEMBER  8 2016......SUNRISE   715 AM CST   SUNSET   456 PM CST
DECEMBER  9 2016......SUNRISE   716 AM CST   SUNSET   456 PM CST


-  INDICATES NEGATIVE NUMBERS.
R  INDICATES RECORD WAS SET OR TIED.
MM INDICATES DATA IS MISSING.
T  INDICATES TRACE AMOUNT.




$$
