000
CDUS45 KBYZ 012333
CLISHR


CLIMATE REPORT
NATIONAL WEATHER SERVICE BILLINGS MT
432 PM MST SUN FEB 1 2015


...................................

...THE SHERIDAN WY CLIMATE SUMMARY FOR FEBRUARY 1 2015...
VALID TODAY AS OF 0400 PM LOCAL TIME.

CLIMATE NORMAL PERIOD 1981 TO 2010
CLIMATE RECORD PERIOD 1907 TO 2015


WEATHER ITEM   OBSERVED TIME   RECORD YEAR NORMAL DEPARTURE LAST
                VALUE   (LST)  VALUE       VALUE  FROM      YEAR
                                                  NORMAL
..................................................................
TEMPERATURE (F)
 TODAY
  MAXIMUM         29    421 PM  70    1934  37     -8       17
  MINIMUM          9    824 AM -30    1917  12     -3       -7
  AVERAGE         19                        24     -5        5

PRECIPITATION (IN)
  TODAY            0.00          0.26        0.02  -0.02     0.05
  MONTH TO DATE    0.00                      0.02  -0.02     0.05
  SINCE OCT 1      2.84                      3.26  -0.42     4.45
  SINCE JAN 1      0.45                      0.58  -0.13     0.69

DEGREE DAYS
 HEATING
  TODAY           46                        40      6       60
  MONTH TO DATE   46                        40      6       60
  SINCE DEC 1   2473                      2622   -149     2655
  SINCE JUL 1   4299                      4500   -201     4460

 COOLING
  TODAY            0                         0      0        0
  MONTH TO DATE    0                         0      0        0
  SINCE DEC 1      0                         0      0        0
  SINCE JAN 1      0                         0      0        0
..................................................................


WIND (MPH)
  HIGHEST WIND SPEED    22   HIGHEST WIND DIRECTION    NW (330)
  HIGHEST GUST SPEED    25   HIGHEST GUST DIRECTION    NW (330)
  AVERAGE WIND SPEED     9.5


SKY COVER
  POSSIBLE SUNSHINE  MM
  AVERAGE SKY COVER 0.5


WEATHER CONDITIONS
 THE FOLLOWING WEATHER WAS RECORDED TODAY.
  NO SIGNIFICANT WEATHER WAS OBSERVED.


RELATIVE HUMIDITY (PERCENT)
 HIGHEST    73          1200 AM
 LOWEST     46           200 PM
 AVERAGE    60

..........................................................


THE SHERIDAN WY CLIMATE NORMALS FOR TOMORROW
                         NORMAL    RECORD    YEAR
 MAXIMUM TEMPERATURE (F)   37        65      1934
 MINIMUM TEMPERATURE (F)   12       -30      1989


SUNRISE AND SUNSET
FEBRUARY  1 2015......SUNRISE   727 AM MST   SUNSET   516 PM MST
FEBRUARY  2 2015......SUNRISE   726 AM MST   SUNSET   518 PM MST


-  INDICATES NEGATIVE NUMBERS.
R  INDICATES RECORD WAS SET OR TIED.
MM INDICATES DATA IS MISSING.
T  INDICATES TRACE AMOUNT.




$$
