000
CDUS45 KBYZ 032230
CLISHR


CLIMATE REPORT
NATIONAL WEATHER SERVICE BILLINGS MT
426 PM MDT TUE MAY 3 2016


...................................

...THE SHERIDAN WY CLIMATE SUMMARY FOR MAY 3 2016...
VALID TODAY AS OF 0400 PM LOCAL TIME.

CLIMATE NORMAL PERIOD 1981 TO 2010
CLIMATE RECORD PERIOD 1907 TO 2016


WEATHER ITEM   OBSERVED TIME   RECORD YEAR NORMAL DEPARTURE LAST
                VALUE   (LST)  VALUE       VALUE  FROM      YEAR
                                                  NORMAL
..................................................................
TEMPERATURE (F)
 TODAY
  MAXIMUM         74    307 PM  87    1986  63     11       66
  MINIMUM         35    509 AM  13    1954  34      1       42
  AVERAGE         55                        49      6       54

PRECIPITATION (IN)
  TODAY            0.00          0.90 1912   0.07  -0.07     0.02
  MONTH TO DATE    0.00                      0.22  -0.22     0.02
  SINCE OCT 1      8.55                      6.58   1.97     5.97
  SINCE JAN 1      6.40                      3.90   2.50     3.58

DEGREE DAYS
 HEATING
  TODAY           10                        16     -6       11
  MONTH TO DATE   44                        50     -6       31
  SINCE MAR 1   1361                      1616   -255     1350
  SINCE JUL 1   6107                      7151  -1044     6580

 COOLING
  TODAY            0                         0      0        0
  MONTH TO DATE    0                         0      0        0
  SINCE MAR 1      0                         0      0        0
  SINCE JAN 1      0                         0      0        0
..................................................................


WIND (MPH)
  HIGHEST WIND SPEED    12   HIGHEST WIND DIRECTION    NE (50)
  HIGHEST GUST SPEED    14   HIGHEST GUST DIRECTION    NE (60)
  AVERAGE WIND SPEED     2.3


SKY COVER
  POSSIBLE SUNSHINE  MM
  AVERAGE SKY COVER 0.0


WEATHER CONDITIONS
 THE FOLLOWING WEATHER WAS RECORDED TODAY.
  NO SIGNIFICANT WEATHER WAS OBSERVED.


RELATIVE HUMIDITY (PERCENT)
 HIGHEST    76           500 AM
 LOWEST     25           300 PM
 AVERAGE    51

..........................................................


THE SHERIDAN WY CLIMATE NORMALS FOR TOMORROW
                         NORMAL    RECORD    YEAR
 MAXIMUM TEMPERATURE (F)   63        88      1936
 MINIMUM TEMPERATURE (F)   35        17      1967


SUNRISE AND SUNSET
MAY  3 2016...........SUNRISE   554 AM MDT   SUNSET   816 PM MDT
MAY  4 2016...........SUNRISE   553 AM MDT   SUNSET   817 PM MDT


-  INDICATES NEGATIVE NUMBERS.
R  INDICATES RECORD WAS SET OR TIED.
MM INDICATES DATA IS MISSING.
T  INDICATES TRACE AMOUNT.




$$
