260
CDUS45 KBYZ 131040
CLISHR


CLIMATE REPORT
NATIONAL WEATHER SERVICE BILLINGS MT
339 AM MST SAT FEB 13 2016


...................................

...THE SHERIDAN WY CLIMATE SUMMARY FOR FEBRUARY 12 2016...

CLIMATE NORMAL PERIOD 1981 TO 2010
CLIMATE RECORD PERIOD 1907 TO 2016


WEATHER ITEM   OBSERVED TIME   RECORD YEAR NORMAL DEPARTURE LAST
                VALUE   (LST)  VALUE       VALUE  FROM      YEAR
                                                  NORMAL
..................................................................
TEMPERATURE (F)
 YESTERDAY
  MAXIMUM         49    419 PM  64    1934  38     11       63
  MINIMUM         27   1159 PM -24    1949  14     13       23
  AVERAGE         38                        26     12       43

PRECIPITATION (IN)
  YESTERDAY        0.00          0.53 1990   0.02  -0.02     0.00
  MONTH TO DATE    0.29                      0.23   0.06     0.18
  SINCE OCT 1      3.00                      3.47  -0.47     3.02
  SINCE JAN 1      0.85                      0.79   0.06     0.63

DEGREE DAYS
 HEATING
  YESTERDAY       27                        39    -12       22
  MONTH TO DATE  382                       478    -96      336
  SINCE DEC 1   2765                      3060   -295     2763
  SINCE JUL 1   4317                      4938   -621     4589

 COOLING
  YESTERDAY        0                         0      0        0
  MONTH TO DATE    0                         0      0        0
  SINCE DEC 1      0                         0      0        0
  SINCE JAN 1      0                         0      0        0
..................................................................


WIND (MPH)
  HIGHEST WIND SPEED    12   HIGHEST WIND DIRECTION    SE (130)
  HIGHEST GUST SPEED    15   HIGHEST GUST DIRECTION     E (90)
  AVERAGE WIND SPEED     3.6


SKY COVER
  POSSIBLE SUNSHINE  MM
  AVERAGE SKY COVER 0.5


WEATHER CONDITIONS
 THE FOLLOWING WEATHER WAS RECORDED YESTERDAY.
  NO SIGNIFICANT WEATHER WAS OBSERVED.


RELATIVE HUMIDITY (PERCENT)
 HIGHEST    92           700 AM
 LOWEST     46           200 PM
 AVERAGE    69

..........................................................


THE SHERIDAN WY CLIMATE NORMALS FOR TODAY
                         NORMAL    RECORD    YEAR
 MAXIMUM TEMPERATURE (F)   38        68      1934
 MINIMUM TEMPERATURE (F)   14       -32      1936


SUNRISE AND SUNSET
FEBRUARY 13 2016......SUNRISE   712 AM MST   SUNSET   533 PM MST
FEBRUARY 14 2016......SUNRISE   710 AM MST   SUNSET   534 PM MST


-  INDICATES NEGATIVE NUMBERS.
R  INDICATES RECORD WAS SET OR TIED.
MM INDICATES DATA IS MISSING.
T  INDICATES TRACE AMOUNT.




$$
