000
CDUS45 KBYZ 300932
CLISHR


CLIMATE REPORT
NATIONAL WEATHER SERVICE BILLINGS MT
331 AM MDT TUE JUN 30 2015


...................................

...THE SHERIDAN WY CLIMATE SUMMARY FOR JUNE 29 2015...

CLIMATE NORMAL PERIOD 1981 TO 2010
CLIMATE RECORD PERIOD 1907 TO 2015


WEATHER ITEM   OBSERVED TIME   RECORD YEAR NORMAL DEPARTURE LAST
                VALUE   (LST)  VALUE       VALUE  FROM      YEAR
                                                  NORMAL
..................................................................
TEMPERATURE (F)
 YESTERDAY
  MAXIMUM         95    225 PM 104    2002  82     13       77
  MINIMUM         57    431 AM  35    1908  50      7       42
  AVERAGE         76                        66     10       60

PRECIPITATION (IN)
  YESTERDAY        0.00          0.91 1973   0.05  -0.05     0.00
  MONTH TO DATE    3.05                      2.08   0.97     2.20
  SINCE OCT 1     14.42                     10.79   3.63    12.77
  SINCE JAN 1     12.03                      8.11   3.92     9.01

DEGREE DAYS
 HEATING
  YESTERDAY        0                         2     -2        5
  MONTH TO DATE   44                       146   -102      180
  SINCE JUN 1     44                       146   -102      180
  SINCE JUL 1   7045                      7640   -595     7902

 COOLING
  YESTERDAY       11                         3      8        0
  MONTH TO DATE   66                        44     22        8
  SINCE JUN 1     66                        44     22        8
  SINCE JAN 1     66                        48     18       16
..................................................................


WIND (MPH)
  HIGHEST WIND SPEED    31   HIGHEST WIND DIRECTION    NW (320)
  HIGHEST GUST SPEED    43   HIGHEST GUST DIRECTION    NW (320)
  AVERAGE WIND SPEED     4.5


SKY COVER
  POSSIBLE SUNSHINE  MM
  AVERAGE SKY COVER 0.0


WEATHER CONDITIONS
 THE FOLLOWING WEATHER WAS RECORDED YESTERDAY.
  NO SIGNIFICANT WEATHER WAS OBSERVED.


RELATIVE HUMIDITY (PERCENT)
 HIGHEST    73          1000 PM
 LOWEST     23          1200 PM
 AVERAGE    48

..........................................................


THE SHERIDAN WY CLIMATE NORMALS FOR TODAY
                         NORMAL    RECORD    YEAR
 MAXIMUM TEMPERATURE (F)   83        98      2002
                                             1990
                                             1953
 MINIMUM TEMPERATURE (F)   50        36      1995


SUNRISE AND SUNSET
JUNE 30 2015..........SUNRISE   525 AM MDT   SUNSET   858 PM MDT
JULY  1 2015..........SUNRISE   526 AM MDT   SUNSET   857 PM MDT


-  INDICATES NEGATIVE NUMBERS.
R  INDICATES RECORD WAS SET OR TIED.
MM INDICATES DATA IS MISSING.
T  INDICATES TRACE AMOUNT.




$$
