000
CDUS45 KBYZ 290940
CLISHR


CLIMATE REPORT
NATIONAL WEATHER SERVICE BILLINGS MT
340 AM MDT WED JUL 29 2015


...................................

...THE SHERIDAN WY CLIMATE SUMMARY FOR JULY 28 2015...

CLIMATE NORMAL PERIOD 1981 TO 2010
CLIMATE RECORD PERIOD 1907 TO 2015


WEATHER ITEM   OBSERVED TIME   RECORD YEAR NORMAL DEPARTURE LAST
                VALUE   (LST)  VALUE       VALUE  FROM      YEAR
                                                  NORMAL
..................................................................
TEMPERATURE (F)
 YESTERDAY
  MAXIMUM         75    334 PM 105    1935  89    -14       91
  MINIMUM         45    521 AM  38    1911  54     -9       48
  AVERAGE         60                        72    -12       70

PRECIPITATION (IN)
  YESTERDAY        0.00          0.62 1916   0.03  -0.03     0.00
  MONTH TO DATE    0.84                      1.08  -0.24     1.01
  SINCE OCT 1     15.26                     11.91   3.35    13.78
  SINCE JAN 1     12.87                      9.23   3.64    10.02

DEGREE DAYS
 HEATING
  YESTERDAY        5                         0      5        0
  MONTH TO DATE   20                        24     -4        9
  SINCE JUN 1     64                       173   -109      191
  SINCE JUL 1     20                        24     -4        9

 COOLING
  YESTERDAY        0                         7     -7        5
  MONTH TO DATE  134                       163    -29      163
  SINCE JUN 1    213                       209      4      171
  SINCE JAN 1    213                       213      0      179
..................................................................


WIND (MPH)
  HIGHEST WIND SPEED    31   HIGHEST WIND DIRECTION    NW (330)
  HIGHEST GUST SPEED    37   HIGHEST GUST DIRECTION     N (340)
  AVERAGE WIND SPEED    12.3


SKY COVER
  POSSIBLE SUNSHINE  MM
  AVERAGE SKY COVER 0.3


WEATHER CONDITIONS
 THE FOLLOWING WEATHER WAS RECORDED YESTERDAY.
  NO SIGNIFICANT WEATHER WAS OBSERVED.


RELATIVE HUMIDITY (PERCENT)
 HIGHEST    93           300 AM
 LOWEST     23           500 PM
 AVERAGE    58

..........................................................


THE SHERIDAN WY CLIMATE NORMALS FOR TODAY
                         NORMAL    RECORD    YEAR
 MAXIMUM TEMPERATURE (F)   89       105      2006
 MINIMUM TEMPERATURE (F)   54        35      1971


SUNRISE AND SUNSET
JULY 29 2015..........SUNRISE   550 AM MDT   SUNSET   838 PM MDT
JULY 30 2015..........SUNRISE   551 AM MDT   SUNSET   836 PM MDT


-  INDICATES NEGATIVE NUMBERS.
R  INDICATES RECORD WAS SET OR TIED.
MM INDICATES DATA IS MISSING.
T  INDICATES TRACE AMOUNT.




$$
