000
CDUS45 KBYZ 251004
CLISHR


CLIMATE REPORT
NATIONAL WEATHER SERVICE BILLINGS MT
401 AM MDT WED MAY 25 2016


...................................

...THE SHERIDAN WY CLIMATE SUMMARY FOR MAY 24 2016...

CLIMATE NORMAL PERIOD 1981 TO 2010
CLIMATE RECORD PERIOD 1907 TO 2016


WEATHER ITEM   OBSERVED TIME   RECORD YEAR NORMAL DEPARTURE LAST
                VALUE   (LST)  VALUE       VALUE  FROM      YEAR
                                                  NORMAL
..................................................................
TEMPERATURE (F)
 YESTERDAY
  MAXIMUM         71    346 PM  90    1985  69      2       52
  MINIMUM         32    434 AM  21    2002  41     -9       48
  AVERAGE         52                        55     -3       50

PRECIPITATION (IN)
  YESTERDAY        0.19          1.74 2015   0.07   0.12     1.74
  MONTH TO DATE    0.81                      1.81  -1.00     4.29
  SINCE OCT 1      9.36                      8.17   1.19    10.24
  SINCE JAN 1      7.21                      5.49   1.72     7.85

DEGREE DAYS
 HEATING
  YESTERDAY       13                        10      3       15
  MONTH TO DATE  304                       327    -23      386
  SINCE MAR 1   1621                      1893   -272     1705
  SINCE JUL 1   6367                      7428  -1061     6935

 COOLING
  YESTERDAY        0                         0      0        0
  MONTH TO DATE    2                         0      2        0
  SINCE MAR 1      2                         0      2        0
  SINCE JAN 1      2                         0      2        0
..................................................................


WIND (MPH)
  HIGHEST WIND SPEED    30   HIGHEST WIND DIRECTION    NW (310)
  HIGHEST GUST SPEED    39   HIGHEST GUST DIRECTION    NW (310)
  AVERAGE WIND SPEED     7.7


SKY COVER
  POSSIBLE SUNSHINE  MM
  AVERAGE SKY COVER 0.3


WEATHER CONDITIONS
 THE FOLLOWING WEATHER WAS RECORDED YESTERDAY.
  THUNDERSTORM
  HEAVY RAIN
  LIGHT RAIN
  FOG


RELATIVE HUMIDITY (PERCENT)
 HIGHEST    89           200 AM
 LOWEST     33           400 PM
 AVERAGE    61

..........................................................


THE SHERIDAN WY CLIMATE NORMALS FOR TODAY
                         NORMAL    RECORD    YEAR
 MAXIMUM TEMPERATURE (F)   69        90      1931
 MINIMUM TEMPERATURE (F)   41        29      1975


SUNRISE AND SUNSET
MAY 25 2016...........SUNRISE   530 AM MDT   SUNSET   841 PM MDT
MAY 26 2016...........SUNRISE   529 AM MDT   SUNSET   842 PM MDT


-  INDICATES NEGATIVE NUMBERS.
R  INDICATES RECORD WAS SET OR TIED.
MM INDICATES DATA IS MISSING.
T  INDICATES TRACE AMOUNT.




$$
