000
CDUS45 KBYZ 300932
CLISHR


CLIMATE REPORT
NATIONAL WEATHER SERVICE BILLINGS MT
331 AM MDT TUE AUG 30 2016


...................................

...THE SHERIDAN WY CLIMATE SUMMARY FOR AUGUST 29 2016...

CLIMATE NORMAL PERIOD 1981 TO 2010
CLIMATE RECORD PERIOD 1907 TO 2016


WEATHER ITEM   OBSERVED TIME   RECORD YEAR NORMAL DEPARTURE LAST
                VALUE   (LST)  VALUE       VALUE  FROM      YEAR
                                                  NORMAL
..................................................................
TEMPERATURE (F)
 YESTERDAY
  MAXIMUM         88    434 PM 102    2012  83      5      101
  MINIMUM         52    517 AM  32    1920  48      4       49
  AVERAGE         70                        66      4       75

PRECIPITATION (IN)
  YESTERDAY        0.00          0.74 1964   0.03  -0.03     0.00
  MONTH TO DATE    1.44                      0.66   0.78     0.59
  SINCE OCT 1     11.66                     12.67  -1.01    15.85
  SINCE JAN 1      9.51                      9.99  -0.48    13.46

DEGREE DAYS
 HEATING
  YESTERDAY        0                         3     -3        0
  MONTH TO DATE   37                        30      7       44
  SINCE JUN 1     59                       205   -146      108
  SINCE JUL 1     43                        56    -13       64

 COOLING
  YESTERDAY        5                         3      2       10
  MONTH TO DATE  138                       153    -15      172
  SINCE JUN 1    499                       381    118      398
  SINCE JAN 1    501                       385    116      398
..................................................................


WIND (MPH)
  HIGHEST WIND SPEED    13   HIGHEST WIND DIRECTION    SE (130)
  HIGHEST GUST SPEED    18   HIGHEST GUST DIRECTION    SE (120)
  AVERAGE WIND SPEED     3.5


SKY COVER
  POSSIBLE SUNSHINE  MM
  AVERAGE SKY COVER 0.0


WEATHER CONDITIONS
 THE FOLLOWING WEATHER WAS RECORDED YESTERDAY.
  NO SIGNIFICANT WEATHER WAS OBSERVED.


RELATIVE HUMIDITY (PERCENT)
 HIGHEST    67           200 AM
 LOWEST     21           500 PM
 AVERAGE    44

..........................................................


THE SHERIDAN WY CLIMATE NORMALS FOR TODAY
                         NORMAL    RECORD    YEAR
 MAXIMUM TEMPERATURE (F)   82       101      1948
 MINIMUM TEMPERATURE (F)   48        32      1910


SUNRISE AND SUNSET
AUGUST 30 2016........SUNRISE   628 AM MDT   SUNSET   747 PM MDT
AUGUST 31 2016........SUNRISE   630 AM MDT   SUNSET   745 PM MDT


-  INDICATES NEGATIVE NUMBERS.
R  INDICATES RECORD WAS SET OR TIED.
MM INDICATES DATA IS MISSING.
T  INDICATES TRACE AMOUNT.




$$
