763
CDUS45 KBYZ 210723
CLISHR


CLIMATE REPORT
NATIONAL WEATHER SERVICE BILLINGS MT
123 AM MDT FRI JUL 21 2017


...................................

...THE SHERIDAN WY CLIMATE SUMMARY FOR JULY 20 2017...

CLIMATE NORMAL PERIOD 1981 TO 2010
CLIMATE RECORD PERIOD 1907 TO 2017


WEATHER ITEM   OBSERVED TIME   RECORD YEAR NORMAL DEPARTURE LAST
                VALUE   (LST)  VALUE       VALUE  FROM      YEAR
                                                  NORMAL
..................................................................
TEMPERATURE (F)
 YESTERDAY
  MAXIMUM        102R   130 PM 102    1960  88     14       99
  MINIMUM         60    347 AM  39    1915  54      6       53
  AVERAGE         81                        71     10       76

PRECIPITATION (IN)
  YESTERDAY        0.01          0.65 2002   0.04  -0.03     0.00
  MONTH TO DATE    0.34                      0.80  -0.46     0.16
  SINCE OCT 1     17.15                     11.63   5.52    10.16
  SINCE JAN 1     13.42                      8.95   4.47     8.01

DEGREE DAYS
 HEATING
  YESTERDAY        0                         1     -1        0
  MONTH TO DATE    0                        24    -24        6
  SINCE JUN 1     78                       173    -95       22
  SINCE JUL 1      0                        24    -24        6

 COOLING
  YESTERDAY       16                         7      9       11
  MONTH TO DATE  201                       107     94      122
  SINCE JUN 1    235                       153     82      245
  SINCE JAN 1    235                       157     78      247
..................................................................


WIND (MPH)
  HIGHEST WIND SPEED    39   HIGHEST WIND DIRECTION    NW (330)
  HIGHEST GUST SPEED    50   HIGHEST GUST DIRECTION    NW (320)
  AVERAGE WIND SPEED     6.9


SKY COVER
  POSSIBLE SUNSHINE  MM
  AVERAGE SKY COVER 0.0


WEATHER CONDITIONS
 THE FOLLOWING WEATHER WAS RECORDED YESTERDAY.
  LIGHT RAIN
  HAZE


RELATIVE HUMIDITY (PERCENT)
 HIGHEST    78           600 AM
 LOWEST     39           500 PM
 AVERAGE    59

..........................................................


THE SHERIDAN WY CLIMATE NORMALS FOR TODAY
                         NORMAL    RECORD    YEAR
 MAXIMUM TEMPERATURE (F)   89       102      2007
                                             1982
                                             1931
 MINIMUM TEMPERATURE (F)   54        42      1978


SUNRISE AND SUNSET
JULY 21 2017..........SUNRISE   542 AM MDT   SUNSET   846 PM MDT
JULY 22 2017..........SUNRISE   543 AM MDT   SUNSET   845 PM MDT


-  INDICATES NEGATIVE NUMBERS.
R  INDICATES RECORD WAS SET OR TIED.
MM INDICATES DATA IS MISSING.
T  INDICATES TRACE AMOUNT.




$$
