000
CDUS45 KBYZ 051032
CLISHR


CLIMATE REPORT
NATIONAL WEATHER SERVICE BILLINGS MT
331 AM MST THU MAR 5 2015


...................................

...THE SHERIDAN WY CLIMATE SUMMARY FOR MARCH 4 2015...

CLIMATE NORMAL PERIOD 1981 TO 2010
CLIMATE RECORD PERIOD 1907 TO 2015


WEATHER ITEM   OBSERVED TIME   RECORD YEAR NORMAL DEPARTURE LAST
                VALUE   (LST)  VALUE       VALUE  FROM      YEAR
                                                  NORMAL
..................................................................
TEMPERATURE (F)
 YESTERDAY
  MAXIMUM         16    524 PM  69    2000  44    -28       46
  MINIMUM         -2   1157 PM -17    1923  18    -20       25
  AVERAGE          7                        31    -24       36

PRECIPITATION (IN)
  YESTERDAY        0.01          0.24        0.03  -0.02     0.00
  MONTH TO DATE    0.17                      0.09   0.08     0.13
  SINCE OCT 1      4.29                      3.87   0.42     5.74
  SINCE JAN 1      1.90                      1.19   0.71     1.98

DEGREE DAYS
 HEATING
  YESTERDAY       58                        34     24       29
  MONTH TO DATE  211                       137     74      211
  SINCE MAR 1    211                       137     74      211
  SINCE JUL 1   5441                      5672   -231     5961

 COOLING
  YESTERDAY        0                         0      0        0
  MONTH TO DATE    0                         0      0        0
  SINCE MAR 1      0                         0      0        0
  SINCE JAN 1      0                         0      0        0
..................................................................


WIND (MPH)
  HIGHEST WIND SPEED    18   HIGHEST WIND DIRECTION     N (340)
  HIGHEST GUST SPEED    22   HIGHEST GUST DIRECTION     N (340)
  AVERAGE WIND SPEED     5.3


SKY COVER
  POSSIBLE SUNSHINE  MM
  AVERAGE SKY COVER 0.4


WEATHER CONDITIONS
 THE FOLLOWING WEATHER WAS RECORDED YESTERDAY.
  LIGHT SNOW
  FOG
  HAZE


RELATIVE HUMIDITY (PERCENT)
 HIGHEST    76           600 AM
 LOWEST     45           100 AM
 AVERAGE    61

..........................................................


THE SHERIDAN WY CLIMATE NORMALS FOR TODAY
                         NORMAL    RECORD    YEAR
 MAXIMUM TEMPERATURE (F)   45        73      1987
 MINIMUM TEMPERATURE (F)   19       -20      1955


SUNRISE AND SUNSET
MARCH  5 2015.........SUNRISE   639 AM MST   SUNSET   601 PM MST
MARCH  6 2015.........SUNRISE   637 AM MST   SUNSET   602 PM MST


-  INDICATES NEGATIVE NUMBERS.
R  INDICATES RECORD WAS SET OR TIED.
MM INDICATES DATA IS MISSING.
T  INDICATES TRACE AMOUNT.




$$
