000
CDUS45 KBYZ 270937
CLISHR


CLIMATE REPORT
NATIONAL WEATHER SERVICE BILLINGS MT
331 AM MDT WED AUG 27 2014


...................................

...THE SHERIDAN WY CLIMATE SUMMARY FOR AUGUST 26 2014...

CLIMATE NORMAL PERIOD 1981 TO 2010
CLIMATE RECORD PERIOD 1907 TO 2014


WEATHER ITEM   OBSERVED TIME   RECORD YEAR NORMAL DEPARTURE LAST
                VALUE   (LST)  VALUE       VALUE  FROM      YEAR
                                                  NORMAL
..................................................................
TEMPERATURE (F)
 YESTERDAY
  MAXIMUM         80    309 PM 102    1926  84     -4       95
  MINIMUM         45    448 AM  30    1910  49     -4       62
  AVERAGE         63                        66     -3       79

PRECIPITATION (IN)
  YESTERDAY        0.00          0.39 1957   0.02  -0.02      T
  MONTH TO DATE    0.89                      0.58   0.31     0.05
  SINCE OCT 1     14.67                     12.59   2.08    12.53
  SINCE JAN 1     10.91                      9.91   1.00     9.99

SNOWFALL (IN)
  YESTERDAY       MM             0.0  2000   0.0   MM       MM
  MONTH TO DATE   MM                         0.0   MM       MM
  SINCE JUN 1     MM                         T     MM       MM
  SINCE JUL 1     MM                         0.0   MM       MM
  SNOW DEPTH      MM

DEGREE DAYS
 HEATING
  YESTERDAY        2                         2      0        0
  MONTH TO DATE   34                        23     11        0
  SINCE JUN 1    225                       198     27      121
  SINCE JUL 1     43                        49     -6        1

 COOLING
  YESTERDAY        0                         3     -3       14
  MONTH TO DATE  123                       144    -21      179
  SINCE JUN 1    306                       372    -66      449
  SINCE JAN 1    314                       376    -62      457
..................................................................


WIND (MPH)
  HIGHEST WIND SPEED    13   HIGHEST WIND DIRECTION    NW (300)
  HIGHEST GUST SPEED    17   HIGHEST GUST DIRECTION    NW (310)
  AVERAGE WIND SPEED     4.2


SKY COVER
  POSSIBLE SUNSHINE  MM
  AVERAGE SKY COVER 0.0


WEATHER CONDITIONS
 THE FOLLOWING WEATHER WAS RECORDED YESTERDAY.
  NO SIGNIFICANT WEATHER WAS OBSERVED.


RELATIVE HUMIDITY (PERCENT)
 HIGHEST    93           400 AM
 LOWEST     30           300 PM
 AVERAGE    62

..........................................................


THE SHERIDAN WY CLIMATE NORMALS FOR TODAY
                         NORMAL    RECORD    YEAR
 MAXIMUM TEMPERATURE (F)   84        99      1937
 MINIMUM TEMPERATURE (F)   49        35      1976


SUNRISE AND SUNSET
AUGUST 27 2014........SUNRISE   624 AM MDT   SUNSET   753 PM MDT
AUGUST 28 2014........SUNRISE   626 AM MDT   SUNSET   752 PM MDT


-  INDICATES NEGATIVE NUMBERS.
R  INDICATES RECORD WAS SET OR TIED.
MM INDICATES DATA IS MISSING.
T  INDICATES TRACE AMOUNT.




$$
