000
CDUS44 KSHV 270845
CLISHV


CLIMATE REPORT
NATIONAL WEATHER SERVICE SHREVEPORT, LA
244 AM CST FRI FEB 27 2015


...................................

...THE SHREVEPORT CLIMATE SUMMARY FOR FEBRUARY 26 2015...

CLIMATE NORMAL PERIOD 1981 TO 2010
CLIMATE RECORD PERIOD 1874 TO 2015


WEATHER ITEM   OBSERVED TIME   RECORD YEAR NORMAL DEPARTURE LAST
                VALUE   (LST)  VALUE       VALUE  FROM      YEAR
                                                  NORMAL
..................................................................
TEMPERATURE (F)
 YESTERDAY
  MAXIMUM         42   1104 AM  87    1986  64    -22       47
  MINIMUM         32    454 AM  22    1960  42    -10       30
  AVERAGE         37                        53    -16       39

PRECIPITATION (IN)
  YESTERDAY        0.00          1.92 1984   0.17  -0.17     0.14
  MONTH TO DATE    4.28                      4.44  -0.16     2.62
  SINCE DEC 1     15.48                     13.41   2.07     8.42
  SINCE JAN 1     11.73                      8.64   3.09     3.44

SNOWFALL (IN)
  YESTERDAY        0.0
  MONTH TO DATE    4.1
  SINCE DEC 1      4.1
  SINCE JUL 1      4.1
  SNOW DEPTH       0

DEGREE DAYS
 HEATING
  YESTERDAY       28                        12     16       26
  MONTH TO DATE  488                       386    102      440
  SINCE DEC 1   1537                      1487     50     1658
  SINCE JUL 1   1941                      1858     83     2069

 COOLING
  YESTERDAY        0                         0      0        0
  MONTH TO DATE    0                         0      0        6
  SINCE DEC 1      2                        11     -9       17
  SINCE JAN 1      0                         4     -4        6
..................................................................


WIND (MPH)
  HIGHEST WIND SPEED    16   HIGHEST WIND DIRECTION    NW (330)
  HIGHEST GUST SPEED    19   HIGHEST GUST DIRECTION    NW (320)
  AVERAGE WIND SPEED     7.8


SKY COVER
  POSSIBLE SUNSHINE  MM
  AVERAGE SKY COVER 0.9


WEATHER CONDITIONS
 THE FOLLOWING WEATHER WAS RECORDED YESTERDAY.
  FOG


RELATIVE HUMIDITY (PERCENT)
 HIGHEST    96           700 AM
 LOWEST     70          1100 AM
 AVERAGE    83

..........................................................


THE SHREVEPORT CLIMATE NORMALS FOR TODAY
                         NORMAL    RECORD    YEAR
 MAXIMUM TEMPERATURE (F)   65        85      1918
 MINIMUM TEMPERATURE (F)   43        20      2002


SUNRISE AND SUNSET
FEBRUARY 27 2015......SUNRISE   645 AM CST   SUNSET   611 PM CST
FEBRUARY 28 2015......SUNRISE   644 AM CST   SUNSET   612 PM CST


-  INDICATES NEGATIVE NUMBERS.
R  INDICATES RECORD WAS SET OR TIED.
MM INDICATES DATA IS MISSING.
T  INDICATES TRACE AMOUNT.




$$
