000
CDUS44 KSHV 010731
CLISHV


CLIMATE REPORT
NATIONAL WEATHER SERVICE SHREVEPORT, LA
231 AM CDT MON SEP 1 2014


...................................

...THE SHREVEPORT CLIMATE SUMMARY FOR AUGUST 31 2014...

CLIMATE NORMAL PERIOD 1981 TO 2010
CLIMATE RECORD PERIOD 1874 TO 2014


WEATHER ITEM   OBSERVED TIME   RECORD YEAR NORMAL DEPARTURE LAST
                VALUE   (LST)  VALUE       VALUE  FROM      YEAR
                                                  NORMAL
..................................................................
TEMPERATURE (F)
 YESTERDAY
  MAXIMUM         92    241 PM 109    2000  93     -1      102
  MINIMUM         74    621 AM  59    1915  70      4       75
  AVERAGE         83                        82      1       89

PRECIPITATION (IN)
  YESTERDAY        0.00          2.45 1950   0.09  -0.09     0.00
  MONTH TO DATE    0.56                      2.73  -2.17     0.18
  SINCE DEC 1     30.97                     38.76  -7.79    32.62
  SINCE JAN 1     25.99                     33.99  -8.00    26.96

SNOWFALL (IN)
  YESTERDAY        0.0
  MONTH TO DATE    0.0
  SINCE JUN 1      0.0
  SINCE JUL 1      0.0
  SNOW DEPTH       0

DEGREE DAYS
 HEATING
  YESTERDAY        0                         0      0        0
  MONTH TO DATE    0                         0      0        0
  SINCE JUN 1      0                         0      0        0
  SINCE JUL 1      0                         0      0        0

 COOLING
  YESTERDAY       18                        17      1       24
  MONTH TO DATE  567                       561      6      629
  SINCE JUN 1   1522                      1564    -42     1658
  SINCE JAN 1   1892                      1962    -70     2045
..................................................................


WIND (MPH)
  HIGHEST WIND SPEED    21   HIGHEST WIND DIRECTION     S (190)
  HIGHEST GUST SPEED    25   HIGHEST GUST DIRECTION     S (200)
  AVERAGE WIND SPEED     8.4


SKY COVER
  POSSIBLE SUNSHINE  MM
  AVERAGE SKY COVER 0.7


WEATHER CONDITIONS
 THE FOLLOWING WEATHER WAS RECORDED YESTERDAY.
  NO SIGNIFICANT WEATHER WAS OBSERVED.


RELATIVE HUMIDITY (PERCENT)
 HIGHEST    94           100 AM
 LOWEST     52           300 PM
 AVERAGE    73

..........................................................


THE SHREVEPORT CLIMATE NORMALS FOR TODAY
                         NORMAL    RECORD    YEAR
 MAXIMUM TEMPERATURE (F)   92       107      2000
 MINIMUM TEMPERATURE (F)   70        57      1915


SUNRISE AND SUNSET
SEPTEMBER  1 2014.....SUNRISE   650 AM CDT   SUNSET   740 PM CDT
SEPTEMBER  2 2014.....SUNRISE   651 AM CDT   SUNSET   738 PM CDT


-  INDICATES NEGATIVE NUMBERS.
R  INDICATES RECORD WAS SET OR TIED.
MM INDICATES DATA IS MISSING.
T  INDICATES TRACE AMOUNT.




$$
