000
CDUS44 KSHV 220742
CLISHV


CLIMATE REPORT
NATIONAL WEATHER SERVICE SHREVEPORT, LA
241 AM CDT SUN OCT 22 2017


...................................

...THE SHREVEPORT CLIMATE SUMMARY FOR OCTOBER 21 2017...

CLIMATE NORMAL PERIOD 1981 TO 2010
CLIMATE RECORD PERIOD 1874 TO 2017


WEATHER ITEM   OBSERVED TIME   RECORD YEAR NORMAL DEPARTURE LAST
                VALUE   (LST)  VALUE       VALUE  FROM      YEAR
                                                  NORMAL
..................................................................
TEMPERATURE (F)
 YESTERDAY
  MAXIMUM         89    307 PM  91    1941  77     12       74
                                      1934
  MINIMUM         65   1207 AM  31    1976  53     12       48
  AVERAGE         77                        65     12       61

PRECIPITATION (IN)
  YESTERDAY        T             2.68 1949   0.18  -0.18     0.00
  MONTH TO DATE    0.03                      3.26  -3.23     0.98
  SINCE DEC 1     33.27                     45.18 -11.91    54.40
  SINCE JAN 1     30.13                     40.41 -10.28    51.51

SNOWFALL (IN)
  YESTERDAY        0.0
  MONTH TO DATE    0.0
  SINCE SEP 1      0.0
  SINCE JUL 1      0.0
  SNOW DEPTH       0

DEGREE DAYS
 HEATING
  YESTERDAY        0                         3     -3        4
  MONTH TO DATE    6                        38    -32        4
  SINCE SEP 1      6                        44    -38        4
  SINCE JUL 1      6                        44    -38        4

 COOLING
  YESTERDAY       12                         3      9        0
  MONTH TO DATE  185                       101     84      197
  SINCE SEP 1    561                       464     97      678
  SINCE JAN 1   2668                      2426    242     2919
..................................................................


WIND (MPH)
  HIGHEST WIND SPEED    20   HIGHEST WIND DIRECTION    SE (150)
  HIGHEST GUST SPEED    26   HIGHEST GUST DIRECTION     S (160)
  AVERAGE WIND SPEED    11.4


SKY COVER
  POSSIBLE SUNSHINE  MM
  AVERAGE SKY COVER 0.7


WEATHER CONDITIONS
 THE FOLLOWING WEATHER WAS RECORDED YESTERDAY.
  LIGHT RAIN


RELATIVE HUMIDITY (PERCENT)
 HIGHEST   100          1200 AM
 LOWEST     53           200 PM
 AVERAGE    77

..........................................................


THE SHREVEPORT CLIMATE NORMALS FOR TODAY
                         NORMAL    RECORD    YEAR
 MAXIMUM TEMPERATURE (F)   76        94      1939
 MINIMUM TEMPERATURE (F)   53        38      1911
                                             1898
                                             1885


SUNRISE AND SUNSET
OCTOBER 22 2017.......SUNRISE   725 AM CDT   SUNSET   634 PM CDT
OCTOBER 23 2017.......SUNRISE   725 AM CDT   SUNSET   633 PM CDT


-  INDICATES NEGATIVE NUMBERS.
R  INDICATES RECORD WAS SET OR TIED.
MM INDICATES DATA IS MISSING.
T  INDICATES TRACE AMOUNT.




$$
