000
CDUS44 KSHV 122141
CLISHV


CLIMATE REPORT
NATIONAL WEATHER SERVICE SHREVEPORT, LA
441 PM CDT SAT JUL 12 2014


...................................

...THE SHREVEPORT CLIMATE SUMMARY FOR JULY 12 2014...
VALID TODAY AS OF 0400 PM LOCAL TIME.

CLIMATE NORMAL PERIOD 1981 TO 2010
CLIMATE RECORD PERIOD 1874 TO 2014


WEATHER ITEM   OBSERVED TIME   RECORD YEAR NORMAL DEPARTURE LAST
                VALUE   (LST)  VALUE       VALUE  FROM      YEAR
                                                  NORMAL
..................................................................
TEMPERATURE (F)
 TODAY
  MAXIMUM         97    248 PM 105    1998  93      4       98
  MINIMUM         73    517 AM  65    1894  73      0       72
  AVERAGE         85                        83      2       85

PRECIPITATION (IN)
  TODAY            0.00          3.50 1994   0.11  -0.11     0.00
  MONTH TO DATE    0.00                      1.60  -1.60      T
  SINCE DEC 1     26.15                     33.98  -7.83    30.26
  SINCE JAN 1     21.17                     29.21  -8.04    24.60

DEGREE DAYS
 HEATING
  TODAY            0                         0      0        0
  MONTH TO DATE    0                         0      0        0
  SINCE JUN 1      0                         0      0        0
  SINCE JUL 1      0                         0      0        0

 COOLING
  TODAY           20                        18      2       20
  MONTH TO DATE  211                       211      0      197
  SINCE JUN 1    680                       655     25      695
  SINCE JAN 1   1050                      1053     -3     1082
..................................................................


WIND (MPH)
  HIGHEST WIND SPEED    10   HIGHEST WIND DIRECTION    NW (320)
  HIGHEST GUST SPEED    16   HIGHEST GUST DIRECTION     W (260)
  AVERAGE WIND SPEED     3.2


SKY COVER
  POSSIBLE SUNSHINE  MM
  AVERAGE SKY COVER 0.1


WEATHER CONDITIONS
 THE FOLLOWING WEATHER WAS RECORDED TODAY.
  NO SIGNIFICANT WEATHER WAS OBSERVED.


RELATIVE HUMIDITY (PERCENT)
 HIGHEST    93           500 AM
 LOWEST     40           200 PM
 AVERAGE    67

..........................................................


THE SHREVEPORT CLIMATE NORMALS FOR TOMORROW
                         NORMAL    RECORD    YEAR
 MAXIMUM TEMPERATURE (F)   93       107      1901
 MINIMUM TEMPERATURE (F)   73        63      1973


SUNRISE AND SUNSET
JULY 12 2014..........SUNRISE   617 AM CDT   SUNSET   824 PM CDT
JULY 13 2014..........SUNRISE   618 AM CDT   SUNSET   824 PM CDT


-  INDICATES NEGATIVE NUMBERS.
R  INDICATES RECORD WAS SET OR TIED.
MM INDICATES DATA IS MISSING.
T  INDICATES TRACE AMOUNT.




$$
