000
CDUS44 KSHV 272134
CLISHV


CLIMATE REPORT
NATIONAL WEATHER SERVICE SHREVEPORT, LA
433 PM CDT THU APR 27 2017


...................................

...THE SHREVEPORT CLIMATE SUMMARY FOR APRIL 27 2017...
VALID TODAY AS OF 0400 PM LOCAL TIME.

CLIMATE NORMAL PERIOD 1981 TO 2010
CLIMATE RECORD PERIOD 1874 TO 2017


WEATHER ITEM   OBSERVED TIME   RECORD YEAR NORMAL DEPARTURE LAST
                VALUE   (LST)  VALUE       VALUE  FROM      YEAR
                                                  NORMAL
..................................................................
TEMPERATURE (F)
 TODAY
  MAXIMUM         74    255 PM  92    1987  79     -5       85
  MINIMUM         44    550 AM  40    1978  57    -13       63
  AVERAGE         59                        68     -9       74

PRECIPITATION (IN)
  TODAY            0.00          2.94 1957   0.13  -0.13     0.49
  MONTH TO DATE    4.03                      3.76   0.27     9.69
  SINCE DEC 1     12.76                     21.62  -8.86    30.43
  SINCE JAN 1      9.62                     16.85  -7.23    27.54

SNOWFALL (IN)
  TODAY            0.0
  MONTH TO DATE    0.0
  SINCE MAR 1      0.0
  SINCE JUL 1      0.0
  SNOW DEPTH       0

DEGREE DAYS
 HEATING
  TODAY            6                         1      5        0
  MONTH TO DATE   31                        83    -52       33
  SINCE MAR 1    165                       334   -169      146
  SINCE JUL 1   1196                      2216  -1020     1449

 COOLING
  TODAY            0                         4     -4        9
  MONTH TO DATE  129                        79     50       99
  SINCE MAR 1    230                       110    120      153
  SINCE JAN 1    300                       120    180      171
..................................................................


WIND (MPH)
  HIGHEST WIND SPEED    14   HIGHEST WIND DIRECTION     E (100)
  HIGHEST GUST SPEED    19   HIGHEST GUST DIRECTION     S (170)
  AVERAGE WIND SPEED     6.2


SKY COVER
  POSSIBLE SUNSHINE  MM
  AVERAGE SKY COVER 0.1


WEATHER CONDITIONS
 THE FOLLOWING WEATHER WAS RECORDED TODAY.
  NO SIGNIFICANT WEATHER WAS OBSERVED.


RELATIVE HUMIDITY (PERCENT)
 HIGHEST   100           600 AM
 LOWEST     47          1200 PM
 AVERAGE    74

..........................................................


THE SHREVEPORT CLIMATE NORMALS FOR TOMORROW
                         NORMAL    RECORD    YEAR
 MAXIMUM TEMPERATURE (F)   80        92      1887
 MINIMUM TEMPERATURE (F)   57        43      1973


SUNRISE AND SUNSET
APRIL 27 2017.........SUNRISE   632 AM CDT   SUNSET   754 PM CDT
APRIL 28 2017.........SUNRISE   631 AM CDT   SUNSET   755 PM CDT


-  INDICATES NEGATIVE NUMBERS.
R  INDICATES RECORD WAS SET OR TIED.
MM INDICATES DATA IS MISSING.
T  INDICATES TRACE AMOUNT.

$$

10
