000
CDUS44 KSHV 242153
CLISHV


CLIMATE REPORT
NATIONAL WEATHER SERVICE SHREVEPORT, LA
450 PM CDT WED AUG 24 2016


...................................

...THE SHREVEPORT CLIMATE SUMMARY FOR AUGUST 24 2016...
VALID TODAY AS OF 0400 PM LOCAL TIME.

CLIMATE NORMAL PERIOD 1981 TO 2010
CLIMATE RECORD PERIOD 1874 TO 2016


WEATHER ITEM   OBSERVED TIME   RECORD YEAR NORMAL DEPARTURE LAST
                VALUE   (LST)  VALUE       VALUE  FROM      YEAR
                                                  NORMAL
..................................................................
TEMPERATURE (F)
 TODAY
  MAXIMUM         94    226 PM 103    1899  94      0       97
  MINIMUM         76    615 AM  54    1891  72      4       76
  AVERAGE         85                        83      2       87

PRECIPITATION (IN)
  TODAY            0.00          1.58 1937   0.08  -0.08     0.00
  MONTH TO DATE    5.63                      2.16   3.47     1.28
  SINCE DEC 1     51.08                     38.19  12.89    47.77
  SINCE JAN 1     48.19                     33.42  14.77    44.02

DEGREE DAYS
 HEATING
  TODAY            0                         0      0        0
  MONTH TO DATE    0                         0      0        0
  SINCE JUN 1      0                         0      0        0
  SINCE JUL 1      0                         0      0        0

 COOLING
  TODAY           20                        18      2       22
  MONTH TO DATE  466                       445     21      527
  SINCE JUN 1   1643                      1448    195     1705
  SINCE JAN 1   2103                      1846    257     2177
..................................................................


WIND (MPH)
  HIGHEST WIND SPEED    12   HIGHEST WIND DIRECTION     S (200)
  HIGHEST GUST SPEED    14   HIGHEST GUST DIRECTION     S (190)
  AVERAGE WIND SPEED     6.0


SKY COVER
  POSSIBLE SUNSHINE  MM
  AVERAGE SKY COVER 0.2


WEATHER CONDITIONS
 THE FOLLOWING WEATHER WAS RECORDED TODAY.
  FOG


RELATIVE HUMIDITY (PERCENT)
 HIGHEST   100           600 AM
 LOWEST     60           200 PM
 AVERAGE    80

..........................................................


THE SHREVEPORT CLIMATE NORMALS FOR TOMORROW
                         NORMAL    RECORD    YEAR
 MAXIMUM TEMPERATURE (F)   94       103      1881
 MINIMUM TEMPERATURE (F)   72        56      1891


SUNRISE AND SUNSET
AUGUST 24 2016........SUNRISE   645 AM CDT   SUNSET   749 PM CDT
AUGUST 25 2016........SUNRISE   646 AM CDT   SUNSET   748 PM CDT


-  INDICATES NEGATIVE NUMBERS.
R  INDICATES RECORD WAS SET OR TIED.
MM INDICATES DATA IS MISSING.
T  INDICATES TRACE AMOUNT.




$$
