000
CDUS44 KSHV 220847
CLISHV


CLIMATE REPORT
NATIONAL WEATHER SERVICE SHREVEPORT, LA
247 AM CST WED FEB 22 2017


...................................

...THE SHREVEPORT CLIMATE SUMMARY FOR FEBRUARY 21 2017...

CLIMATE NORMAL PERIOD 1981 TO 2010
CLIMATE RECORD PERIOD 1874 TO 2017


WEATHER ITEM   OBSERVED TIME   RECORD YEAR NORMAL DEPARTURE LAST
                VALUE   (LST)  VALUE       VALUE  FROM      YEAR
                                                  NORMAL
..................................................................
TEMPERATURE (F)
 YESTERDAY
  MAXIMUM         71    318 PM  87    1996  63      8       72
  MINIMUM         56    508 AM  19    1978  41     15       62
  AVERAGE         64                        52     12       67

PRECIPITATION (IN)
  YESTERDAY        T             2.74 1983   0.17  -0.17     0.10
  MONTH TO DATE    1.37                      3.61  -2.24     1.26
  SINCE DEC 1      7.07                     12.58  -5.51     7.02
  SINCE JAN 1      3.93                      7.81  -3.88     4.13

SNOWFALL (IN)
  YESTERDAY        0.0
  MONTH TO DATE    0.0
  SINCE DEC 1      0.0
  SINCE JUL 1      0.0
  SNOW DEPTH       0

DEGREE DAYS
 HEATING
  YESTERDAY        1                        13    -12        0
  MONTH TO DATE  134                       323   -189      209
  SINCE DEC 1    852                      1424   -572     1036
  SINCE JUL 1   1006                      1795   -789     1213

 COOLING
  YESTERDAY        0                         0      0        2
  MONTH TO DATE   32                         0     32       12
  SINCE DEC 1     79                        11     68       54
  SINCE JAN 1     54                         4     50       18
..................................................................


WIND (MPH)
  HIGHEST WIND SPEED    14   HIGHEST WIND DIRECTION    NW (310)
  HIGHEST GUST SPEED    18   HIGHEST GUST DIRECTION    NW (310)
  AVERAGE WIND SPEED     6.1


SKY COVER
  POSSIBLE SUNSHINE  MM
  AVERAGE SKY COVER 1.0


WEATHER CONDITIONS
 THE FOLLOWING WEATHER WAS RECORDED YESTERDAY.
  LIGHT RAIN


RELATIVE HUMIDITY (PERCENT)
 HIGHEST   100           200 AM
 LOWEST     59           400 PM
 AVERAGE    80

..........................................................


THE SHREVEPORT CLIMATE NORMALS FOR TODAY
                         NORMAL    RECORD    YEAR
 MAXIMUM TEMPERATURE (F)   63        86      1996
                                             1980
 MINIMUM TEMPERATURE (F)   41        12      1978


SUNRISE AND SUNSET
FEBRUARY 22 2017......SUNRISE   650 AM CST   SUNSET   607 PM CST
FEBRUARY 23 2017......SUNRISE   649 AM CST   SUNSET   608 PM CST


-  INDICATES NEGATIVE NUMBERS.
R  INDICATES RECORD WAS SET OR TIED.
MM INDICATES DATA IS MISSING.
T  INDICATES TRACE AMOUNT.




$$
