000
CDUS44 KSHV 292136
CLISHV


CLIMATE REPORT
NATIONAL WEATHER SERVICE SHREVEPORT, LA
433 PM CDT THU SEP 29 2016


...................................

...THE SHREVEPORT CLIMATE SUMMARY FOR SEPTEMBER 29 2016...
VALID TODAY AS OF 0400 PM LOCAL TIME.

CLIMATE NORMAL PERIOD 1981 TO 2010
CLIMATE RECORD PERIOD 1874 TO 2016


WEATHER ITEM   OBSERVED TIME   RECORD YEAR NORMAL DEPARTURE LAST
                VALUE   (LST)  VALUE       VALUE  FROM      YEAR
                                                  NORMAL
..................................................................
TEMPERATURE (F)
 TODAY
  MAXIMUM         79    257 PM 101    1953  84     -5       91
  MINIMUM         62    629 AM  42    1967  61      1       71
  AVERAGE         71                        72     -1       81

PRECIPITATION (IN)
  TODAY            0.00          2.34 2012   0.12  -0.12     0.00
  MONTH TO DATE    0.16                      3.03  -2.87     0.07
  SINCE DEC 1     53.42                     41.79  11.63    48.68
  SINCE JAN 1     50.53                     37.02  13.51    44.93

DEGREE DAYS
 HEATING
  TODAY            0                         1     -1        0
  MONTH TO DATE    0                         3     -3        0
  SINCE SEP 1      0                         3     -3        0
  SINCE JUL 1      0                         3     -3        0

 COOLING
  TODAY            6                         8     -2       16
  MONTH TO DATE  479                       355    124      475
  SINCE SEP 1    479                       355    124      475
  SINCE JAN 1   2720                      2317    403     2751
..................................................................


WIND (MPH)
  HIGHEST WIND SPEED    18   HIGHEST WIND DIRECTION    NE (60)
  HIGHEST GUST SPEED    26   HIGHEST GUST DIRECTION     N (10)
  AVERAGE WIND SPEED    11.0


SKY COVER
  POSSIBLE SUNSHINE  MM
  AVERAGE SKY COVER 0.1


WEATHER CONDITIONS
 THE FOLLOWING WEATHER WAS RECORDED TODAY.
  NO SIGNIFICANT WEATHER WAS OBSERVED.


RELATIVE HUMIDITY (PERCENT)
 HIGHEST    70           100 AM
 LOWEST     35           300 PM
 AVERAGE    53

..........................................................


THE SHREVEPORT CLIMATE NORMALS FOR TOMORROW
                         NORMAL    RECORD    YEAR
 MAXIMUM TEMPERATURE (F)   83        99      1953
 MINIMUM TEMPERATURE (F)   60        42      1984


SUNRISE AND SUNSET
SEPTEMBER 29 2016.....SUNRISE   708 AM CDT   SUNSET   702 PM CDT
SEPTEMBER 30 2016.....SUNRISE   709 AM CDT   SUNSET   701 PM CDT


-  INDICATES NEGATIVE NUMBERS.
R  INDICATES RECORD WAS SET OR TIED.
MM INDICATES DATA IS MISSING.
T  INDICATES TRACE AMOUNT.




$$
