000
CDUS44 KSHV 160840
CLISHV


CLIMATE REPORT
NATIONAL WEATHER SERVICE SHREVEPORT, LA
235 AM CST MON JAN 16 2017


...................................

...THE SHREVEPORT CLIMATE SUMMARY FOR JANUARY 15 2017...

CLIMATE NORMAL PERIOD 1981 TO 2010
CLIMATE RECORD PERIOD 1874 TO 2017


WEATHER ITEM   OBSERVED TIME   RECORD YEAR NORMAL DEPARTURE LAST
                VALUE   (LST)  VALUE       VALUE  FROM      YEAR
                                                  NORMAL
..................................................................
TEMPERATURE (F)
 YESTERDAY
  MAXIMUM         73    201 PM  80    1952  57     16       71
                                      1950
  MINIMUM         52    114 AM  15    1888  36     16       41
  AVERAGE         63                        46     17       56

PRECIPITATION (IN)
  YESTERDAY        0.01          4.27 1885   0.14  -0.13     0.00
  MONTH TO DATE    0.48                      1.91  -1.43     1.50
  SINCE DEC 1      3.62                      6.68  -3.06     4.39
  SINCE JAN 1      0.48                      1.91  -1.43     1.50

SNOWFALL (IN)
  YESTERDAY        0.0
  MONTH TO DATE    0.0
  SINCE DEC 1      0.0
  SINCE JUL 1      0.0
  SNOW DEPTH       0

DEGREE DAYS
 HEATING
  YESTERDAY        2                        19    -17        9
  MONTH TO DATE  186                       285    -99      270
  SINCE DEC 1    586                       816   -230      570
  SINCE JUL 1    740                      1187   -447      747

 COOLING
  YESTERDAY        0                         0      0        0
  MONTH TO DATE   18                         0     18        0
  SINCE DEC 1     43                         7     36       36
  SINCE JAN 1     18                         0     18        0
..................................................................


WIND (MPH)
  HIGHEST WIND SPEED    16   HIGHEST WIND DIRECTION    SE (140)
  HIGHEST GUST SPEED    22   HIGHEST GUST DIRECTION    SE (140)
  AVERAGE WIND SPEED     7.8


SKY COVER
  POSSIBLE SUNSHINE  MM
  AVERAGE SKY COVER 0.8


WEATHER CONDITIONS
 THE FOLLOWING WEATHER WAS RECORDED YESTERDAY.
  LIGHT RAIN
  FOG


RELATIVE HUMIDITY (PERCENT)
 HIGHEST   100           100 AM
 LOWEST     68           200 PM
 AVERAGE    84

..........................................................


THE SHREVEPORT CLIMATE NORMALS FOR TODAY
                         NORMAL    RECORD    YEAR
 MAXIMUM TEMPERATURE (F)   57        81      1943
 MINIMUM TEMPERATURE (F)   36        17      1992
                                             1972


SUNRISE AND SUNSET
JANUARY 16 2017.......SUNRISE   717 AM CST   SUNSET   534 PM CST
JANUARY 17 2017.......SUNRISE   717 AM CST   SUNSET   535 PM CST


-  INDICATES NEGATIVE NUMBERS.
R  INDICATES RECORD WAS SET OR TIED.
MM INDICATES DATA IS MISSING.
T  INDICATES TRACE AMOUNT.




$$
