000
CDUS46 KMFR 260836
CLISIY


CLIMATE REPORT
NATIONAL WEATHER SERVICE MEDFORD, OR
136 AM PDT SAT JUL 26 2014


...................................

...THE MONTAGUE CA CLIMATE SUMMARY FOR JULY 25 2014...

CLIMATE NORMAL PERIOD 1981 TO 2010
CLIMATE RECORD PERIOD 1948 TO 2014


WEATHER ITEM   OBSERVED TIME   RECORD YEAR NORMAL DEPARTURE LAST
                VALUE   (LST)  VALUE       VALUE  FROM      YEAR
                                                  NORMAL
..................................................................
TEMPERATURE (F)
 YESTERDAY
  MAXIMUM         94    413 PM 103    2013  93      1      103
  MINIMUM         49    513 AM  48    2005  55     -6       63
  AVERAGE         72                        74     -2       83

PRECIPITATION (IN)
  YESTERDAY        0.00          0.07 2010   0.02  -0.02     0.00
  MONTH TO DATE    0.13                      0.32  -0.19      T
  SINCE SEP 1      7.54                     18.00 -10.46     8.62
  SINCE JAN 1      6.16                     10.53  -4.37     3.80

SNOWFALL (IN)
  YESTERDAY       MM                        MM     MM       MM
  MONTH TO DATE   MM                        MM     MM       MM
  SINCE JUL 1     MM                        MM     MM       MM
  SNOW DEPTH      MM

DEGREE DAYS
 HEATING
  YESTERDAY        0                         0      0        0
  MONTH TO DATE    0                         1     -1        0
  SINCE JUN 1     46                        94    -48       70
  SINCE JUL 1      0                         1     -1        0

 COOLING
  YESTERDAY        7                         9     -2       18
  MONTH TO DATE  346                       188    158      300
  SINCE JUN 1    429                       246    183      427
  SINCE JAN 1    436                       259    177      439
..................................................................


WIND (MPH)
  HIGHEST WIND SPEED    20   HIGHEST WIND DIRECTION     N (350)
  HIGHEST GUST SPEED    24   HIGHEST GUST DIRECTION     N (360)
  AVERAGE WIND SPEED     5.9


SKY COVER
  POSSIBLE SUNSHINE  MM
  AVERAGE SKY COVER 0.0


WEATHER CONDITIONS
 THE FOLLOWING WEATHER WAS RECORDED YESTERDAY.
  NO SIGNIFICANT WEATHER WAS OBSERVED.


RELATIVE HUMIDITY (PERCENT)
 HIGHEST    71           400 AM
 LOWEST      7           300 PM

..........................................................


THE MONTAGUE CA CLIMATE NORMALS FOR TODAY
                         NORMAL    RECORD    YEAR
 MAXIMUM TEMPERATURE (F)   93       104      2006
 MINIMUM TEMPERATURE (F)   55        40      1993


SUNRISE AND SUNSET
JULY 26 2014..........SUNRISE   558 AM PDT   SUNSET   834 PM PDT
JULY 27 2014..........SUNRISE   559 AM PDT   SUNSET   833 PM PDT


-  INDICATES NEGATIVE NUMBERS.
R  INDICATES RECORD WAS SET OR TIED.
MM INDICATES DATA IS MISSING.
T  INDICATES TRACE AMOUNT.




$$
