000
CDUS46 KMTR 280828
CLISJC


CLIMATE REPORT
NATIONAL WEATHER SERVICE SAN FRANCISCO BAY AREA
127 AM PDT SAT MAY 28 2016


...................................

...THE SAN JOSE AIRPORT CLIMATE SUMMARY FOR MAY 27 2016...

CLIMATE NORMAL PERIOD 1981 TO 2010
CLIMATE RECORD PERIOD 1893 TO 2016


WEATHER ITEM   OBSERVED TIME   RECORD YEAR NORMAL DEPARTURE LAST
                VALUE   (LST)  VALUE       VALUE  FROM      YEAR
                                                  NORMAL
..................................................................
TEMPERATURE (F)
 YESTERDAY
  MAXIMUM         80    211 PM 101    1984  77      3       72
  MINIMUM         53    509 AM  41    1900  54     -1       57
  AVERAGE         67                        65      2       65

PRECIPITATION (IN)
  YESTERDAY        0.00          1.62 1990   0.01  -0.01     0.00
  MONTH TO DATE    0.32                      0.37  -0.05     0.50
  SINCE OCT 1     14.91                     14.56   0.35    13.26
  SINCE JAN 1     10.21                      9.78   0.43     3.31

SNOWFALL (IN)
  YESTERDAY        0.0                      MM     MM        0.0
  MONTH TO DATE    0.0                      MM     MM        0.0
  SINCE MAR 1      0.0                      MM     MM        0.0
  SINCE JUL 1      0.0                      MM     MM        0.0

DEGREE DAYS
 HEATING
  YESTERDAY        0                         2     -2        0
  MONTH TO DATE   57                        76    -19      121
  SINCE MAR 1    374                       517   -143      422
  SINCE JUL 1   1744                      1980   -236     1642

 COOLING
  YESTERDAY        2                         2      0        0
  MONTH TO DATE   27                        43    -16        6
  SINCE MAR 1     56                        62     -6       27
  SINCE JAN 1     56                        62     -6       27
..................................................................


WIND (MPH)
  RESULTANT WIND SPEED   2   RESULTANT WIND DIRECTION  NW (310)
  HIGHEST WIND SPEED    20   HIGHEST WIND DIRECTION     W (290)
  HIGHEST GUST SPEED    23   HIGHEST GUST DIRECTION     W (290)
  AVERAGE WIND SPEED     8.7


SKY COVER
  POSSIBLE SUNSHINE  MM
  AVERAGE SKY COVER 0.2


WEATHER CONDITIONS
 THE FOLLOWING WEATHER WAS RECORDED YESTERDAY.
  FOG


RELATIVE HUMIDITY (PERCENT)
 HIGHEST    89           600 AM
 LOWEST     39           500 PM
 AVERAGE    64

..........................................................


THE SAN JOSE AIRPORT CLIMATE NORMALS FOR TODAY
                         NORMAL    RECORD    YEAR
 MAXIMUM TEMPERATURE (F)   77        97      1984
 MINIMUM TEMPERATURE (F)   54        45      2010
                                             1900


SUNRISE AND SUNSET
MAY 28 2016...........SUNRISE   550 AM PDT   SUNSET   820 PM PDT
MAY 29 2016...........SUNRISE   550 AM PDT   SUNSET   821 PM PDT


-  INDICATES NEGATIVE NUMBERS.
R  INDICATES RECORD WAS SET OR TIED.
MM INDICATES DATA IS MISSING.
T  INDICATES TRACE AMOUNT.




$$
