000
CDUS46 KMTR 260033
CLISJC


CLIMATE REPORT
NATIONAL WEATHER SERVICE SAN FRANCISCO BAY AREA
532 PM PDT THU MAY 25 2017


...................................

...THE SAN JOSE CA CLIMATE SUMMARY FOR MAY 25 2017...
VALID TODAY AS OF 0500 PM LOCAL TIME.

CLIMATE NORMAL PERIOD 1981 TO 2010
CLIMATE RECORD PERIOD 1893 TO 2017


WEATHER ITEM   OBSERVED TIME   RECORD YEAR NORMAL DEPARTURE LAST
                VALUE   (LST)  VALUE       VALUE  FROM      YEAR
                                                  NORMAL
..................................................................
TEMPERATURE (F)
 TODAY
  MAXIMUM         68    256 PM  95    1982  76     -8       72
  MINIMUM         55    340 AM  39    1893  54      1       56
  AVERAGE         62                        65     -3       64

PRECIPITATION (IN)
  TODAY            T             1.06 1934   0.01  -0.01     0.00
  MONTH TO DATE    T                         0.44  -0.44     0.32
  SINCE OCT 1     18.40                     15.43   2.97    14.91
  SINCE JAN 1     14.02                     10.34   3.68    10.21

SNOWFALL (IN)
  TODAY            0.0           0.0  1947
  MONTH TO DATE    0.0
  SINCE MAR 1      0.0
  SINCE JUL 1      0.0

DEGREE DAYS
 HEATING
  TODAY            3                         2      1        1
  MONTH TO DATE   51                        86    -35       56
  SINCE MAR 1    408                       558   -150      373
  SINCE JUL 1   1839                      2223   -384     1743

 COOLING
  TODAY            0                         2     -2        0
  MONTH TO DATE   69                        34     35       25
  SINCE MAR 1     72                        51     21       54
  SINCE JAN 1     72                        51     21       54
..................................................................


WIND (MPH)
  RESULTANT WIND SPEED  14   RESULTANT WIND DIRECTION   S (170)
  HIGHEST WIND SPEED    26   HIGHEST WIND DIRECTION     S (170)
  HIGHEST GUST SPEED    35   HIGHEST GUST DIRECTION     S (170)
  AVERAGE WIND SPEED    15.0


SKY COVER
  POSSIBLE SUNSHINE  MM
  AVERAGE SKY COVER 0.4


WEATHER CONDITIONS
 THE FOLLOWING WEATHER WAS RECORDED TODAY.
  NO SIGNIFICANT WEATHER WAS OBSERVED.


RELATIVE HUMIDITY (PERCENT)
 HIGHEST    77           200 AM
 LOWEST     53          1100 AM
 AVERAGE    65

..........................................................


THE SAN JOSE CA CLIMATE NORMALS FOR TOMORROW
                         NORMAL    RECORD    YEAR
 MAXIMUM TEMPERATURE (F)   76        95      1896
 MINIMUM TEMPERATURE (F)   54        40      1897


SUNRISE AND SUNSET
MAY 25 2017...........SUNRISE   552 AM PDT   SUNSET   818 PM PDT
MAY 26 2017...........SUNRISE   551 AM PDT   SUNSET   819 PM PDT


-  INDICATES NEGATIVE NUMBERS.
R  INDICATES RECORD WAS SET OR TIED.
MM INDICATES DATA IS MISSING.
T  INDICATES TRACE AMOUNT.




$$
