000
CDUS46 KMTR 260031
CLISJC


CLIMATE REPORT
NATIONAL WEATHER SERVICE SAN FRANCISCO BAY AREA
531 PM PDT TUE APR 25 2017


...................................

...THE SAN JOSE CA CLIMATE SUMMARY FOR APRIL 25 2017...
VALID TODAY AS OF 0500 PM LOCAL TIME.

CLIMATE NORMAL PERIOD 1981 TO 2010
CLIMATE RECORD PERIOD 1893 TO 2017


WEATHER ITEM   OBSERVED TIME   RECORD YEAR NORMAL DEPARTURE LAST
                VALUE   (LST)  VALUE       VALUE  FROM      YEAR
                                                  NORMAL
..................................................................
TEMPERATURE (F)
 TODAY
  MAXIMUM         67    344 PM  90    2004  71     -4       66
  MINIMUM         51    350 AM  32    1893  50      1       47
  AVERAGE         59                        60     -1       57

PRECIPITATION (IN)
  TODAY            0.00          0.71 1994   0.03  -0.03     0.00
  MONTH TO DATE    1.68                      1.04   0.64     1.47
  SINCE OCT 1     18.40                     14.85   3.55    14.53
  SINCE JAN 1     14.02                      9.76   4.26     9.83

SNOWFALL (IN)
  TODAY            0.0           0.0  1947
  MONTH TO DATE    0.0
  SINCE MAR 1      0.0
  SINCE JUL 1      0.0

DEGREE DAYS
 HEATING
  TODAY            6                         5      1        8
  MONTH TO DATE  134                       171    -37       86
  SINCE MAR 1    349                       447    -98      291
  SINCE JUL 1   1780                      2112   -332     1661

 COOLING
  TODAY            0                         1     -1        0
  MONTH TO DATE    0                         8     -8       29
  SINCE MAR 1      2                        10     -8       29
  SINCE JAN 1      2                        10     -8       29
..................................................................


WIND (MPH)
  RESULTANT WIND SPEED   9   RESULTANT WIND DIRECTION  NW (300)
  HIGHEST WIND SPEED    21   HIGHEST WIND DIRECTION    NW (320)
  HIGHEST GUST SPEED    28   HIGHEST GUST DIRECTION    NW (300)
  AVERAGE WIND SPEED    10.8


SKY COVER
  POSSIBLE SUNSHINE  MM
  AVERAGE SKY COVER 0.7


WEATHER CONDITIONS
 THE FOLLOWING WEATHER WAS RECORDED TODAY.
  NO SIGNIFICANT WEATHER WAS OBSERVED.


RELATIVE HUMIDITY (PERCENT)
 HIGHEST    77           100 AM
 LOWEST     52          1200 PM
 AVERAGE    65

..........................................................


THE SAN JOSE CA CLIMATE NORMALS FOR TOMORROW
                         NORMAL    RECORD    YEAR
 MAXIMUM TEMPERATURE (F)   71        93      2004
 MINIMUM TEMPERATURE (F)   50        38      1943


SUNRISE AND SUNSET
APRIL 25 2017.........SUNRISE   619 AM PDT   SUNSET   752 PM PDT
APRIL 26 2017.........SUNRISE   618 AM PDT   SUNSET   753 PM PDT


-  INDICATES NEGATIVE NUMBERS.
R  INDICATES RECORD WAS SET OR TIED.
MM INDICATES DATA IS MISSING.
T  INDICATES TRACE AMOUNT.




$$
