000
CDUS46 KMTR 250033
CLISJC


CLIMATE REPORT
NATIONAL WEATHER SERVICE SAN FRANCISCO BAY AREA
533 PM PDT SUN SEP 24 2017


...................................

...THE SAN JOSE CA CLIMATE SUMMARY FOR SEPTEMBER 24 2017...
VALID TODAY AS OF 0500 PM LOCAL TIME.

CLIMATE NORMAL PERIOD 1981 TO 2010
CLIMATE RECORD PERIOD 1893 TO 2017


WEATHER ITEM   OBSERVED TIME   RECORD YEAR NORMAL DEPARTURE LAST
                VALUE   (LST)  VALUE       VALUE  FROM      YEAR
                                                  NORMAL
..................................................................
TEMPERATURE (F)
 TODAY
  MAXIMUM         83    335 PM  98    1964  79      4       87
  MINIMUM         51    611 AM  40    1895  56     -5       57
  AVERAGE         67                        68     -1       72

PRECIPITATION (IN)
  TODAY            0.00          0.37 1982   0.01  -0.01     0.00
  MONTH TO DATE    0.04                      0.12  -0.08      T
  SINCE OCT 1     18.46                     15.76   2.70    14.91
  SINCE JAN 1     14.08                     10.67   3.41    10.21

SNOWFALL (IN)
  TODAY            0.0           0.0  1947
  MONTH TO DATE    0.0
  SINCE SEP 1      0.0
  SINCE JUL 1      0.0

DEGREE DAYS
 HEATING
  TODAY            0                         1     -1        0
  MONTH TO DATE    5                         4      1        0
  SINCE SEP 1      5                         4      1        0
  SINCE JUL 1      5                        10     -5        0

 COOLING
  TODAY            2                         3     -1        7
  MONTH TO DATE  222                        99    123       99
  SINCE SEP 1    222                        99    123       99
  SINCE JAN 1    867                       582    285      620
..................................................................


WIND (MPH)
  RESULTANT WIND SPEED   3   RESULTANT WIND DIRECTION   W (290)
  HIGHEST WIND SPEED    17   HIGHEST WIND DIRECTION    NW (300)
  HIGHEST GUST SPEED    21   HIGHEST GUST DIRECTION    NW (310)
  AVERAGE WIND SPEED     5.7


SKY COVER
  POSSIBLE SUNSHINE  MM
  AVERAGE SKY COVER 0.2


WEATHER CONDITIONS
 THE FOLLOWING WEATHER WAS RECORDED TODAY.
  NO SIGNIFICANT WEATHER WAS OBSERVED.


RELATIVE HUMIDITY (PERCENT)
 HIGHEST    63           600 AM
 LOWEST     17           200 PM
 AVERAGE    40

..........................................................


THE SAN JOSE CA CLIMATE NORMALS FOR TOMORROW
                         NORMAL    RECORD    YEAR
 MAXIMUM TEMPERATURE (F)   79        97      2016
                                             1952
 MINIMUM TEMPERATURE (F)   56        43      1948


SUNRISE AND SUNSET
SEPTEMBER 24 2017.....SUNRISE   657 AM PDT   SUNSET   701 PM PDT
SEPTEMBER 25 2017.....SUNRISE   658 AM PDT   SUNSET   659 PM PDT


-  INDICATES NEGATIVE NUMBERS.
R  INDICATES RECORD WAS SET OR TIED.
MM INDICATES DATA IS MISSING.
T  INDICATES TRACE AMOUNT.




$$
