000
CDUS46 KMTR 280826
CLISJC


CLIMATE REPORT
NATIONAL WEATHER SERVICE SAN FRANCISCO BAY AREA
126 AM PDT FRI AUG 28 2015


...................................

...THE SAN JOSE AIRPORT CLIMATE SUMMARY FOR AUGUST 27 2015...

CLIMATE NORMAL PERIOD 1981 TO 2010
CLIMATE RECORD PERIOD 1893 TO 2015


WEATHER ITEM   OBSERVED TIME   RECORD YEAR NORMAL DEPARTURE LAST
                VALUE   (LST)  VALUE       VALUE  FROM      YEAR
                                                  NORMAL
..................................................................
TEMPERATURE (F)
 YESTERDAY
  MAXIMUM         92    218 PM  99    1993  83      9       83
  MINIMUM         63    428 AM  43    1896  58      5       60
  AVERAGE         78                        71      7       72

PRECIPITATION (IN)
  YESTERDAY        0.00          0.10 1949   0.00   0.00     0.00
  MONTH TO DATE    0.02                      0.00   0.02      T
  SINCE OCT 1     13.38                     14.67  -1.29     5.69
  SINCE JAN 1      3.43                      9.89  -6.46     4.79

SNOWFALL (IN)
  YESTERDAY        0.0                      MM     MM        0.0
  MONTH TO DATE    0.0                      MM     MM        0.0
  SINCE JUN 1      0.0                      MM     MM        0.0
  SINCE JUL 1      0.0                      MM     MM        0.0

DEGREE DAYS
 HEATING
  YESTERDAY        0                         0      0        0
  MONTH TO DATE    0                         0      0        0
  SINCE JUN 1     10                        16     -6        9
  SINCE JUL 1      0                         1     -1        0

 COOLING
  YESTERDAY       13                         6      7        7
  MONTH TO DATE  167                       162      5      121
  SINCE JUN 1    438                       461    -23      383
  SINCE JAN 1    465                       531    -66      474
..................................................................


WIND (MPH)
  RESULTANT WIND SPEED   5   RESULTANT WIND DIRECTION  NW (310)
  HIGHEST WIND SPEED    23   HIGHEST WIND DIRECTION    NW (300)
  HIGHEST GUST SPEED    29   HIGHEST GUST DIRECTION    NW (300)
  AVERAGE WIND SPEED     5.6


SKY COVER
  POSSIBLE SUNSHINE  MM
  AVERAGE SKY COVER 0.4


WEATHER CONDITIONS
 THE FOLLOWING WEATHER WAS RECORDED YESTERDAY.
  NO SIGNIFICANT WEATHER WAS OBSERVED.


RELATIVE HUMIDITY (PERCENT)
 HIGHEST    78           600 AM
 LOWEST     18           200 PM
 AVERAGE    48

..........................................................


THE SAN JOSE AIRPORT CLIMATE NORMALS FOR TODAY
                         NORMAL    RECORD    YEAR
 MAXIMUM TEMPERATURE (F)   83       101      2009
 MINIMUM TEMPERATURE (F)   58        45      1902


SUNRISE AND SUNSET
AUGUST 28 2015........SUNRISE   635 AM PDT   SUNSET   742 PM PDT
AUGUST 29 2015........SUNRISE   636 AM PDT   SUNSET   741 PM PDT


-  INDICATES NEGATIVE NUMBERS.
R  INDICATES RECORD WAS SET OR TIED.
MM INDICATES DATA IS MISSING.
T  INDICATES TRACE AMOUNT.




$$
