000
CDUS44 KSJT 242326
CLISJT


CLIMATE REPORT
NATIONAL WEATHER SERVICE SAN ANGELO TX
526 PM CST SAT JAN 24 2015


...................................

...THE SAN ANGELO CLIMATE SUMMARY FOR JANUARY 24 2015...
VALID TODAY AS OF 0500 PM LOCAL TIME.

CLIMATE NORMAL PERIOD 1981 TO 2010
CLIMATE RECORD PERIOD 1907 TO 2015


WEATHER ITEM   OBSERVED TIME   RECORD YEAR NORMAL DEPARTURE LAST
                VALUE   (LST)  VALUE       VALUE  FROM      YEAR
                                                  NORMAL
..................................................................
TEMPERATURE (F)
 TODAY
  MAXIMUM         62    358 PM  89    1943  60      2       46
  MINIMUM         30    619 AM   6    1963  34     -4       24
  AVERAGE         46                        47     -1       35

PRECIPITATION (IN)
  TODAY            0.00          1.08 1926   0.04  -0.04     0.00
  MONTH TO DATE    1.50                      0.70   0.80      T
  SINCE DEC 1      1.86                      1.55   0.31     1.15
  SINCE JAN 1      1.50                      0.70   0.80      T

SNOWFALL (IN)
  TODAY            0.0           9.0  1926   0.0    0.0      0.0
  MONTH TO DATE    T                         1.0   -1.0       T
  SINCE NOV 1      T                         1.6   -1.6      1.5
  SINCE JUL 1      T                         1.6   -1.6      1.5

DEGREE DAYS
 HEATING
  TODAY           19                        18      1       30
  MONTH TO DATE  558                       451    107      449
  SINCE DEC 1    949                      1018    -69     1072
  SINCE JUL 1   1319                      1418    -99     1548

 COOLING
  TODAY            0                         0      0        0
  MONTH TO DATE    0                         0      0        0
  SINCE DEC 1      1                         1      0        3
  SINCE JAN 1      0                         0      0        0
..................................................................


WIND (MPH)
  HIGHEST WIND SPEED    14   HIGHEST WIND DIRECTION     W (290)
  HIGHEST GUST SPEED    17   HIGHEST GUST DIRECTION     W (280)
  AVERAGE WIND SPEED     7.7


SKY COVER
  POSSIBLE SUNSHINE  MM
  AVERAGE SKY COVER 0.0


WEATHER CONDITIONS
 THE FOLLOWING WEATHER WAS RECORDED TODAY.
  NO SIGNIFICANT WEATHER WAS OBSERVED.


RELATIVE HUMIDITY (PERCENT)
 HIGHEST    92           100 AM
 LOWEST     36           400 PM
 AVERAGE    64

..........................................................


THE SAN ANGELO CLIMATE NORMALS FOR TOMORROW
                         NORMAL    RECORD    YEAR
 MAXIMUM TEMPERATURE (F)   60        82      1950
 MINIMUM TEMPERATURE (F)   34         4      1926


SUNRISE AND SUNSET
JANUARY 24 2015.......SUNRISE   739 AM CST   SUNSET   610 PM CST
JANUARY 25 2015.......SUNRISE   738 AM CST   SUNSET   611 PM CST


-  INDICATES NEGATIVE NUMBERS.
R  INDICATES RECORD WAS SET OR TIED.
MM INDICATES DATA IS MISSING.
T  INDICATES TRACE AMOUNT.




$$
