000
CDUS44 KSJT 062240
CLISJT


CLIMATE REPORT
NATIONAL WEATHER SERVICE SAN ANGELO TX
539 PM CDT FRI MAY 6 2016


...................................

...THE SAN ANGELO CLIMATE SUMMARY FOR MAY 6 2016...
VALID TODAY AS OF 0500 PM LOCAL TIME.

CLIMATE NORMAL PERIOD 1981 TO 2010
CLIMATE RECORD PERIOD 1907 TO 2016


WEATHER ITEM   OBSERVED TIME   RECORD YEAR NORMAL DEPARTURE LAST
                VALUE   (LST)  VALUE       VALUE  FROM      YEAR
                                                  NORMAL
..................................................................
TEMPERATURE (F)
 TODAY
  MAXIMUM         89    359 PM 104    2000  85      4       88
                                      1984
  MINIMUM         51    625 AM  41    1991  59     -8       64
                                      1924
  AVERAGE         70                        72     -2       76

PRECIPITATION (IN)
  TODAY            0.00          1.49 1926   0.07  -0.07     0.00
  MONTH TO DATE    T                         0.42  -0.42     0.29
  SINCE MAR 1      8.43                      3.34   5.09     3.77
  SINCE JAN 1      9.23                      5.62   3.61     6.03

DEGREE DAYS
 HEATING
  TODAY            0                         1     -1        0
  MONTH TO DATE   14                         6      8        0
  SINCE MAR 1    224                       351   -127      330
  SINCE JUL 1   1817                      2312   -495     2177

 COOLING
  TODAY            5                         8     -3       11
  MONTH TO DATE    7                        42    -35       44
  SINCE MAR 1    131                       193    -62      238
  SINCE JAN 1    141                       198    -57      240
..................................................................


WIND (MPH)
  HIGHEST WIND SPEED    22   HIGHEST WIND DIRECTION    SE (130)
  HIGHEST GUST SPEED    29   HIGHEST GUST DIRECTION    SE (120)
  AVERAGE WIND SPEED     8.9


SKY COVER
  POSSIBLE SUNSHINE  MM
  AVERAGE SKY COVER 0.0


WEATHER CONDITIONS
 THE FOLLOWING WEATHER WAS RECORDED TODAY.
  NO SIGNIFICANT WEATHER WAS OBSERVED.


RELATIVE HUMIDITY (PERCENT)
 HIGHEST    77           500 AM
 LOWEST     23           300 PM
 AVERAGE    50

..........................................................


THE SAN ANGELO CLIMATE NORMALS FOR TOMORROW
                         NORMAL    RECORD    YEAR
 MAXIMUM TEMPERATURE (F)   86       103      2011
                                             2000
 MINIMUM TEMPERATURE (F)   59        37      1982


SUNRISE AND SUNSET
MAY  6 2016...........SUNRISE   652 AM CDT   SUNSET   825 PM CDT
MAY  7 2016...........SUNRISE   651 AM CDT   SUNSET   826 PM CDT


-  INDICATES NEGATIVE NUMBERS.
R  INDICATES RECORD WAS SET OR TIED.
MM INDICATES DATA IS MISSING.
T  INDICATES TRACE AMOUNT.




$$
