000
CDUS44 KSJT 160841
CLISJT


CLIMATE REPORT
NATIONAL WEATHER SERVICE SAN ANGELO TX
240 AM CST TUE JAN 16 2018


...................................

...THE SAN ANGELO CLIMATE SUMMARY FOR JANUARY 15 2018...

CLIMATE NORMAL PERIOD 1981 TO 2010
CLIMATE RECORD PERIOD 1907 TO 2018


WEATHER ITEM   OBSERVED TIME   RECORD YEAR NORMAL DEPARTURE LAST
                VALUE   (LST)  VALUE       VALUE  FROM      YEAR
                                                  NORMAL
..................................................................
TEMPERATURE (F)
 YESTERDAY
  MAXIMUM         68    420 PM  77    1974  59      9       66
                                      1952
                                      1932
  MINIMUM         28    550 AM   3    1944  33     -5       41
  AVERAGE         48                        46      2       54

PRECIPITATION (IN)
  YESTERDAY        0.00          1.04 2004   0.03  -0.03     0.59
  MONTH TO DATE    T                         0.41  -0.41     0.96
  SINCE DEC 1      1.13                      1.26  -0.13     1.70
  SINCE JAN 1      T                         0.41  -0.41     0.96

SNOWFALL (IN)
  YESTERDAY        0.0           4.5  1917   0.0    0.0      0.0
                                      1964
  MONTH TO DATE    T                         0.6   -0.6       T
  SINCE NOV 1      T                         1.2   -1.2       T
  SINCE JUL 1      T                         1.2   -1.2       T
  SNOW DEPTH       0

DEGREE DAYS
 HEATING
  YESTERDAY       17                        19     -2       11
  MONTH TO DATE  327                       285     42      256
  SINCE DEC 1    881                       852     29      730
  SINCE JUL 1   1181                      1252    -71      898

 COOLING
  YESTERDAY        0                         0      0        0
  MONTH TO DATE    0                         0      0        0
  SINCE DEC 1      3                         1      2        1
  SINCE JAN 1      0                         0      0        0
..................................................................


WIND (MPH)
  HIGHEST WIND SPEED    38   HIGHEST WIND DIRECTION     N (20)
  HIGHEST GUST SPEED    45   HIGHEST GUST DIRECTION     N (20)
  AVERAGE WIND SPEED    14.0


SKY COVER
  POSSIBLE SUNSHINE  MM
  AVERAGE SKY COVER 0.3


WEATHER CONDITIONS
 THE FOLLOWING WEATHER WAS RECORDED YESTERDAY.
  FOG


RELATIVE HUMIDITY (PERCENT)
 HIGHEST    92           800 AM
 LOWEST     32           400 PM
 AVERAGE    62

..........................................................


THE SAN ANGELO CLIMATE NORMALS FOR TODAY
                         NORMAL    RECORD    YEAR
 MAXIMUM TEMPERATURE (F)   59        81      1914
 MINIMUM TEMPERATURE (F)   33        15      1982


SUNRISE AND SUNSET
JANUARY 16 2018.......SUNRISE   741 AM CST   SUNSET   603 PM CST
JANUARY 17 2018.......SUNRISE   741 AM CST   SUNSET   604 PM CST


-  INDICATES NEGATIVE NUMBERS.
R  INDICATES RECORD WAS SET OR TIED.
MM INDICATES DATA IS MISSING.
T  INDICATES TRACE AMOUNT.




$$
