000
CDUS44 KSJT 271233 CCA
CLISJT

CLIMATE REPORT
NATIONAL WEATHER SERVICE SAN ANGELO TX
733 AM CDT THU APR 27 2017


...................................

...THE SAN ANGELO CLIMATE SUMMARY FOR APRIL 26 2017...

CLIMATE NORMAL PERIOD 1981 TO 2010
CLIMATE RECORD PERIOD 1907 TO 2017


WEATHER ITEM   OBSERVED TIME   RECORD YEAR NORMAL DEPARTURE LAST
                VALUE   (LST)  VALUE       VALUE  FROM      YEAR
                                                  NORMAL
..................................................................
TEMPERATURE (F)
 YESTERDAY
  MAXIMUM         78    200 PM 105    2012  83     -5       87
  MINIMUM         50   1053 PM  38    2007  55     -5       61
  AVERAGE         64                        69     -5       74

PRECIPITATION (IN)
  YESTERDAY        T             2.35 1957   0.05  -0.05     0.01
  MONTH TO DATE    1.46                      1.18   0.28     5.10
  SINCE MAR 1      1.71                      2.68  -0.97     8.43
  SINCE JAN 1      4.42                      4.96  -0.54     9.23

SNOWFALL (IN)
  YESTERDAY        0.0           0.0  2002   0.0    0.0      0.0
  MONTH TO DATE    T                         0.0    0.0      0.0
  SINCE NOV 1      T                         2.2   -2.2      3.1
  SINCE JUL 1      T                         2.2   -2.2      3.1
  SNOW DEPTH       0

DEGREE DAYS
 HEATING
  YESTERDAY        1                         1      0        0
  MONTH TO DATE   48                        84    -36       55
  SINCE MAR 1    168                       341   -173      210
  SINCE JUL 1   1492                      2302   -810     1803

 COOLING
  YESTERDAY        0                         5     -5        9
  MONTH TO DATE  134                        93     41       70
  SINCE MAR 1    251                       126    125      112
  SINCE JAN 1    278                       131    147      122
..................................................................


WIND (MPH)
  HIGHEST WIND SPEED    31   HIGHEST WIND DIRECTION    NW (320)
  HIGHEST GUST SPEED    39   HIGHEST GUST DIRECTION     W (290)
  AVERAGE WIND SPEED    16.1


SKY COVER
  POSSIBLE SUNSHINE  MM
  AVERAGE SKY COVER 0.1


WEATHER CONDITIONS
 THE FOLLOWING WEATHER WAS RECORDED YESTERDAY.
  LIGHT RAIN


RELATIVE HUMIDITY (PERCENT)
 HIGHEST    50          1100 PM
 LOWEST     19          1000 AM
 AVERAGE    35

..........................................................


THE SAN ANGELO CLIMATE NORMALS FOR TODAY
                         NORMAL    RECORD    YEAR
 MAXIMUM TEMPERATURE (F)   83       102      2012
 MINIMUM TEMPERATURE (F)   55        39      1916
                                             1908


SUNRISE AND SUNSET
APRIL 27 2017.........SUNRISE   701 AM CDT   SUNSET   819 PM CDT
APRIL 28 2017.........SUNRISE   700 AM CDT   SUNSET   820 PM CDT


-  INDICATES NEGATIVE NUMBERS.
R  INDICATES RECORD WAS SET OR TIED.
MM INDICATES DATA IS MISSING.
T  INDICATES TRACE AMOUNT.




$$
