000
CDUS44 KSJT 222228
CLISJT


CLIMATE REPORT
NATIONAL WEATHER SERVICE SAN ANGELO TX
528 PM CDT THU JUN 22 2017


...................................

...THE SAN ANGELO CLIMATE SUMMARY FOR JUNE 22 2017...
VALID TODAY AS OF 0500 PM LOCAL TIME.

CLIMATE NORMAL PERIOD 1981 TO 2010
CLIMATE RECORD PERIOD 1907 TO 2017


WEATHER ITEM   OBSERVED TIME   RECORD YEAR NORMAL DEPARTURE LAST
                VALUE   (LST)  VALUE       VALUE  FROM      YEAR
                                                  NORMAL
..................................................................
TEMPERATURE (F)
 TODAY
  MAXIMUM        103    400 PM 107    1969  93     10       97
  MINIMUM         64    900 AM  48    1912  70     -6       73
  AVERAGE         84                        81      3       85

PRECIPITATION (IN)
  TODAY            0.00          0.44 1980   0.08  -0.08     0.00
  MONTH TO DATE    0.21                      2.09  -1.88     3.12
  SINCE JUN 1      0.21                      2.09  -1.88     3.12
  SINCE JAN 1      6.69                     10.11  -3.42    18.75

DEGREE DAYS
 HEATING
  TODAY            0                         0      0        0
  MONTH TO DATE    0                         0      0        0
  SINCE JUN 1      0                         0      0        0
  SINCE JUL 1   1507                      2316   -809     1825

 COOLING
  TODAY           19                        16      3       20
  MONTH TO DATE  411                       328     83      318
  SINCE JUN 1    411                       328     83      318
  SINCE JAN 1    987                       788    199      729
..................................................................


WIND (MPH)
  HIGHEST WIND SPEED     8   HIGHEST WIND DIRECTION    NE (60)
  HIGHEST GUST SPEED    MM   HIGHEST GUST DIRECTION    MM
  AVERAGE WIND SPEED     4.1


SKY COVER
  POSSIBLE SUNSHINE  MM
  AVERAGE SKY COVER 0.0


WEATHER CONDITIONS
 THE FOLLOWING WEATHER WAS RECORDED TODAY.
  NO SIGNIFICANT WEATHER WAS OBSERVED.


RELATIVE HUMIDITY (PERCENT)
 HIGHEST    43           900 AM
 LOWEST     20           300 PM
 AVERAGE    32

..........................................................


THE SAN ANGELO CLIMATE NORMALS FOR TOMORROW
                         NORMAL    RECORD    YEAR
 MAXIMUM TEMPERATURE (F)   93       106      1969
 MINIMUM TEMPERATURE (F)   70        49      1912


SUNRISE AND SUNSET
JUNE 22 2017..........SUNRISE   638 AM CDT   SUNSET   850 PM CDT
JUNE 23 2017..........SUNRISE   639 AM CDT   SUNSET   850 PM CDT


-  INDICATES NEGATIVE NUMBERS.
R  INDICATES RECORD WAS SET OR TIED.
MM INDICATES DATA IS MISSING.
T  INDICATES TRACE AMOUNT.




$$
