000
CDUS44 KSJT 080702
CLISJT


CLIMATE REPORT
NATIONAL WEATHER SERVICE SAN ANGELO TX
102 AM CST THU DEC 8 2016


...................................

...THE SAN ANGELO CLIMATE SUMMARY FOR DECEMBER 7 2016...

CLIMATE NORMAL PERIOD 1981 TO 2010
CLIMATE RECORD PERIOD 1907 TO 2016


WEATHER ITEM   OBSERVED TIME   RECORD YEAR NORMAL DEPARTURE LAST
                VALUE   (LST)  VALUE       VALUE  FROM      YEAR
                                                  NORMAL
..................................................................
TEMPERATURE (F)
 YESTERDAY
  MAXIMUM         54    312 PM  83    1966  61     -7       71
  MINIMUM         35   1240 AM  19    2013  35      0       28
  AVERAGE         45                        48     -3       50

PRECIPITATION (IN)
  YESTERDAY        0.00          2.03 1926   0.03  -0.03     0.00
  MONTH TO DATE    0.73                      0.17   0.56     0.00
  SINCE DEC 1      0.73                      0.17   0.56     0.00
  SINCE JAN 1     35.71                     20.57  15.14    24.52

SNOWFALL (IN)
  YESTERDAY        0.0           0.0  2002   0.0    0.0      0.0
  MONTH TO DATE    0.0                       0.1   -0.1      0.0
  SINCE NOV 1      0.0                       0.4   -0.4      0.0
  SINCE JUL 1      0.0                       0.4   -0.4      0.0
  SNOW DEPTH       0

DEGREE DAYS
 HEATING
  YESTERDAY       20                        17      3       15
  MONTH TO DATE  127                       115     12      112
  SINCE DEC 1    127                       115     12      112
  SINCE JUL 1    295                       515   -220      398

 COOLING
  YESTERDAY        0                         0      0        0
  MONTH TO DATE    0                         0      0        0
  SINCE DEC 1      0                         0      0        0
  SINCE JAN 1   2829                      2502    327     2928
..................................................................


WIND (MPH)
  HIGHEST WIND SPEED    22   HIGHEST WIND DIRECTION    NE (40)
  HIGHEST GUST SPEED    29   HIGHEST GUST DIRECTION    NE (40)
  AVERAGE WIND SPEED     8.7


SKY COVER
  POSSIBLE SUNSHINE  MM
  AVERAGE SKY COVER 0.9


WEATHER CONDITIONS
 THE FOLLOWING WEATHER WAS RECORDED YESTERDAY.
  NO SIGNIFICANT WEATHER WAS OBSERVED.


RELATIVE HUMIDITY (PERCENT)
 HIGHEST   100           500 AM
 LOWEST     66           400 PM
 AVERAGE    83

..........................................................


THE SAN ANGELO CLIMATE NORMALS FOR TODAY
                         NORMAL    RECORD    YEAR
 MAXIMUM TEMPERATURE (F)   61        85      1977
 MINIMUM TEMPERATURE (F)   34        12      2005


SUNRISE AND SUNSET
DECEMBER  8 2016......SUNRISE   729 AM CST   SUNSET   539 PM CST
DECEMBER  9 2016......SUNRISE   730 AM CST   SUNSET   539 PM CST


-  INDICATES NEGATIVE NUMBERS.
R  INDICATES RECORD WAS SET OR TIED.
MM INDICATES DATA IS MISSING.
T  INDICATES TRACE AMOUNT.




$$
