000
CDUS44 KSJT 310653
CLISJT


CLIMATE REPORT
NATIONAL WEATHER SERVICE SAN ANGELO TX
153 AM CDT MON AUG 31 2015


...................................

...THE SAN ANGELO CLIMATE SUMMARY FOR AUGUST 30 2015...

CLIMATE NORMAL PERIOD 1981 TO 2010
CLIMATE RECORD PERIOD 1907 TO 2015


WEATHER ITEM   OBSERVED TIME   RECORD YEAR NORMAL DEPARTURE LAST
                VALUE   (LST)  VALUE       VALUE  FROM      YEAR
                                                  NORMAL
..................................................................
TEMPERATURE (F)
 YESTERDAY
  MAXIMUM         93    345 PM 106    2011  93      0       98
                                      1959
  MINIMUM         69   1159 PM  57    1917  69      0       67
  AVERAGE         81                        81      0       83

PRECIPITATION (IN)
  YESTERDAY        0.00          1.62 2003   0.10  -0.10     0.00
  MONTH TO DATE    1.28                      2.15  -0.87     0.65
  SINCE JUN 1      5.38                      5.94  -0.56     3.71
  SINCE JAN 1     20.24                     13.96   6.28    11.98

DEGREE DAYS
 HEATING
  YESTERDAY        0                         0      0        0
  MONTH TO DATE    0                         0      0        0
  SINCE JUN 1      0                         0      0        0
  SINCE JUL 1      0                         0      0        0

 COOLING
  YESTERDAY       16                        16      0       18
  MONTH TO DATE  658                       536    122      572
  SINCE JUN 1   1732                      1563    169     1635
  SINCE JAN 1   2199                      2023    176     2237
..................................................................


WIND (MPH)
  HIGHEST WIND SPEED    23   HIGHEST WIND DIRECTION     S (190)
  HIGHEST GUST SPEED    28   HIGHEST GUST DIRECTION     S (180)
  AVERAGE WIND SPEED     5.3


SKY COVER
  POSSIBLE SUNSHINE  MM
  AVERAGE SKY COVER 0.3


WEATHER CONDITIONS
 THE FOLLOWING WEATHER WAS RECORDED YESTERDAY.
  THUNDERSTORM


RELATIVE HUMIDITY (PERCENT)
 HIGHEST    73           500 AM
 LOWEST     30           300 PM
 AVERAGE    52

..........................................................


THE SAN ANGELO CLIMATE NORMALS FOR TODAY
                         NORMAL    RECORD    YEAR
 MAXIMUM TEMPERATURE (F)   92       104      1952
                                             1927
                                             1924
 MINIMUM TEMPERATURE (F)   69        45      1915


SUNRISE AND SUNSET
AUGUST 31 2015........SUNRISE   717 AM CDT   SUNSET   807 PM CDT
SEPTEMBER  1 2015.....SUNRISE   718 AM CDT   SUNSET   806 PM CDT


-  INDICATES NEGATIVE NUMBERS.
R  INDICATES RECORD WAS SET OR TIED.
MM INDICATES DATA IS MISSING.
T  INDICATES TRACE AMOUNT.




$$
