000
CDUS44 KSJT 240806
CLISJT


CLIMATE REPORT
NATIONAL WEATHER SERVICE SAN ANGELO TX
206 AM CST TUE JAN 24 2017


...................................

...THE SAN ANGELO CLIMATE SUMMARY FOR JANUARY 23 2017...

CLIMATE NORMAL PERIOD 1981 TO 2010
CLIMATE RECORD PERIOD 1907 TO 2017


WEATHER ITEM   OBSERVED TIME   RECORD YEAR NORMAL DEPARTURE LAST
                VALUE   (LST)  VALUE       VALUE  FROM      YEAR
                                                  NORMAL
..................................................................
TEMPERATURE (F)
 YESTERDAY
  MAXIMUM         79    417 PM  86    1972  60     19       65
  MINIMUM         29    712 AM  10    1963  34     -5       25
                                      1946
                                      1940
  AVERAGE         54                        47      7       45

PRECIPITATION (IN)
  YESTERDAY        0.00          0.75 1938   0.04  -0.04     0.00
  MONTH TO DATE    1.35                      0.66   0.69      T
  SINCE DEC 1      2.09                      1.51   0.58     2.26
  SINCE JAN 1      1.35                      0.66   0.69      T

SNOWFALL (IN)
  YESTERDAY        0.0           4.0  1926   0.1   -0.1      0.0
  MONTH TO DATE    T                         1.0   -1.0      0.0
  SINCE NOV 1      T                         1.6   -1.6      3.1
  SINCE JUL 1      T                         1.6   -1.6      3.1
  SNOW DEPTH       0

DEGREE DAYS
 HEATING
  YESTERDAY       11                        18     -7       20
  MONTH TO DATE  350                       433    -83      457
  SINCE DEC 1    824                      1000   -176      877
  SINCE JUL 1    992                      1400   -408     1163

 COOLING
  YESTERDAY        0                         0      0        0
  MONTH TO DATE    0                         0      0        0
  SINCE DEC 1      1                         1      0        0
  SINCE JAN 1      0                         0      0        0
..................................................................


WIND (MPH)
  HIGHEST WIND SPEED    23   HIGHEST WIND DIRECTION    SW (220)
  HIGHEST GUST SPEED    29   HIGHEST GUST DIRECTION    SW (220)
  AVERAGE WIND SPEED     9.0


SKY COVER
  POSSIBLE SUNSHINE  MM
  AVERAGE SKY COVER 0.0


WEATHER CONDITIONS
 THE FOLLOWING WEATHER WAS RECORDED YESTERDAY.
  NO SIGNIFICANT WEATHER WAS OBSERVED.


RELATIVE HUMIDITY (PERCENT)
 HIGHEST    92           700 AM
 LOWEST     19           400 PM
 AVERAGE    56

..........................................................


THE SAN ANGELO CLIMATE NORMALS FOR TODAY
                         NORMAL    RECORD    YEAR
 MAXIMUM TEMPERATURE (F)   60        89      1943
 MINIMUM TEMPERATURE (F)   34         6      1963


SUNRISE AND SUNSET
JANUARY 24 2017.......SUNRISE   739 AM CST   SUNSET   610 PM CST
JANUARY 25 2017.......SUNRISE   738 AM CST   SUNSET   611 PM CST


-  INDICATES NEGATIVE NUMBERS.
R  INDICATES RECORD WAS SET OR TIED.
MM INDICATES DATA IS MISSING.
T  INDICATES TRACE AMOUNT.




$$
