000
CDUS44 KSJT 310651
CLISJT


CLIMATE REPORT
NATIONAL WEATHER SERVICE SAN ANGELO TX
150 AM CDT SUN AUG 31 2014


...................................

...THE SAN ANGELO CLIMATE SUMMARY FOR AUGUST 30 2014...

CLIMATE NORMAL PERIOD 1981 TO 2010
CLIMATE RECORD PERIOD 1907 TO 2014


WEATHER ITEM   OBSERVED TIME   RECORD YEAR NORMAL DEPARTURE LAST
                VALUE   (LST)  VALUE       VALUE  FROM      YEAR
                                                  NORMAL
..................................................................
TEMPERATURE (F)
 YESTERDAY
  MAXIMUM         98    339 PM 106    2011  93      5       98
                                      1959
  MINIMUM         67    637 AM  57    1917  69     -2       67
  AVERAGE         83                        81      2       83

PRECIPITATION (IN)
  YESTERDAY        0.00          1.62 2003   0.10  -0.10     0.00
  MONTH TO DATE    0.65                      2.15  -1.50     0.81
  SINCE JUN 1      3.71                      5.94  -2.23     5.38
  SINCE JAN 1     11.98                     13.96  -1.98    11.76

DEGREE DAYS
 HEATING
  YESTERDAY        0                         0      0        0
  MONTH TO DATE    0                         0      0        0
  SINCE JUN 1      0                         0      0        0
  SINCE JUL 1      0                         0      0        0

 COOLING
  YESTERDAY       18                        16      2       18
  MONTH TO DATE  572                       536     36      594
  SINCE JUN 1   1635                      1563     72     1709
  SINCE JAN 1   2237                      2023    214     2305
..................................................................


WIND (MPH)
  HIGHEST WIND SPEED    16   HIGHEST WIND DIRECTION    SE (150)
  HIGHEST GUST SPEED    22   HIGHEST GUST DIRECTION    SE (130)
  AVERAGE WIND SPEED     5.7


SKY COVER
  POSSIBLE SUNSHINE  MM
  AVERAGE SKY COVER 0.1


WEATHER CONDITIONS
 THE FOLLOWING WEATHER WAS RECORDED YESTERDAY.
  NO SIGNIFICANT WEATHER WAS OBSERVED.


RELATIVE HUMIDITY (PERCENT)
 HIGHEST    90           300 AM
 LOWEST     30           400 PM
 AVERAGE    60

..........................................................


THE SAN ANGELO CLIMATE NORMALS FOR TODAY
                         NORMAL    RECORD    YEAR
 MAXIMUM TEMPERATURE (F)   92       104      1952
                                             1927
                                             1924
 MINIMUM TEMPERATURE (F)   69        45      1915


SUNRISE AND SUNSET
AUGUST 31 2014........SUNRISE   717 AM CDT   SUNSET   807 PM CDT
SEPTEMBER  1 2014.....SUNRISE   718 AM CDT   SUNSET   805 PM CDT


-  INDICATES NEGATIVE NUMBERS.
R  INDICATES RECORD WAS SET OR TIED.
MM INDICATES DATA IS MISSING.
T  INDICATES TRACE AMOUNT.




$$
