000
CDUS45 KSLC 241227
CLISLC


CLIMATE REPORT
NATIONAL WEATHER SERVICE SALT LAKE CITY UT
627 AM MDT FRI MAR 24 2017


...................................

...THE SALT LAKE CITY UT CLIMATE SUMMARY FOR MARCH 23 2017...

CLIMATE NORMAL PERIOD 1981 TO 2010
CLIMATE RECORD PERIOD 1874 TO 2017


WEATHER ITEM   OBSERVED TIME   RECORD YEAR NORMAL DEPARTURE LAST
                VALUE   (LST)  VALUE       VALUE  FROM      YEAR
                                                  NORMAL
..................................................................
TEMPERATURE (F)
 YESTERDAY
  MAXIMUM         48   1202 AM  74    2004  56     -8       49
  MINIMUM         33    117 PM  11    1898  35     -2       35
  AVERAGE         41                        46     -5       42

PRECIPITATION (IN)
  YESTERDAY        1.97R         1.97 2017   0.07   1.90      T
  MONTH TO DATE    2.43                      1.28   1.15     1.42
  SINCE OCT 1     10.73                      8.16   2.57     7.13
  SINCE JAN 1      6.09                      3.78   2.31     3.88

SNOWFALL (IN)
  YESTERDAY        0.2           3.0  1996   0.2    0.0       T
  MONTH TO DATE    3.6                       5.0   -1.4      1.3
  SINCE OCT 1     50.3                      50.4   -0.1     32.9
  SINCE JUL 1     50.3                      50.4   -0.1     32.9
  SNOW DEPTH       0

DEGREE DAYS
 HEATING
  YESTERDAY       24                        19      5       23
  MONTH TO DATE  312                       513   -201      382
  SINCE MAR 1    312                       513   -201      382
  SINCE JUL 1   4065                      4769   -704     4227

 COOLING
  YESTERDAY        0                         0      0        0
  MONTH TO DATE    2                         0      2        0
  SINCE MAR 1      2                         0      2        0
  SINCE JAN 1      2                         0      2        0
..................................................................


WIND (MPH)
  RESULTANT WIND SPEED   3   RESULTANT WIND DIRECTION  NW (300)
  HIGHEST WIND SPEED    20   HIGHEST WIND DIRECTION    NW (320)
  HIGHEST GUST SPEED    24   HIGHEST GUST DIRECTION    NW (310)
  AVERAGE WIND SPEED     5.8


SKY COVER
  POSSIBLE SUNSHINE  MM
  AVERAGE SKY COVER 0.8


WEATHER CONDITIONS
 THE FOLLOWING WEATHER WAS RECORDED YESTERDAY.
  RAIN
  LIGHT RAIN
  SNOW
  LIGHT SNOW
  FOG
  HAZE


RELATIVE HUMIDITY (PERCENT)
 HIGHEST    93           100 AM
 LOWEST     82           400 AM
 AVERAGE    88

..........................................................


THE SALT LAKE CITY UT CLIMATE NORMALS FOR TODAY
                         NORMAL    RECORD    YEAR
 MAXIMUM TEMPERATURE (F)   56        78      1956
 MINIMUM TEMPERATURE (F)   35        18      1965


SUNRISE AND SUNSET
MARCH 24 2017.........SUNRISE   724 AM MDT   SUNSET   745 PM MDT
MARCH 25 2017.........SUNRISE   722 AM MDT   SUNSET   746 PM MDT


-  INDICATES NEGATIVE NUMBERS.
R  INDICATES RECORD WAS SET OR TIED.
MM INDICATES DATA IS MISSING.
T  INDICATES TRACE AMOUNT.




$$
