000
CDUS45 KSLC 051226
CLISLC


CLIMATE REPORT
NATIONAL WEATHER SERVICE SALT LAKE CITY UT
626 AM MDT THU MAY 5 2016


...................................

...THE SALT LAKE CITY UT CLIMATE SUMMARY FOR MAY 4 2016...

CLIMATE NORMAL PERIOD 1981 TO 2010
CLIMATE RECORD PERIOD 1874 TO 2016


WEATHER ITEM   OBSERVED TIME   RECORD YEAR NORMAL DEPARTURE LAST
                VALUE   (LST)  VALUE       VALUE  FROM      YEAR
                                                  NORMAL
..................................................................
TEMPERATURE (F)
 YESTERDAY
  MAXIMUM         82    506 PM  88    1947  68     14       76
  MINIMUM         51    537 AM  31    1964  44      7       57
  AVERAGE         67                        56     11       67

PRECIPITATION (IN)
  YESTERDAY        0.00          0.92 1993   0.06  -0.06      T
  MONTH TO DATE    0.00                      0.28  -0.28      T
  SINCE OCT 1      9.32                     10.94  -1.62     6.21
  SINCE JAN 1      6.07                      6.56  -0.49     4.20

SNOWFALL (IN)
  YESTERDAY        0.0           4.0  1975   0.0    0.0      0.0
  MONTH TO DATE    0.0                       0.1   -0.1      0.0
  SINCE OCT 1     34.3                      56.0  -21.7     15.4
  SINCE JUL 1     34.3                      56.0  -21.7     15.4
  SNOW DEPTH       0

DEGREE DAYS
 HEATING
  YESTERDAY        0                        10    -10        0
  MONTH TO DATE   21                        40    -19        2
  SINCE MAR 1    865                      1140   -275      839
  SINCE JUL 1   4710                      5396   -686     4186

 COOLING
  YESTERDAY        2                         1      1        2
  MONTH TO DATE    2                         3     -1       11
  SINCE MAR 1     12                         7      5       11
  SINCE JAN 1     12                         7      5       11
..................................................................


WIND (MPH)
  RESULTANT WIND SPEED   8   RESULTANT WIND DIRECTION   S (160)
  HIGHEST WIND SPEED    23   HIGHEST WIND DIRECTION    SE (150)
  HIGHEST GUST SPEED    31   HIGHEST GUST DIRECTION    SE (140)
  AVERAGE WIND SPEED    10.6


SKY COVER
  POSSIBLE SUNSHINE  MM
  AVERAGE SKY COVER 0.4


WEATHER CONDITIONS
 THE FOLLOWING WEATHER WAS RECORDED YESTERDAY.
  NO SIGNIFICANT WEATHER WAS OBSERVED.


RELATIVE HUMIDITY (PERCENT)
 HIGHEST    59           600 AM
 LOWEST     14           100 PM
 AVERAGE    37

..........................................................


THE SALT LAKE CITY UT CLIMATE NORMALS FOR TODAY
                         NORMAL    RECORD    YEAR
 MAXIMUM TEMPERATURE (F)   68        88      1966
                                             1947
 MINIMUM TEMPERATURE (F)   45        28      1961


SUNRISE AND SUNSET
MAY  5 2016...........SUNRISE   621 AM MDT   SUNSET   829 PM MDT
MAY  6 2016...........SUNRISE   620 AM MDT   SUNSET   830 PM MDT


-  INDICATES NEGATIVE NUMBERS.
R  INDICATES RECORD WAS SET OR TIED.
MM INDICATES DATA IS MISSING.
T  INDICATES TRACE AMOUNT.




$$
