000
CDUS45 KSLC 101226
CLISLC


CLIMATE REPORT
NATIONAL WEATHER SERVICE SALT LAKE CITY UT
526 AM MST SAT DEC 10 2016


...................................

...THE SALT LAKE CITY UT CLIMATE SUMMARY FOR DECEMBER 9 2016...

CLIMATE NORMAL PERIOD 1981 TO 2010
CLIMATE RECORD PERIOD 1874 TO 2016


WEATHER ITEM   OBSERVED TIME   RECORD YEAR NORMAL DEPARTURE LAST
                VALUE   (LST)  VALUE       VALUE  FROM      YEAR
                                                  NORMAL
..................................................................
TEMPERATURE (F)
 YESTERDAY
  MAXIMUM         44    217 PM  62    1939  39      5       61
  MINIMUM         29    337 AM -11    1972  23      6       40
  AVERAGE         37                        31      6       51

PRECIPITATION (IN)
  YESTERDAY        0.01          0.98 1970   0.04  -0.03      T
  MONTH TO DATE    0.05                      0.42  -0.37     0.07
  SINCE OCT 1      2.71                      3.39  -0.68     1.09
  SINCE JAN 1     12.91                     15.11  -2.20    13.98

SNOWFALL (IN)
  YESTERDAY        T             5.5  1931   0.4   -0.4      0.0
  MONTH TO DATE    0.2                       3.6   -3.4      0.0
  SINCE OCT 1      5.9                      12.6   -6.7      1.4
  SINCE JUL 1      5.9                      12.6   -6.7      1.4
  SNOW DEPTH       T

DEGREE DAYS
 HEATING
  YESTERDAY       28                        34     -6       14
  MONTH TO DATE  302                       297      5      253
  SINCE DEC 1    302                       297      5      253
  SINCE JUL 1   1101                      1515   -414     1195

 COOLING
  YESTERDAY        0                         0      0        0
  MONTH TO DATE    0                         0      0        0
  SINCE DEC 1      0                         0      0        0
  SINCE JAN 1   1619                      1160    459     1444
..................................................................


WIND (MPH)
  RESULTANT WIND SPEED   1   RESULTANT WIND DIRECTION   N (340)
  HIGHEST WIND SPEED    13   HIGHEST WIND DIRECTION     N (360)
  HIGHEST GUST SPEED    15   HIGHEST GUST DIRECTION    SE (140)
  AVERAGE WIND SPEED     5.3


SKY COVER
  POSSIBLE SUNSHINE  MM
  AVERAGE SKY COVER 0.7


WEATHER CONDITIONS
 THE FOLLOWING WEATHER WAS RECORDED YESTERDAY.
  FOG
  HAZE


RELATIVE HUMIDITY (PERCENT)
 HIGHEST    89          1100 PM
 LOWEST     70           100 PM
 AVERAGE    80

..........................................................


THE SALT LAKE CITY UT CLIMATE NORMALS FOR TODAY
                         NORMAL    RECORD    YEAR
 MAXIMUM TEMPERATURE (F)   39        66      1939
 MINIMUM TEMPERATURE (F)   23       -13      1972


SUNRISE AND SUNSET
DECEMBER 10 2016......SUNRISE   742 AM MST   SUNSET   500 PM MST
DECEMBER 11 2016......SUNRISE   742 AM MST   SUNSET   500 PM MST


-  INDICATES NEGATIVE NUMBERS.
R  INDICATES RECORD WAS SET OR TIED.
MM INDICATES DATA IS MISSING.
T  INDICATES TRACE AMOUNT.




$$
