000
CDUS45 KSLC 291231
CLISLC


CLIMATE REPORT
NATIONAL WEATHER SERVICE SALT LAKE CITY UT
530 AM MST MON DEC 29 2014


...................................

...THE SALT LAKE CITY UT CLIMATE SUMMARY FOR DECEMBER 28 2014...

CLIMATE NORMAL PERIOD 1981 TO 2010
CLIMATE RECORD PERIOD 1874 TO 2014


WEATHER ITEM   OBSERVED TIME   RECORD YEAR NORMAL DEPARTURE LAST
                VALUE   (LST)  VALUE       VALUE  FROM      YEAR
                                                  NORMAL
..................................................................
TEMPERATURE (F)
 YESTERDAY
  MAXIMUM         33   1201 PM  58    2005  37     -4       29
  MINIMUM         25    246 AM  -9    1932  22      3       14
  AVERAGE         29                        29      0       22

PRECIPITATION (IN)
  YESTERDAY        0.03          1.21 1972   0.04  -0.01     0.00
  MONTH TO DATE    1.30                      1.28   0.02     1.65
  SINCE OCT 1      1.91                      4.25  -2.34     3.01
  SINCE JAN 1     14.36                     15.97  -1.61    11.62

SNOWFALL (IN)
  YESTERDAY        0.6          12.6  1972   0.5    0.1      0.0
  MONTH TO DATE    3.5                      11.9   -8.4     19.2
  SINCE OCT 1      4.3                      20.9  -16.6     22.7
  SINCE JUL 1      4.3                      20.9  -16.6     22.7
  SNOW DEPTH       1

DEGREE DAYS
 HEATING
  YESTERDAY       36                        36      0       43
  MONTH TO DATE  701                       970   -269     1126
  SINCE DEC 1    701                       970   -269     1126
  SINCE JUL 1   1671                      2188   -517     2173

 COOLING
  YESTERDAY        0                         0      0        0
  MONTH TO DATE    0                         0      0        0
  SINCE DEC 1      0                         0      0        0
  SINCE JAN 1   1244                      1160     84     1768
..................................................................


WIND (MPH)
  RESULTANT WIND SPEED   8   RESULTANT WIND DIRECTION  SE (140)
  HIGHEST WIND SPEED    18   HIGHEST WIND DIRECTION    SE (140)
  HIGHEST GUST SPEED    22   HIGHEST GUST DIRECTION    SE (140)
  AVERAGE WIND SPEED     8.4


SKY COVER
  POSSIBLE SUNSHINE  MM
  AVERAGE SKY COVER 1.0


WEATHER CONDITIONS
 THE FOLLOWING WEATHER WAS RECORDED YESTERDAY.
  LIGHT SNOW
  FOG


RELATIVE HUMIDITY (PERCENT)
 HIGHEST    92           200 PM
 LOWEST     47          1200 PM
 AVERAGE    70

..........................................................


THE SALT LAKE CITY UT CLIMATE NORMALS FOR TODAY
                         NORMAL    RECORD    YEAR
 MAXIMUM TEMPERATURE (F)   37        60      1917
 MINIMUM TEMPERATURE (F)   22        -8      1932


SUNRISE AND SUNSET
DECEMBER 29 2014......SUNRISE   752 AM MST   SUNSET   509 PM MST
DECEMBER 30 2014......SUNRISE   752 AM MST   SUNSET   509 PM MST


-  INDICATES NEGATIVE NUMBERS.
R  INDICATES RECORD WAS SET OR TIED.
MM INDICATES DATA IS MISSING.
T  INDICATES TRACE AMOUNT.




$$
