000
CDUS46 KPQR 201143
CLISLE


CLIMATE REPORT
NATIONAL WEATHER SERVICE PORTLAND OREGON
342 AM PST TUE FEB 20 2018


...................................

...THE SALEM OR CLIMATE SUMMARY FOR FEBRUARY 19 2018...

CLIMATE NORMAL PERIOD 1981 TO 2010
CLIMATE RECORD PERIOD 1892 TO 2018


WEATHER ITEM   OBSERVED TIME   RECORD YEAR NORMAL DEPARTURE LAST
                VALUE   (LST)  VALUE       VALUE  FROM      YEAR
                                                  NORMAL
..................................................................
TEMPERATURE (F)
 YESTERDAY
  MAXIMUM         41    324 PM  67    1995  52    -11       51
  MINIMUM         30   1156 PM  18    2006  35     -5       39
  AVERAGE         36                        43     -7       45

PRECIPITATION (IN)
  YESTERDAY        0.00          1.50 1968   0.16  -0.16     0.59
  MONTH TO DATE    0.70                      3.16  -2.46    11.13
  SINCE OCT 1     23.13                     25.51  -2.38    39.83
  SINCE JAN 1      8.03                      9.12  -1.09    16.53

DEGREE DAYS
 HEATING
  YESTERDAY       29                        22      7       20
  MONTH TO DATE  378                       425    -47      390
  SINCE DEC 1   1747                      1935   -188     2136
  SINCE JUL 1   2679                      3052   -373     2940

 COOLING
  YESTERDAY        0                         0      0        0
  MONTH TO DATE    0                         0      0        0
  SINCE DEC 1      0                         0      0        0
  SINCE JAN 1      0                         0      0        0
..................................................................


WIND (MPH)
  HIGHEST WIND SPEED    16   HIGHEST WIND DIRECTION     N (360)
  HIGHEST GUST SPEED    20   HIGHEST GUST DIRECTION     N (10)
  AVERAGE WIND SPEED     7.5


SKY COVER
  POSSIBLE SUNSHINE  MM
  AVERAGE SKY COVER 0.8


WEATHER CONDITIONS
 THE FOLLOWING WEATHER WAS RECORDED YESTERDAY.
  NO SIGNIFICANT WEATHER WAS OBSERVED.


RELATIVE HUMIDITY (PERCENT)
 HIGHEST    78          1100 PM
 LOWEST     44           400 PM
 AVERAGE    61

..........................................................


THE SALEM OR CLIMATE NORMALS FOR TODAY
                         NORMAL    RECORD    YEAR
 MAXIMUM TEMPERATURE (F)   52        64      1995
 MINIMUM TEMPERATURE (F)   35        18      2006


SUNRISE AND SUNSET
FEBRUARY 20 2018......SUNRISE   705 AM PST   SUNSET   547 PM PST
FEBRUARY 21 2018......SUNRISE   703 AM PST   SUNSET   549 PM PST


-  INDICATES NEGATIVE NUMBERS.
R  INDICATES RECORD WAS SET OR TIED.
MM INDICATES DATA IS MISSING.
T  INDICATES TRACE AMOUNT.




$$
