000
CDUS46 KPQR 260222
CLISLE


CLIMATE REPORT
NATIONAL WEATHER SERVICE PORTLAND OREGON
722 PM PDT WED MAY 25 2016


...................................

...THE SALEM OR CLIMATE SUMMARY FOR MAY 25 2016...
VALID TODAY AS OF 0700 PM LOCAL TIME.

CLIMATE NORMAL PERIOD 1981 TO 2010
CLIMATE RECORD PERIOD 1892 TO 2016


WEATHER ITEM   OBSERVED TIME   RECORD YEAR NORMAL DEPARTURE LAST
                VALUE   (LST)  VALUE       VALUE  FROM      YEAR
                                                  NORMAL
..................................................................
TEMPERATURE (F)
 TODAY
  MAXIMUM         67    514 PM  90    1947  70     -3       72
  MINIMUM         54    642 AM  31    1920  47      7       50
  AVERAGE         61                        58      3       61

PRECIPITATION (IN)
  TODAY            0.00          0.88 1895   0.08  -0.08     0.00
  MONTH TO DATE    1.17                      1.77  -0.60     0.72
  SINCE OCT 1     43.85                     35.48   8.37    32.14
  SINCE JAN 1     20.30                     19.09   1.21    14.60

DEGREE DAYS
 HEATING
  TODAY            4                         7     -3        4
  MONTH TO DATE  116                       238   -122      153
  SINCE MAR 1    842                      1241   -399      980
  SINCE JUL 1   3498                      4481   -983     3450

 COOLING
  TODAY            0                         0      0        0
  MONTH TO DATE   10                         0     10        0
  SINCE MAR 1     17                         0     17        0
  SINCE JAN 1     17                         0     17        0
..................................................................


WIND (MPH)
  HIGHEST WIND SPEED    14   HIGHEST WIND DIRECTION     W (290)
  HIGHEST GUST SPEED    17   HIGHEST GUST DIRECTION     W (290)
  AVERAGE WIND SPEED     4.4


SKY COVER
  POSSIBLE SUNSHINE  MM
  AVERAGE SKY COVER 0.9


WEATHER CONDITIONS
 THE FOLLOWING WEATHER WAS RECORDED TODAY.
  NO SIGNIFICANT WEATHER WAS OBSERVED.


RELATIVE HUMIDITY (PERCENT)
 HIGHEST    77          1200 AM
 LOWEST     56           200 PM
 AVERAGE    67

..........................................................


THE SALEM OR CLIMATE NORMALS FOR TOMORROW
                         NORMAL    RECORD    YEAR
 MAXIMUM TEMPERATURE (F)   70        91      2005
 MINIMUM TEMPERATURE (F)   47        34      1973
                                             1930


SUNRISE AND SUNSET
MAY 25 2016...........SUNRISE   533 AM PDT   SUNSET   845 PM PDT
MAY 26 2016...........SUNRISE   532 AM PDT   SUNSET   846 PM PDT


-  INDICATES NEGATIVE NUMBERS.
R  INDICATES RECORD WAS SET OR TIED.
MM INDICATES DATA IS MISSING.
T  INDICATES TRACE AMOUNT.




$$
