000
CDUS46 KPQR 060221
CLISLE


CLIMATE REPORT
NATIONAL WEATHER SERVICE PORTLAND OREGON
720 PM PDT THU MAY 5 2016


...................................

...THE SALEM OR CLIMATE SUMMARY FOR MAY 5 2016...
VALID TODAY AS OF 0700 PM LOCAL TIME.

CLIMATE NORMAL PERIOD 1981 TO 2010
CLIMATE RECORD PERIOD 1892 TO 2016


WEATHER ITEM   OBSERVED TIME   RECORD YEAR NORMAL DEPARTURE LAST
                VALUE   (LST)  VALUE       VALUE  FROM      YEAR
                                                  NORMAL
..................................................................
TEMPERATURE (F)
 TODAY
  MAXIMUM         70    403 PM  87    2013  65      5       63
                                      1992
                                      1953
  MINIMUM         50    532 AM  32    1985  42      8       46
  AVERAGE         60                        54      6       55

PRECIPITATION (IN)
  TODAY            0.00          1.47 1963   0.07  -0.07     0.01
  MONTH TO DATE    0.05                      0.36  -0.31     0.01
  SINCE OCT 1     42.73                     34.07   8.66    31.43
  SINCE JAN 1     19.18                     17.68   1.50    13.89

DEGREE DAYS
 HEATING
  TODAY            5                        11     -6       10
  MONTH TO DATE   14                        58    -44       41
  SINCE MAR 1    740                      1061   -321      868
  SINCE JUL 1   3396                      4301   -905     3338

 COOLING
  TODAY            0                         0      0        0
  MONTH TO DATE    3                         0      3        0
  SINCE MAR 1     10                         0     10        0
  SINCE JAN 1     10                         0     10        0
..................................................................


WIND (MPH)
  HIGHEST WIND SPEED    14   HIGHEST WIND DIRECTION    NW (310)
  HIGHEST GUST SPEED    18   HIGHEST GUST DIRECTION    NE (50)
  AVERAGE WIND SPEED     7.9


SKY COVER
  POSSIBLE SUNSHINE  MM
  AVERAGE SKY COVER 0.7


WEATHER CONDITIONS
 THE FOLLOWING WEATHER WAS RECORDED TODAY.
  NO SIGNIFICANT WEATHER WAS OBSERVED.


RELATIVE HUMIDITY (PERCENT)
 HIGHEST    83           500 AM
 LOWEST     47           400 PM
 AVERAGE    65

..........................................................


THE SALEM OR CLIMATE NORMALS FOR TOMORROW
                         NORMAL    RECORD    YEAR
 MAXIMUM TEMPERATURE (F)   66        90      1987
 MINIMUM TEMPERATURE (F)   43        30      1984


SUNRISE AND SUNSET
MAY  5 2016...........SUNRISE   555 AM PDT   SUNSET   823 PM PDT
MAY  6 2016...........SUNRISE   554 AM PDT   SUNSET   824 PM PDT


-  INDICATES NEGATIVE NUMBERS.
R  INDICATES RECORD WAS SET OR TIED.
MM INDICATES DATA IS MISSING.
T  INDICATES TRACE AMOUNT.




$$
