000
CDUS46 KPQR 200221
CLISLE


CLIMATE REPORT
NATIONAL WEATHER SERVICE PORTLAND OREGON
721 PM PDT SAT APR 19 2014


...................................

...THE SALEM OR CLIMATE SUMMARY FOR APRIL 19 2014...
VALID TODAY AS OF 0700 PM LOCAL TIME.

CLIMATE NORMAL PERIOD 1981 TO 2010
CLIMATE RECORD PERIOD 1893 TO 2014


WEATHER ITEM   OBSERVED TIME   RECORD YEAR NORMAL DEPARTURE LAST
                VALUE   (LST)  VALUE       VALUE  FROM      YEAR
                                                  NORMAL
..................................................................
TEMPERATURE (F)
 TODAY
  MAXIMUM         61    206 PM  82    1934  62     -1       59
  MINIMUM         39    132 AM  26    1967  40     -1       44
  AVERAGE         50                        51     -1       52

PRECIPITATION (IN)
  TODAY            0.04          1.01 1997   0.09  -0.05     0.28
                                      1897
  MONTH TO DATE    0.78                      1.92  -1.14     2.34
  SINCE OCT 1     21.95                     32.82 -10.87    29.86
  SINCE JAN 1     17.37                     16.43   0.94     7.60

DEGREE DAYS
 HEATING
  TODAY           15                        14      1       13
  MONTH TO DATE  221                       294    -73      280
  SINCE MAR 1    707                       857   -150      813
  SINCE JUL 1   3993                      4097   -104     3872

 COOLING
  TODAY            0                         0      0        0
  MONTH TO DATE    0                         0      0        0
  SINCE MAR 1      0                         0      0        0
  SINCE JAN 1      0                         0      0        0
..................................................................


WIND (MPH)
  HIGHEST WIND SPEED    25   HIGHEST WIND DIRECTION     W (280)
  HIGHEST GUST SPEED    34   HIGHEST GUST DIRECTION     S (170)
  AVERAGE WIND SPEED    11.3


SKY COVER
  POSSIBLE SUNSHINE  MM
  AVERAGE SKY COVER 0.6


WEATHER CONDITIONS
 THE FOLLOWING WEATHER WAS RECORDED TODAY.
  LIGHT RAIN


RELATIVE HUMIDITY (PERCENT)
 HIGHEST    86           600 AM
 LOWEST     51           200 PM
 AVERAGE    69

..........................................................


THE SALEM OR CLIMATE NORMALS FOR TOMORROW
                         NORMAL    RECORD    YEAR
 MAXIMUM TEMPERATURE (F)   62        85      1934
                                             1906
 MINIMUM TEMPERATURE (F)   40        26      1982


SUNRISE AND SUNSET
APRIL 19 2014.........SUNRISE   620 AM PDT   SUNSET   803 PM PDT
APRIL 20 2014.........SUNRISE   619 AM PDT   SUNSET   804 PM PDT


-  INDICATES NEGATIVE NUMBERS.
R  INDICATES RECORD WAS SET OR TIED.
MM INDICATES DATA IS MISSING.
T  INDICATES TRACE AMOUNT.




$$
