000
CDUS46 KPQR 131141
CLISLE


CLIMATE REPORT
NATIONAL WEATHER SERVICE PORTLAND OREGON
341 AM PST SAT FEB 13 2016


...................................

...THE SALEM OR CLIMATE SUMMARY FOR FEBRUARY 12 2016...

CLIMATE NORMAL PERIOD 1981 TO 2010
CLIMATE RECORD PERIOD 1892 TO 2016


WEATHER ITEM   OBSERVED TIME   RECORD YEAR NORMAL DEPARTURE LAST
                VALUE   (LST)  VALUE       VALUE  FROM      YEAR
                                                  NORMAL
..................................................................
TEMPERATURE (F)
 YESTERDAY
  MAXIMUM         57    416 PM  64    1992  51      6       56
                                      1981
  MINIMUM         43   1151 PM  18    1929  34      9       40
                                      1905
  AVERAGE         50                        43      7       48

PRECIPITATION (IN)
  YESTERDAY        0.16          1.25 1954   0.16   0.00     0.00
  MONTH TO DATE    0.70                      2.04  -1.34     4.17
  SINCE OCT 1     32.07                     24.39   7.68    24.92
  SINCE JAN 1      8.52                      8.00   0.52     7.38

DEGREE DAYS
 HEATING
  YESTERDAY       15                        22     -7       17
  MONTH TO DATE  203                       271    -68      185
  SINCE DEC 1   1505                      1781   -276     1440
  SINCE JUL 1   2385                      2898   -513     2206

 COOLING
  YESTERDAY        0                         0      0        0
  MONTH TO DATE    0                         0      0        0
  SINCE DEC 1      0                         0      0        0
  SINCE JAN 1      0                         0      0        0
..................................................................


WIND (MPH)
  HIGHEST WIND SPEED    13   HIGHEST WIND DIRECTION     S (170)
  HIGHEST GUST SPEED    15   HIGHEST GUST DIRECTION     S (180)
  AVERAGE WIND SPEED     7.3


SKY COVER
  POSSIBLE SUNSHINE  MM
  AVERAGE SKY COVER 0.7


WEATHER CONDITIONS
 THE FOLLOWING WEATHER WAS RECORDED YESTERDAY.
  RAIN
  LIGHT RAIN
  FOG


RELATIVE HUMIDITY (PERCENT)
 HIGHEST    96           500 AM
 LOWEST     66           600 PM
 AVERAGE    81

..........................................................


THE SALEM OR CLIMATE NORMALS FOR TODAY
                         NORMAL    RECORD    YEAR
 MAXIMUM TEMPERATURE (F)   51        64      1931
 MINIMUM TEMPERATURE (F)   34        20      1905


SUNRISE AND SUNSET
FEBRUARY 13 2016......SUNRISE   716 AM PST   SUNSET   537 PM PST
FEBRUARY 14 2016......SUNRISE   715 AM PST   SUNSET   538 PM PST


-  INDICATES NEGATIVE NUMBERS.
R  INDICATES RECORD WAS SET OR TIED.
MM INDICATES DATA IS MISSING.
T  INDICATES TRACE AMOUNT.




$$
