000
CDUS46 KPQR 251145
CLISLE


CLIMATE REPORT
NATIONAL WEATHER SERVICE PORTLAND OREGON
444 AM PDT FRI JUL 25 2014


...................................

...THE SALEM OR CLIMATE SUMMARY FOR JULY 24 2014...

CLIMATE NORMAL PERIOD 1981 TO 2010
CLIMATE RECORD PERIOD 1892 TO 2014


WEATHER ITEM   OBSERVED TIME   RECORD YEAR NORMAL DEPARTURE LAST
                VALUE   (LST)  VALUE       VALUE  FROM      YEAR
                                                  NORMAL
..................................................................
TEMPERATURE (F)
 YESTERDAY
  MAXIMUM         71    632 PM 102    1928  84    -13       94
  MINIMUM         56    257 AM  42    1973  54      2       57
                                      1953
  AVERAGE         64                        69     -5       76

PRECIPITATION (IN)
  YESTERDAY        0.03          0.10 1912   0.01   0.02     0.00
  MONTH TO DATE    0.46                      0.39   0.07     0.00
  SINCE OCT 1     27.05                     37.87 -10.82    33.87
  SINCE JAN 1     22.47                     21.48   0.99    11.61

DEGREE DAYS
 HEATING
  YESTERDAY        1                         1      0        0
  MONTH TO DATE    3                        29    -26        1
  SINCE JUN 1     69                       159    -90       80
  SINCE JUL 1      3                        29    -26        1

 COOLING
  YESTERDAY        0                         4     -4       11
  MONTH TO DATE  180                        77    103      139
  SINCE JUN 1    199                       105     94      192
  SINCE JAN 1    215                       114    101      202
..................................................................


WIND (MPH)
  HIGHEST WIND SPEED    17   HIGHEST WIND DIRECTION     S (180)
  HIGHEST GUST SPEED    23   HIGHEST GUST DIRECTION     S (170)
  AVERAGE WIND SPEED     8.4


SKY COVER
  POSSIBLE SUNSHINE  MM
  AVERAGE SKY COVER 0.7


WEATHER CONDITIONS
 THE FOLLOWING WEATHER WAS RECORDED YESTERDAY.
  LIGHT RAIN
  FOG


RELATIVE HUMIDITY (PERCENT)
 HIGHEST    93           900 AM
 LOWEST     47           200 PM
 AVERAGE    70

..........................................................


THE SALEM OR CLIMATE NORMALS FOR TODAY
                         NORMAL    RECORD    YEAR
 MAXIMUM TEMPERATURE (F)   84       102      1988
 MINIMUM TEMPERATURE (F)   54        36      1920


SUNRISE AND SUNSET
JULY 25 2014..........SUNRISE   550 AM PDT   SUNSET   846 PM PDT
JULY 26 2014..........SUNRISE   551 AM PDT   SUNSET   845 PM PDT


-  INDICATES NEGATIVE NUMBERS.
R  INDICATES RECORD WAS SET OR TIED.
MM INDICATES DATA IS MISSING.
T  INDICATES TRACE AMOUNT.




$$
