000
CDUS46 KPQR 020221
CLISLE


CLIMATE REPORT
NATIONAL WEATHER SERVICE PORTLAND OREGON
721 PM PDT MON SEP 1 2014


...................................

...THE SALEM OR CLIMATE SUMMARY FOR SEPTEMBER 1 2014...
VALID TODAY AS OF 0700 PM LOCAL TIME.

CLIMATE NORMAL PERIOD 1981 TO 2010
CLIMATE RECORD PERIOD 1892 TO 2014


WEATHER ITEM   OBSERVED TIME   RECORD YEAR NORMAL DEPARTURE LAST
                VALUE   (LST)  VALUE       VALUE  FROM      YEAR
                                                  NORMAL
..................................................................
TEMPERATURE (F)
 TODAY
  MAXIMUM         83    449 PM 102    1988  80      3       86
  MINIMUM         51    620 AM  37    1973  51      0       54
  AVERAGE         67                        66      1       70

PRECIPITATION (IN)
  TODAY            0.00          1.36 1971   0.03  -0.03     0.00
  MONTH TO DATE    0.00                      0.03  -0.03     0.00
  SINCE OCT 1     27.40                     38.42 -11.02    34.22
  SINCE JAN 1     22.82                     22.03   0.79    11.96

DEGREE DAYS
 HEATING
  TODAY            0                         2     -2        0
  MONTH TO DATE    0                         2     -2        0
  SINCE SEP 1      0                         2     -2        0
  SINCE JUL 1      4                        58    -54        5

 COOLING
  TODAY            2                         2      0        5
  MONTH TO DATE    2                         2      0        5
  SINCE SEP 1      2                         2      0        5
  SINCE JAN 1    520                       254    266      432
..................................................................


WIND (MPH)
  HIGHEST WIND SPEED    13   HIGHEST WIND DIRECTION     N (20)
  HIGHEST GUST SPEED    17   HIGHEST GUST DIRECTION     N (10)
  AVERAGE WIND SPEED     3.1


SKY COVER
  POSSIBLE SUNSHINE  MM
  AVERAGE SKY COVER 0.1


WEATHER CONDITIONS
 THE FOLLOWING WEATHER WAS RECORDED TODAY.
  NO SIGNIFICANT WEATHER WAS OBSERVED.


RELATIVE HUMIDITY (PERCENT)
 HIGHEST    89           400 AM
 LOWEST     34           400 PM
 AVERAGE    62

..........................................................


THE SALEM OR CLIMATE NORMALS FOR TOMORROW
                         NORMAL    RECORD    YEAR
 MAXIMUM TEMPERATURE (F)   80       104      1988
 MINIMUM TEMPERATURE (F)   51        37      1956


SUNRISE AND SUNSET
SEPTEMBER  1 2014.....SUNRISE   634 AM PDT   SUNSET   749 PM PDT
SEPTEMBER  2 2014.....SUNRISE   635 AM PDT   SUNSET   747 PM PDT


-  INDICATES NEGATIVE NUMBERS.
R  INDICATES RECORD WAS SET OR TIED.
MM INDICATES DATA IS MISSING.
T  INDICATES TRACE AMOUNT.




$$
