000
CDUS46 KPQR 212323
CLISLE


CLIMATE REPORT
NATIONAL WEATHER SERVICE PORTLAND OREGON
422 PM PDT TUE OCT 21 2014


...................................

...THE SALEM OR CLIMATE SUMMARY FOR OCTOBER 21 2014...
VALID TODAY AS OF 0400 PM LOCAL TIME.

CLIMATE NORMAL PERIOD 1981 TO 2010
CLIMATE RECORD PERIOD 1892 TO 2014


WEATHER ITEM   OBSERVED TIME   RECORD YEAR NORMAL DEPARTURE LAST
                VALUE   (LST)  VALUE       VALUE  FROM      YEAR
                                                  NORMAL
..................................................................
TEMPERATURE (F)
 TODAY
  MAXIMUM         63   1219 PM  80    2003  62      1       70
  MINIMUM         53    649 AM  28    1933  41     12       38
  AVERAGE         58                        52      6       54

PRECIPITATION (IN)
  TODAY            0.03          1.40 1934   0.11  -0.08     0.00
  MONTH TO DATE    1.70                      1.68   0.02     0.57
  SINCE OCT 1      1.70                      1.68   0.02     0.57
  SINCE JAN 1     25.72                     24.96   0.76    19.57

DEGREE DAYS
 HEATING
  TODAY            7                        14     -7       11
  MONTH TO DATE   83                       217   -134      269
  SINCE SEP 1    111                       326   -215      321
  SINCE JUL 1    115                       382   -267      326

 COOLING
  TODAY            0                         0      0        0
  MONTH TO DATE   14                         0     14        0
  SINCE SEP 1     87                        37     50       75
  SINCE JAN 1    605                       289    316      502
..................................................................


WIND (MPH)
  HIGHEST WIND SPEED    20   HIGHEST WIND DIRECTION     S (190)
  HIGHEST GUST SPEED    26   HIGHEST GUST DIRECTION     S (190)
  AVERAGE WIND SPEED    13.8


SKY COVER
  POSSIBLE SUNSHINE  MM
  AVERAGE SKY COVER 0.9


WEATHER CONDITIONS
 THE FOLLOWING WEATHER WAS RECORDED TODAY.
  LIGHT RAIN
  FOG


RELATIVE HUMIDITY (PERCENT)
 HIGHEST    83          1200 AM
 LOWEST     64          1200 PM
 AVERAGE    74

..........................................................


THE SALEM OR CLIMATE NORMALS FOR TOMORROW
                         NORMAL    RECORD    YEAR
 MAXIMUM TEMPERATURE (F)   61        83      1929
 MINIMUM TEMPERATURE (F)   41        28      1981
                                             1980
                                             1928


SUNRISE AND SUNSET
OCTOBER 21 2014.......SUNRISE   736 AM PDT   SUNSET   617 PM PDT
OCTOBER 22 2014.......SUNRISE   737 AM PDT   SUNSET   615 PM PDT


-  INDICATES NEGATIVE NUMBERS.
R  INDICATES RECORD WAS SET OR TIED.
MM INDICATES DATA IS MISSING.
T  INDICATES TRACE AMOUNT.




$$
