000
CDUS46 KPQR 201142
CLISLE


CLIMATE REPORT
NATIONAL WEATHER SERVICE PORTLAND OREGON
442 AM PDT SAT SEP 20 2014


...................................

...THE SALEM OR CLIMATE SUMMARY FOR SEPTEMBER 19 2014...

CLIMATE NORMAL PERIOD 1981 TO 2010
CLIMATE RECORD PERIOD 1892 TO 2014


WEATHER ITEM   OBSERVED TIME   RECORD YEAR NORMAL DEPARTURE LAST
                VALUE   (LST)  VALUE       VALUE  FROM      YEAR
                                                  NORMAL
..................................................................
TEMPERATURE (F)
 YESTERDAY
  MAXIMUM         84    340 PM  96    1974  76      8       80
  MINIMUM         53    532 AM  34    1928  48      5       45
  AVERAGE         69                        62      7       63

PRECIPITATION (IN)
  YESTERDAY        0.00          1.17 1921   0.05  -0.05     0.00
  MONTH TO DATE    0.01                      0.69  -0.68     2.34
  SINCE OCT 1     27.41                     39.08 -11.67    36.56
  SINCE JAN 1     22.83                     22.69   0.14    14.30

DEGREE DAYS
 HEATING
  YESTERDAY        0                         4     -4        2
  MONTH TO DATE    3                        50    -47        7
  SINCE SEP 1      3                        50    -47        7
  SINCE JUL 1      7                       106    -99       12

 COOLING
  YESTERDAY        4                         1      3        0
  MONTH TO DATE   56                        30     26       75
  SINCE SEP 1     56                        30     26       75
  SINCE JAN 1    574                       282    292      502
..................................................................


WIND (MPH)
  HIGHEST WIND SPEED    14   HIGHEST WIND DIRECTION    NE (30)
  HIGHEST GUST SPEED    18   HIGHEST GUST DIRECTION     N (350)
  AVERAGE WIND SPEED     4.2


SKY COVER
  POSSIBLE SUNSHINE  MM
  AVERAGE SKY COVER 0.0


WEATHER CONDITIONS
 THE FOLLOWING WEATHER WAS RECORDED YESTERDAY.
  NO SIGNIFICANT WEATHER WAS OBSERVED.


RELATIVE HUMIDITY (PERCENT)
 HIGHEST    93           300 AM
 LOWEST     31           300 PM
 AVERAGE    62

..........................................................


THE SALEM OR CLIMATE NORMALS FOR TODAY
                         NORMAL    RECORD    YEAR
 MAXIMUM TEMPERATURE (F)   76        98      1974
 MINIMUM TEMPERATURE (F)   48        36      1983


SUNRISE AND SUNSET
SEPTEMBER 20 2014.....SUNRISE   657 AM PDT   SUNSET   713 PM PDT
SEPTEMBER 21 2014.....SUNRISE   658 AM PDT   SUNSET   711 PM PDT


-  INDICATES NEGATIVE NUMBERS.
R  INDICATES RECORD WAS SET OR TIED.
MM INDICATES DATA IS MISSING.
T  INDICATES TRACE AMOUNT.




$$
