000
CDUS41 KBTV 260529
CLISLK


CLIMATE REPORT
NATIONAL WEATHER SERVICE BURLINGTON VT
1225 AM EST SUN FEB 26 2017


...................................

...THE SARANAC LAKE NY CLIMATE SUMMARY FOR FEBRUARY 25 2017...

CLIMATE NORMAL PERIOD 1981 TO 2010
CLIMATE RECORD PERIOD 9999 TO 9999


WEATHER ITEM   OBSERVED TIME   NORMAL DEPARTURE LAST
                VALUE   (LST)  VALUE  FROM      YEAR
                                      NORMAL
......................................................
TEMPERATURE (F)
 YESTERDAY
  MAXIMUM         61    119 PM  30     31       50
  MINIMUM         30   1159 PM   4     26       20
  AVERAGE         46            17     29       35

PRECIPITATION (IN)
  YESTERDAY        1.26          0.05   1.21     0.22
  MONTH TO DATE    2.36          1.46   0.90     3.01
  SINCE DEC 1      6.96          5.88   1.08     7.65
  SINCE JAN 1      4.53          3.59   0.94     3.70

DEGREE DAYS
 HEATING
  YESTERDAY       19            48    -29       30
  MONTH TO DATE 1036          1262   -226     1134
  SINCE DEC 1   3747          4289   -542     3482
  SINCE JUL 1   5589          6564   -975     5432

 COOLING
  YESTERDAY        0             0      0        0
  MONTH TO DATE    0             0      0        0
  SINCE DEC 1      0             0      0        0
  SINCE JAN 1      0             0      0        0
......................................................


WIND (MPH)
  HIGHEST WIND SPEED    25   HIGHEST WIND DIRECTION     S (160)
  HIGHEST GUST SPEED    34   HIGHEST GUST DIRECTION     S (170)
  AVERAGE WIND SPEED    10.4


SKY COVER
  AVERAGE SKY COVER 0.7


WEATHER CONDITIONS
 THE FOLLOWING WEATHER WAS RECORDED YESTERDAY.
  THUNDERSTORM
  HEAVY RAIN
  RAIN
  LIGHT RAIN
  LIGHT SNOW
  FOG


RELATIVE HUMIDITY (PERCENT)
 HIGHEST   100          1200 AM
 LOWEST     72           100 PM
 AVERAGE    86

..........................................................


THE SARANAC LAKE NY CLIMATE NORMALS FOR TODAY
                         NORMAL    RECORD    YEAR
 MAXIMUM TEMPERATURE (F)   31        55      2002
 MINIMUM TEMPERATURE (F)    4       -29      2003


SUNRISE AND SUNSET
FEBRUARY 26 2017......SUNRISE   639 AM EST   SUNSET   541 PM EST
FEBRUARY 27 2017......SUNRISE   637 AM EST   SUNSET   542 PM EST


-  INDICATES NEGATIVE NUMBERS.
R  INDICATES RECORD WAS SET OR TIED.
MM INDICATES DATA IS MISSING.
T  INDICATES TRACE AMOUNT.




$$
