000
CDUS41 KBTV 200534
CLISLK


CLIMATE REPORT
NATIONAL WEATHER SERVICE BURLINGTON VT
1233 AM EST SAT JAN 20 2018


...................................

...THE SARANAC LAKE NY CLIMATE SUMMARY FOR JANUARY 19 2018...

CLIMATE NORMAL PERIOD 1981 TO 2010
CLIMATE RECORD PERIOD 9999 TO 9999


WEATHER ITEM   OBSERVED TIME   NORMAL DEPARTURE LAST
                VALUE   (LST)  VALUE  FROM      YEAR
                                      NORMAL
......................................................
TEMPERATURE (F)
 YESTERDAY
  MAXIMUM         27   1159 PM  25      2       33
  MINIMUM         17    346 AM   1     16       28
  AVERAGE         22            13      9       31

PRECIPITATION (IN)
  YESTERDAY        0.02          0.07  -0.05     0.05
  MONTH TO DATE    2.85          1.28   1.57     1.39
  SINCE DEC 1      4.61          3.57   1.04     3.82
  SINCE JAN 1      2.85          1.28   1.57     1.39

DEGREE DAYS
 HEATING
  YESTERDAY       43            52     -9       34
  MONTH TO DATE 1074           979     95      876
  SINCE DEC 1   2659          2403    256     2234
  SINCE JUL 1   4716          4678     38     4076

 COOLING
  YESTERDAY        0             0      0        0
  MONTH TO DATE    0             0      0        0
  SINCE DEC 1      0             0      0        0
  SINCE JAN 1      0             0      0        0
......................................................


WIND (MPH)
  HIGHEST WIND SPEED    14   HIGHEST WIND DIRECTION    SW (220)
  HIGHEST GUST SPEED    18   HIGHEST GUST DIRECTION    SW (210)
  AVERAGE WIND SPEED     8.2


SKY COVER
  AVERAGE SKY COVER 0.9


WEATHER CONDITIONS
 THE FOLLOWING WEATHER WAS RECORDED YESTERDAY.
  LIGHT SNOW
  FOG


RELATIVE HUMIDITY (PERCENT)
 HIGHEST   100          1200 AM
 LOWEST     81          1000 PM
 AVERAGE    91

..........................................................


THE SARANAC LAKE NY CLIMATE NORMALS FOR TODAY
                         NORMAL    RECORD    YEAR
 MAXIMUM TEMPERATURE (F)   25        42      2006
 MINIMUM TEMPERATURE (F)    1       -14      2008


SUNRISE AND SUNSET
JANUARY 20 2018.......SUNRISE   726 AM EST   SUNSET   450 PM EST
JANUARY 21 2018.......SUNRISE   726 AM EST   SUNSET   451 PM EST


-  INDICATES NEGATIVE NUMBERS.
R  INDICATES RECORD WAS SET OR TIED.
MM INDICATES DATA IS MISSING.
T  INDICATES TRACE AMOUNT.




$$
