000
CDUS41 KBTV 200546
CLISLK


CLIMATE REPORT
NATIONAL WEATHER SERVICE BURLINGTON VT
1242 AM EST FRI JAN 20 2017


...................................

...THE SARANAC LAKE NY CLIMATE SUMMARY FOR JANUARY 19 2017...

CLIMATE NORMAL PERIOD 1981 TO 2010
CLIMATE RECORD PERIOD 9999 TO 9999


WEATHER ITEM   OBSERVED TIME   NORMAL DEPARTURE LAST
                VALUE   (LST)  VALUE  FROM      YEAR
                                      NORMAL
......................................................
TEMPERATURE (F)
 YESTERDAY
  MAXIMUM         33    405 PM  25      8       10
  MINIMUM         28   1152 PM   1     27       -3
  AVERAGE         31            13     18        4

PRECIPITATION (IN)
  YESTERDAY        0.05          0.07  -0.02     0.01
  MONTH TO DATE    1.39          1.28   0.11     0.51
  SINCE DEC 1      3.82          3.57   0.25     4.46
  SINCE JAN 1      1.39          1.28   0.11     0.51

DEGREE DAYS
 HEATING
  YESTERDAY       34            52    -18       61
  MONTH TO DATE  876           979   -103      804
  SINCE DEC 1   2234          2403   -169     1755
  SINCE JUL 1   4076          4678   -602     3705

 COOLING
  YESTERDAY        0             0      0        0
  MONTH TO DATE    0             0      0        0
  SINCE DEC 1      0             0      0        0
  SINCE JAN 1      0             0      0        0
......................................................


WIND (MPH)
  HIGHEST WIND SPEED    12   HIGHEST WIND DIRECTION     W (250)
  HIGHEST GUST SPEED    18   HIGHEST GUST DIRECTION     W (270)
  AVERAGE WIND SPEED     4.0


SKY COVER
  AVERAGE SKY COVER 1.0


WEATHER CONDITIONS
 THE FOLLOWING WEATHER WAS RECORDED YESTERDAY.
  LIGHT SNOW
  FOG


RELATIVE HUMIDITY (PERCENT)
 HIGHEST    92           200 AM
 LOWEST     85          1200 AM
 AVERAGE    89

..........................................................


THE SARANAC LAKE NY CLIMATE NORMALS FOR TODAY
                         NORMAL    RECORD    YEAR
 MAXIMUM TEMPERATURE (F)   25        42      2006
 MINIMUM TEMPERATURE (F)    1       -14      2008


SUNRISE AND SUNSET
JANUARY 20 2017.......SUNRISE   726 AM EST   SUNSET   450 PM EST
JANUARY 21 2017.......SUNRISE   725 AM EST   SUNSET   451 PM EST


-  INDICATES NEGATIVE NUMBERS.
R  INDICATES RECORD WAS SET OR TIED.
MM INDICATES DATA IS MISSING.
T  INDICATES TRACE AMOUNT.




$$
