000
CDUS41 KBTV 280550
CLISLK


CLIMATE REPORT
NATIONAL WEATHER SERVICE BURLINGTON VT
145 AM EDT SAT MAY 28 2016


...................................

...THE SARANAC LAKE NY CLIMATE SUMMARY FOR MAY 27 2016...

CLIMATE NORMAL PERIOD 1981 TO 2010
CLIMATE RECORD PERIOD 9999 TO 9999


WEATHER ITEM   OBSERVED TIME   NORMAL DEPARTURE LAST
                VALUE   (LST)  VALUE  FROM      YEAR
                                      NORMAL
......................................................
TEMPERATURE (F)
 YESTERDAY
  MAXIMUM         87    312 PM  67     20       81
  MINIMUM         50    501 AM  41      9       57
  AVERAGE         69            54     15       69

PRECIPITATION (IN)
  YESTERDAY        0.00          0.12  -0.12     0.23
  MONTH TO DATE    1.81          2.95  -1.14     1.95
  SINCE MAR 1      7.51          8.12  -0.61     5.28
  SINCE JAN 1     11.39         11.86  -0.47     6.15

DEGREE DAYS
 HEATING
  YESTERDAY        0            11    -11        0
  MONTH TO DATE  418           420     -2      283
  SINCE MAR 1   2350          2486   -136     2504
  SINCE JUL 1   7945          9191  -1246     9287

 COOLING
  YESTERDAY        4             0      4        4
  MONTH TO DATE    4             0      4       15
  SINCE MAR 1      4             0      4       15
  SINCE JAN 1      4             0      4       15
......................................................


WIND (MPH)
  HIGHEST WIND SPEED    18   HIGHEST WIND DIRECTION    SW (220)
  HIGHEST GUST SPEED    25   HIGHEST GUST DIRECTION    SW (240)
  AVERAGE WIND SPEED     6.3


SKY COVER
  AVERAGE SKY COVER 0.2


WEATHER CONDITIONS
 THE FOLLOWING WEATHER WAS RECORDED YESTERDAY.
  FOG


RELATIVE HUMIDITY (PERCENT)
 HIGHEST    89           300 AM
 LOWEST     34           300 PM
 AVERAGE    62

..........................................................


THE SARANAC LAKE NY CLIMATE NORMALS FOR TODAY
                         NORMAL    RECORD    YEAR
 MAXIMUM TEMPERATURE (F)   67        84      2012
 MINIMUM TEMPERATURE (F)   41        24      2008


SUNRISE AND SUNSET
MAY 28 2016...........SUNRISE   518 AM EDT   SUNSET   831 PM EDT
MAY 29 2016...........SUNRISE   517 AM EDT   SUNSET   832 PM EDT


-  INDICATES NEGATIVE NUMBERS.
R  INDICATES RECORD WAS SET OR TIED.
MM INDICATES DATA IS MISSING.
T  INDICATES TRACE AMOUNT.




$$
