000
CDUS43 KICT 090628
CLISLN


CLIMATE REPORT
NATIONAL WEATHER SERVICE WICHITA KS
1227 AM CST FRI DEC 9 2016


...................................

...THE SALINA KS CLIMATE SUMMARY FOR DECEMBER 8 2016...

CLIMATE NORMAL PERIOD 1981 TO 2010
CLIMATE RECORD PERIOD 1894 TO 2016


WEATHER ITEM   OBSERVED TIME   RECORD YEAR NORMAL DEPARTURE LAST
                VALUE   (LST)  VALUE       VALUE  FROM      YEAR
                                                  NORMAL
..................................................................
TEMPERATURE (F)
 YESTERDAY
  MAXIMUM         27    402 PM  70    1908  44    -17       64
  MINIMUM         12    750 AM  -8    1917  23    -11       30
  AVERAGE         20                        34    -14       47

PRECIPITATION (IN)
  YESTERDAY        0.00          0.48 1907   0.03  -0.03     0.00
  MONTH TO DATE    0.53                      0.29   0.24      T
  SINCE DEC 1      0.53                      0.29   0.24      T
  SINCE JAN 1     27.05                     30.85  -3.80    28.35

DEGREE DAYS
 HEATING
  YESTERDAY       45                        31     14       18
  MONTH TO DATE  248                       241      7      176
  SINCE DEC 1    248                       241      7      176
  SINCE JUL 1    791                      1193   -402      808

 COOLING
  YESTERDAY        0                         0      0        0
  MONTH TO DATE    0                         0      0        0
  SINCE DEC 1      0                         0      0        0
  SINCE JAN 1   2009                      1647    362     1869
..................................................................


WIND (MPH)
  HIGHEST WIND SPEED    20   HIGHEST WIND DIRECTION    NW (320)
  HIGHEST GUST SPEED    24   HIGHEST GUST DIRECTION    NW (310)
  AVERAGE WIND SPEED    10.4


SKY COVER
  POSSIBLE SUNSHINE  MM
  AVERAGE SKY COVER 0.0


WEATHER CONDITIONS
 THE FOLLOWING WEATHER WAS RECORDED YESTERDAY.
  NO SIGNIFICANT WEATHER WAS OBSERVED.


RELATIVE HUMIDITY (PERCENT)
 HIGHEST    80          1200 AM
 LOWEST     46           400 PM
 AVERAGE    63

..........................................................


THE SALINA KS CLIMATE NORMALS FOR TODAY
                         NORMAL    RECORD    YEAR
 MAXIMUM TEMPERATURE (F)   43        73      1939
 MINIMUM TEMPERATURE (F)   23        -6      2009
                                             1919


SUNRISE AND SUNSET
DECEMBER  9 2016......SUNRISE   738 AM CST   SUNSET   509 PM CST
DECEMBER 10 2016......SUNRISE   738 AM CST   SUNSET   509 PM CST


-  INDICATES NEGATIVE NUMBERS.
R  INDICATES RECORD WAS SET OR TIED.
MM INDICATES DATA IS MISSING.
T  INDICATES TRACE AMOUNT.




$$
