000
CDUS46 KLOX 150914
CLISMX


CLIMATE REPORT
NATIONAL WEATHER SERVICE LOS ANGELES/OXNARD CA
114 AM PST FRI DEC 15 2017


...................................

...THE SANTA MARIA AIRPORT CA CLIMATE SUMMARY FOR DECEMBER 14 2017...

CLIMATE NORMAL PERIOD 1981 TO 2010
CLIMATE RECORD PERIOD 1906 TO 2017


WEATHER ITEM   OBSERVED TIME   RECORD YEAR NORMAL DEPARTURE LAST
                VALUE   (LST)  VALUE       VALUE  FROM      YEAR
                                                  NORMAL
..................................................................
TEMPERATURE (F)
 YESTERDAY
  MAXIMUM         75    243 PM  82    1953  63     12       65
                                      1942
  MINIMUM         37    655 AM  21    1967  39     -2       44
  AVERAGE         56                        51      5       55

PRECIPITATION (IN)
  YESTERDAY        0.00          0.75 1993   0.06  -0.06     0.00
  MONTH TO DATE    0.00                      0.82  -0.82     0.51
  SINCE OCT 1      0.09                      2.75  -2.66     3.09
  SINCE JAN 1     14.20                     12.65   1.55    10.21

SNOWFALL (IN)
  YESTERDAY        0.0
  MONTH TO DATE    0.0
  SINCE DEC 1      0.0
  SINCE JUL 1      0.0

DEGREE DAYS
 HEATING
  YESTERDAY        9                        14     -5
  MONTH TO DATE  110                       186    -76
  SINCE DEC 1    110                       186    -76
  SINCE JUL 1    383                       832   -449

 COOLING
  YESTERDAY        0                         0      0
  MONTH TO DATE    0                         0      0
  SINCE DEC 1      0                         0      0
  SINCE JAN 1    333                       104    229
..................................................................


WIND (MPH)
  HIGHEST WIND SPEED     9   HIGHEST WIND DIRECTION     W (290)
  HIGHEST GUST SPEED    11   HIGHEST GUST DIRECTION    NW (300)
  AVERAGE WIND SPEED     3.4


SKY COVER
  POSSIBLE SUNSHINE  MM
  AVERAGE SKY COVER 0.0


WEATHER CONDITIONS
 THE FOLLOWING WEATHER WAS RECORDED YESTERDAY.
  HAZE


RELATIVE HUMIDITY (PERCENT)
 HIGHEST    73          1200 AM
 LOWEST     13          1200 PM
 AVERAGE    43

..........................................................


THE SANTA MARIA AIRPORT CA CLIMATE NORMALS FOR TODAY
                         NORMAL    RECORD    YEAR
 MAXIMUM TEMPERATURE (F)   63        79      1976
 MINIMUM TEMPERATURE (F)   39        24      1975


SUNRISE AND SUNSET
DECEMBER 15 2017......SUNRISE   702 AM PST   SUNSET   452 PM PST
DECEMBER 16 2017......SUNRISE   703 AM PST   SUNSET   452 PM PST


-  INDICATES NEGATIVE NUMBERS.
R  INDICATES RECORD WAS SET OR TIED.
MM INDICATES DATA IS MISSING.
T  INDICATES TRACE AMOUNT.




$$
