000
CDUS46 KLOX 292230
CLISMX


CLIMATE REPORT
NATIONAL WEATHER SERVICE LOS ANGELES/OXNARD CA
330 PM PDT WED MAR 29 2017


...................................

...THE SANTA MARIA AIRPORT CA CLIMATE SUMMARY FOR MARCH 29 2017...
VALID AS OF 0300 PM LOCAL TIME.

CLIMATE NORMAL PERIOD 1981 TO 2010
CLIMATE RECORD PERIOD 1906 TO 2017


WEATHER ITEM   OBSERVED TIME   RECORD YEAR NORMAL DEPARTURE LAST
                VALUE   (LST)  VALUE       VALUE  FROM      YEAR
                                                  NORMAL
..................................................................
TEMPERATURE (F)
 TODAY
  MAXIMUM         81   1241 PM  87    1934  66     15       63
  MINIMUM         53    633 AM  29    1975  43     10       40
  AVERAGE         67                        54     13       52

PRECIPITATION (IN)
  TODAY            0.00          1.41 1941   0.07  -0.07     0.00
  MONTH TO DATE    0.84                      2.52  -1.68     3.08
  SINCE OCT 1     16.92                     12.31   4.61     8.24
  SINCE JAN 1     12.12                      8.26   3.86     6.36

SNOWFALL (IN)
  TODAY            0.0
  MONTH TO DATE    0.0
  SINCE MAR 1      0.0
  SINCE JUL 1      0.0

DEGREE DAYS
 HEATING
  TODAY            0                        11    -11
  MONTH TO DATE  217                       319   -102
  SINCE MAR 1    217                       319   -102
  SINCE JUL 1   1941                      2152   -211

 COOLING
  TODAY            2                         0      2
  MONTH TO DATE    7                         0      7
  SINCE MAR 1      7                         0      7
  SINCE JAN 1      7                         1      6
..................................................................


WIND (MPH)
  HIGHEST WIND SPEED    26   HIGHEST WIND DIRECTION    NW (300)
  HIGHEST GUST SPEED    33   HIGHEST GUST DIRECTION    NW (300)
  AVERAGE WIND SPEED    12.1


SKY COVER
  POSSIBLE SUNSHINE  MM
  AVERAGE SKY COVER 0.1


WEATHER CONDITIONS
 THE FOLLOWING WEATHER WAS RECORDED TODAY.
  HAZE


RELATIVE HUMIDITY (PERCENT)
 HIGHEST    67           700 AM
 LOWEST     36          1100 AM
 AVERAGE    52

..........................................................


THE SANTA MARIA AIRPORT CA CLIMATE NORMALS FOR TOMORROW
                         NORMAL    RECORD    YEAR
 MAXIMUM TEMPERATURE (F)   66        86      1931
 MINIMUM TEMPERATURE (F)   43        31      1967
                                             1938


SUNRISE AND SUNSET
MARCH 29 2017.........SUNRISE   652 AM PDT   SUNSET   721 PM PDT
MARCH 30 2017.........SUNRISE   651 AM PDT   SUNSET   722 PM PDT


-  INDICATES NEGATIVE NUMBERS.
R  INDICATES RECORD WAS SET OR TIED.
MM INDICATES DATA IS MISSING.
T  INDICATES TRACE AMOUNT.




$$
