000
CDUS46 KLOX 260934
CLISMX


CLIMATE REPORT
NATIONAL WEATHER SERVICE LOS ANGELES/OXNARD CA
234 AM PDT THU MAR 26 2015


...................................

...THE SANTA MARIA AIRPORT CA CLIMATE SUMMARY FOR MARCH 25 2015...

CLIMATE NORMAL PERIOD 1981 TO 2010
CLIMATE RECORD PERIOD 1906 TO 2015


WEATHER ITEM   OBSERVED TIME   RECORD YEAR NORMAL DEPARTURE LAST
                VALUE   (LST)  VALUE       VALUE  FROM      YEAR
                                                  NORMAL
..................................................................
TEMPERATURE (F)
 YESTERDAY
  MAXIMUM         83   1155 AM  90    1988  66     17       67
  MINIMUM         52    356 AM  31    1964  43      9       51
  AVERAGE         68                        54     14       59

PRECIPITATION (IN)
  YESTERDAY        0.00          2.20 1993   0.07  -0.07     0.06
  MONTH TO DATE    0.30                      2.25  -1.95     0.85
  SINCE OCT 1      6.70                     12.04  -5.34     3.23
  SINCE JAN 1      1.14                      7.99  -6.85     2.74

SNOWFALL (IN)
  YESTERDAY        0.0
  MONTH TO DATE    0.0
  SINCE MAR 1      0.0
  SINCE JUL 1      0.0

DEGREE DAYS
 HEATING
  YESTERDAY        0                        11    -11
  MONTH TO DATE  115                       275   -160
  SINCE MAR 1    115                       275   -160
  SINCE JUL 1    802                      2108  -1306

 COOLING
  YESTERDAY        3                         0      3
  MONTH TO DATE   21                         0     21
  SINCE MAR 1     21                         0     21
  SINCE JAN 1     21                         1     20
..................................................................


WIND (MPH)
  HIGHEST WIND SPEED    24   HIGHEST WIND DIRECTION    NW (300)
  HIGHEST GUST SPEED    29   HIGHEST GUST DIRECTION    NW (310)
  AVERAGE WIND SPEED     9.9


SKY COVER
  POSSIBLE SUNSHINE  MM
  AVERAGE SKY COVER 0.0


WEATHER CONDITIONS
 THE FOLLOWING WEATHER WAS RECORDED YESTERDAY.
  FOG


RELATIVE HUMIDITY (PERCENT)
 HIGHEST    89          1200 AM
 LOWEST     24          1200 PM
 AVERAGE    57

..........................................................


THE SANTA MARIA AIRPORT CA CLIMATE NORMALS FOR TODAY
                         NORMAL    RECORD    YEAR
 MAXIMUM TEMPERATURE (F)   66        95      1988
 MINIMUM TEMPERATURE (F)   43        30      1985


SUNRISE AND SUNSET
MARCH 26 2015.........SUNRISE   657 AM PDT   SUNSET   718 PM PDT
MARCH 27 2015.........SUNRISE   656 AM PDT   SUNSET   719 PM PDT


-  INDICATES NEGATIVE NUMBERS.
R  INDICATES RECORD WAS SET OR TIED.
MM INDICATES DATA IS MISSING.
T  INDICATES TRACE AMOUNT.




$$
