431
CDUS46 KLOX 270901
CLISMX


CLIMATE REPORT
NATIONAL WEATHER SERVICE LOS ANGELES/OXNARD CA
201 AM PDT TUE SEP 27 2016


...................................

...THE SANTA MARIA AIRPORT CA CLIMATE SUMMARY FOR SEPTEMBER 26 2016...

CLIMATE NORMAL PERIOD 1981 TO 2010
CLIMATE RECORD PERIOD 1906 TO 2016


WEATHER ITEM   OBSERVED TIME   RECORD YEAR NORMAL DEPARTURE LAST
                VALUE   (LST)  VALUE       VALUE  FROM      YEAR
                                                  NORMAL
..................................................................
TEMPERATURE (F)
 YESTERDAY
  MAXIMUM        101R   112 PM 100    1921  74     27       84
  MINIMUM         55    444 AM  36    1948  52      3       59
  AVERAGE         78                        63     15       72

PRECIPITATION (IN)
  YESTERDAY        0.00          0.56 1938   0.01  -0.01     0.00
  MONTH TO DATE    0.00                      0.11  -0.11     0.09
  SINCE OCT 1      9.00                     13.92  -4.92     7.87
  SINCE JAN 1      7.12                      9.87  -2.75     2.31

SNOWFALL (IN)
  YESTERDAY        0.0
  MONTH TO DATE    0.0
  SINCE SEP 1      0.0
  SINCE JUL 1      0.0

DEGREE DAYS
 HEATING
  YESTERDAY        0                         3     -3
  MONTH TO DATE   63                        68     -5
  SINCE SEP 1     63                        68     -5
  SINCE JUL 1    199                       204     -5

 COOLING
  YESTERDAY       13                         1     12
  MONTH TO DATE   40                        26     14
  SINCE SEP 1     40                        26     14
  SINCE JAN 1     92                        81     11
..................................................................


WIND (MPH)
  HIGHEST WIND SPEED    17   HIGHEST WIND DIRECTION    NW (320)
  HIGHEST GUST SPEED    22   HIGHEST GUST DIRECTION    NW (320)
  AVERAGE WIND SPEED     5.6


SKY COVER
  POSSIBLE SUNSHINE  MM
  AVERAGE SKY COVER 0.0


WEATHER CONDITIONS
 THE FOLLOWING WEATHER WAS RECORDED YESTERDAY.
  HAZE


RELATIVE HUMIDITY (PERCENT)
 HIGHEST    51           300 AM
 LOWEST      8           200 PM
 AVERAGE    30

..........................................................


THE SANTA MARIA AIRPORT CA CLIMATE NORMALS FOR TODAY
                         NORMAL    RECORD    YEAR
 MAXIMUM TEMPERATURE (F)   74       105      2010
 MINIMUM TEMPERATURE (F)   52        39      1929


SUNRISE AND SUNSET
SEPTEMBER 27 2016.....SUNRISE   654 AM PDT   SUNSET   651 PM PDT
SEPTEMBER 28 2016.....SUNRISE   655 AM PDT   SUNSET   649 PM PDT


-  INDICATES NEGATIVE NUMBERS.
R  INDICATES RECORD WAS SET OR TIED.
MM INDICATES DATA IS MISSING.
T  INDICATES TRACE AMOUNT.




$$
