000
CDUS46 KLOX 260917
CLISMX


CLIMATE REPORT
NATIONAL WEATHER SERVICE LOS ANGELES/OXNARD CA
217 AM PDT MON JUN 26 2017


...................................

...THE SANTA MARIA AIRPORT CA CLIMATE SUMMARY FOR JUNE 25 2017...

CLIMATE NORMAL PERIOD 1981 TO 2010
CLIMATE RECORD PERIOD 1906 TO 2017


WEATHER ITEM   OBSERVED TIME   RECORD YEAR NORMAL DEPARTURE LAST
                VALUE   (LST)  VALUE       VALUE  FROM      YEAR
                                                  NORMAL
..................................................................
TEMPERATURE (F)
 YESTERDAY
  MAXIMUM         71    200 PM  93    2003  71      0       77
  MINIMUM         53   1110 PM  42    1950  52      1       48
                                      1928
  AVERAGE         62                        62      0       63

PRECIPITATION (IN)
  YESTERDAY        0.00          T    1986   0.00   0.00     0.00
                                      1970
                                      1954
  MONTH TO DATE    T                         0.03  -0.03     0.00
  SINCE OCT 1     18.44                     13.75   4.69     9.00
  SINCE JAN 1     13.64                      9.70   3.94     7.12

SNOWFALL (IN)
  YESTERDAY        0.0
  MONTH TO DATE    0.0
  SINCE JUN 1      0.0
  SINCE JUL 1      0.0

DEGREE DAYS
 HEATING
  YESTERDAY        3                         4     -1
  MONTH TO DATE   86                       125    -39
  SINCE JUN 1     86                       125    -39
  SINCE JUL 1   2432                      2807   -375

 COOLING
  YESTERDAY        0                         0      0
  MONTH TO DATE    8                         0      8
  SINCE JUN 1      8                         0      8
  SINCE JAN 1     22                        10     12
..................................................................


WIND (MPH)
  HIGHEST WIND SPEED    17   HIGHEST WIND DIRECTION    NW (310)
  HIGHEST GUST SPEED    23   HIGHEST GUST DIRECTION    NW (330)
  AVERAGE WIND SPEED     7.6


SKY COVER
  POSSIBLE SUNSHINE  MM
  AVERAGE SKY COVER 0.4


WEATHER CONDITIONS
 THE FOLLOWING WEATHER WAS RECORDED YESTERDAY.
  FOG
  HAZE


RELATIVE HUMIDITY (PERCENT)
 HIGHEST   100          1200 AM
 LOWEST     63          1200 PM
 AVERAGE    82

..........................................................


THE SANTA MARIA AIRPORT CA CLIMATE NORMALS FOR TODAY
                         NORMAL    RECORD    YEAR
 MAXIMUM TEMPERATURE (F)   72        92      1976
 MINIMUM TEMPERATURE (F)   52        40      1918


SUNRISE AND SUNSET
JUNE 26 2017..........SUNRISE   550 AM PDT   SUNSET   819 PM PDT
JUNE 27 2017..........SUNRISE   550 AM PDT   SUNSET   819 PM PDT


-  INDICATES NEGATIVE NUMBERS.
R  INDICATES RECORD WAS SET OR TIED.
MM INDICATES DATA IS MISSING.
T  INDICATES TRACE AMOUNT.




$$
