000
CDUS46 KLOX 220113
CLISMX


CLIMATE REPORT
NATIONAL WEATHER SERVICE LOS ANGELES/OXNARD CA
613 PM PDT TUE OCT 21 2014


...................................

...THE SANTA MARIA AIRPORT CA CLIMATE SUMMARY FOR OCTOBER 21 2014...
VALID TODAY AS OF 0600 PM LOCAL TIME.

CLIMATE NORMAL PERIOD 1981 TO 2010
CLIMATE RECORD PERIOD 1906 TO 2014


WEATHER ITEM   OBSERVED TIME   RECORD YEAR NORMAL DEPARTURE LAST
                VALUE   (LST)  VALUE       VALUE  FROM      YEAR
                                                  NORMAL
..................................................................
TEMPERATURE (F)
 TODAY
  MAXIMUM         83    132 PM  98    1929  73     10       68
  MINIMUM         57    107 AM  34    1949  48      9       50
  AVERAGE         70                        60     10       59

PRECIPITATION (IN)
  TODAY            T             0.37 1985   0.02  -0.02     0.00
  MONTH TO DATE    T                         0.30  -0.30     0.01
  SINCE JUL 1      T                         0.49  -0.49     0.02
  SINCE JAN 1      4.01                     10.20  -6.19     2.51

SNOWFALL (IN)
  TODAY            0.0
  MONTH TO DATE    0.0
  SINCE SEP 1      0.0
  SINCE JUL 1      0.0

DEGREE DAYS
 HEATING
  TODAY            0                         5     -5
  MONTH TO DATE    2                        90    -88
  SINCE SEP 1      3                       171   -168
  SINCE JUL 1      3                       307   -304

 COOLING
  TODAY            5                         1      4
  MONTH TO DATE  105                        21     84
  SINCE SEP 1    197                        48    149
  SINCE JAN 1    542                       103    439
..................................................................


WIND (MPH)
  HIGHEST WIND SPEED    25   HIGHEST WIND DIRECTION    NE (30)
  HIGHEST GUST SPEED    MM   HIGHEST GUST DIRECTION     N (20)
  AVERAGE WIND SPEED    13.6


SKY COVER
  POSSIBLE SUNSHINE  MM
  AVERAGE SKY COVER 0.1


WEATHER CONDITIONS
 THE FOLLOWING WEATHER WAS RECORDED TODAY.
  NO SIGNIFICANT WEATHER WAS OBSERVED.


RELATIVE HUMIDITY (PERCENT)
 HIGHEST    84          1200 AM
 LOWEST     26          1200 PM
 AVERAGE    55

..........................................................


THE SANTA MARIA AIRPORT CA CLIMATE NORMALS FOR TOMORROW
                         NORMAL    RECORD    YEAR
 MAXIMUM TEMPERATURE (F)   73       101      1929
 MINIMUM TEMPERATURE (F)   48        35      1949


SUNRISE AND SUNSET
OCTOBER 21 2014.......SUNRISE   713 AM PDT   SUNSET   619 PM PDT
OCTOBER 22 2014.......SUNRISE   714 AM PDT   SUNSET   618 PM PDT


-  INDICATES NEGATIVE NUMBERS.
R  INDICATES RECORD WAS SET OR TIED.
MM INDICATES DATA IS MISSING.
T  INDICATES TRACE AMOUNT.




$$
