133
CDUS46 KLOX 240123
CLISMX


CLIMATE REPORT
NATIONAL WEATHER SERVICE LOS ANGELES/OXNARD CA
623 PM PDT TUE MAY 23 2017


...................................

...THE SANTA MARIA AIRPORT CA CLIMATE SUMMARY FOR MAY 23 2017...
VALID TODAY AS OF 0600 PM LOCAL TIME.

CLIMATE NORMAL PERIOD 1981 TO 2010
CLIMATE RECORD PERIOD 1906 TO 2017


WEATHER ITEM   OBSERVED TIME   RECORD YEAR NORMAL DEPARTURE LAST
                VALUE   (LST)  VALUE       VALUE  FROM      YEAR
                                                  NORMAL
..................................................................
TEMPERATURE (F)
 TODAY
  MAXIMUM         69    245 PM  89    1930  69      0       67
  MINIMUM         51    612 AM  36    1980  48      3       45
  AVERAGE         60                        58      2       56

PRECIPITATION (IN)
  TODAY            0.00          0.33 1931   0.00   0.00     0.00
  MONTH TO DATE    0.34                      0.27   0.07     0.23
  SINCE OCT 1     18.44                     13.68   4.76     8.99
  SINCE JAN 1     13.64                      9.63   4.01     7.11

SNOWFALL (IN)
  TODAY            0.0
  MONTH TO DATE    0.0
  SINCE MAR 1      0.0
  SINCE JUL 1      0.0

DEGREE DAYS
 HEATING
  TODAY            5                         7     -2
  MONTH TO DATE  139                       171    -32
  SINCE MAR 1    579                       797   -218
  SINCE JUL 1   2303                      2630   -327

 COOLING
  TODAY            0                         0      0
  MONTH TO DATE    4                         0      4
  SINCE MAR 1     14                         5      9
  SINCE JAN 1     14                         6      8
..................................................................


WIND (MPH)
  HIGHEST WIND SPEED    17   HIGHEST WIND DIRECTION    NW (330)
  HIGHEST GUST SPEED    22   HIGHEST GUST DIRECTION    NW (330)
  AVERAGE WIND SPEED     5.2


SKY COVER
  POSSIBLE SUNSHINE  MM
  AVERAGE SKY COVER 0.6


WEATHER CONDITIONS
 THE FOLLOWING WEATHER WAS RECORDED TODAY.
  FOG
  FOG W/VISIBILITY <= 1/4 MILE
  HAZE


RELATIVE HUMIDITY (PERCENT)
 HIGHEST   100          1200 AM
 LOWEST     63           100 PM
 AVERAGE    82

..........................................................


THE SANTA MARIA AIRPORT CA CLIMATE NORMALS FOR TOMORROW
                         NORMAL    RECORD    YEAR
 MAXIMUM TEMPERATURE (F)   69        95      1927
 MINIMUM TEMPERATURE (F)   48        35      1924


SUNRISE AND SUNSET
MAY 23 2017...........SUNRISE   553 AM PDT   SUNSET   805 PM PDT
MAY 24 2017...........SUNRISE   552 AM PDT   SUNSET   805 PM PDT


-  INDICATES NEGATIVE NUMBERS.
R  INDICATES RECORD WAS SET OR TIED.
MM INDICATES DATA IS MISSING.
T  INDICATES TRACE AMOUNT.




$$
