142
CDUS46 KLOX 190118
CLISMX


CLIMATE REPORT
NATIONAL WEATHER SERVICE LOS ANGELES/OXNARD CA
617 PM PDT FRI AUG 18 2017


...................................

...THE SANTA MARIA AIRPORT CA CLIMATE SUMMARY FOR AUGUST 18 2017...
VALID TODAY AS OF 0600 PM LOCAL TIME.

CLIMATE NORMAL PERIOD 1981 TO 2010
CLIMATE RECORD PERIOD 1906 TO 2017


WEATHER ITEM   OBSERVED TIME   RECORD YEAR NORMAL DEPARTURE LAST
                VALUE   (LST)  VALUE       VALUE  FROM      YEAR
                                                  NORMAL
..................................................................
TEMPERATURE (F)
 TODAY
  MAXIMUM         73    203 PM  90    1986  73      0       71
  MINIMUM         55    543 AM  42    1919  54      1       52
  AVERAGE         64                        64      0       62

PRECIPITATION (IN)
  TODAY            0.00          0.02 1945   0.00   0.00     0.00
  MONTH TO DATE    T                         0.01  -0.01      T
  SINCE OCT 1     18.44                     13.80   4.64     9.00
  SINCE JAN 1     13.64                      9.75   3.89     7.12

SNOWFALL (IN)
  TODAY            0.0
  MONTH TO DATE    0.0
  SINCE JUN 1      0.0
  SINCE JUL 1      0.0

DEGREE DAYS
 HEATING
  TODAY            1                         2     -1
  MONTH TO DATE    8                        36    -28
  SINCE JUN 1    146                       252   -106
  SINCE JUL 1     39                       111    -72

 COOLING
  TODAY            0                         1     -1
  MONTH TO DATE   32                        18     14
  SINCE JUN 1     68                        43     25
  SINCE JAN 1     82                        53     29
..................................................................


WIND (MPH)
  HIGHEST WIND SPEED    14   HIGHEST WIND DIRECTION    NW (300)
  HIGHEST GUST SPEED    19   HIGHEST GUST DIRECTION    NW (320)
  AVERAGE WIND SPEED     5.3


SKY COVER
  POSSIBLE SUNSHINE  MM
  AVERAGE SKY COVER 0.2


WEATHER CONDITIONS
 THE FOLLOWING WEATHER WAS RECORDED TODAY.
  FOG
  HAZE


RELATIVE HUMIDITY (PERCENT)
 HIGHEST    93          1200 AM
 LOWEST     61           200 PM
 AVERAGE    77

..........................................................


THE SANTA MARIA AIRPORT CA CLIMATE NORMALS FOR TOMORROW
                         NORMAL    RECORD    YEAR
 MAXIMUM TEMPERATURE (F)   73        83      1986
 MINIMUM TEMPERATURE (F)   54        42      1919


SUNRISE AND SUNSET
AUGUST 18 2017........SUNRISE   625 AM PDT   SUNSET   746 PM PDT
AUGUST 19 2017........SUNRISE   625 AM PDT   SUNSET   745 PM PDT


-  INDICATES NEGATIVE NUMBERS.
R  INDICATES RECORD WAS SET OR TIED.
MM INDICATES DATA IS MISSING.
T  INDICATES TRACE AMOUNT.




$$
