000
CDUS46 KSGX 110117
CLISNA


CLIMATE REPORT
NATIONAL WEATHER SERVICE SAN DIEGO, CA
517 PM PST SAT DEC 10 2016


...................................

...THE JOHN WAYNE AIRPORT CA CLIMATE SUMMARY FOR DECEMBER 10 2016...
VALID TODAY AS OF 0500 PM LOCAL TIME.

CLIMATE NORMAL PERIOD 1981 TO 2010
CLIMATE RECORD PERIOD 1999 TO 2016


WEATHER ITEM   OBSERVED TIME   RECORD YEAR NORMAL DEPARTURE LAST
                VALUE   (LST)  VALUE       VALUE  FROM      YEAR
                                                  NORMAL
..................................................................
TEMPERATURE (F)
 TODAY
  MAXIMUM         64   1206 PM  77    2012  66     -2       65
  MINIMUM         57    436 AM  39    2013  46     11       53
  AVERAGE         61                        56      5       59

PRECIPITATION (IN)
  TODAY            0.00          0.07 2015   0.05  -0.05     0.07
  MONTH TO DATE    0.00                      0.40  -0.40     0.07
  SINCE OCT 1      2.24                      2.40  -0.16     0.26
  SINCE JAN 1      6.00                     11.65  -5.65     5.54

DEGREE DAYS
 HEATING
  TODAY            4                         9     -5        6
  MONTH TO DATE   69                        81    -12       44
  SINCE DEC 1     69                        81    -12       44
  SINCE JUL 1    147                       234    -87      174

 COOLING
  TODAY            0                         0      0        0
  MONTH TO DATE    0                         0      0        0
  SINCE DEC 1      0                         0      0        0
  SINCE JAN 1   1226                       876    350     1612
..................................................................


WIND (MPH)
  RESULTANT WIND SPEED   3   RESULTANT WIND DIRECTION  SE (150)
  HIGHEST WIND SPEED     9   HIGHEST WIND DIRECTION     S (180)
  HIGHEST GUST SPEED    13   HIGHEST GUST DIRECTION     S (190)
  AVERAGE WIND SPEED     4.9


SKY COVER
  POSSIBLE SUNSHINE  MM
  AVERAGE SKY COVER 1.0


WEATHER CONDITIONS
 THE FOLLOWING WEATHER WAS RECORDED TODAY.
  FOG


RELATIVE HUMIDITY (PERCENT)
 HIGHEST   100           400 AM
 LOWEST     73          1200 PM
 AVERAGE    87

..........................................................


THE JOHN WAYNE AIRPORT CA CLIMATE NORMALS FOR TOMORROW
                         NORMAL    RECORD    YEAR
 MAXIMUM TEMPERATURE (F)   66        79      2010
 MINIMUM TEMPERATURE (F)   46        40      2013


SUNRISE AND SUNSET
DECEMBER 10 2016......SUNRISE   646 AM PST   SUNSET   444 PM PST
DECEMBER 11 2016......SUNRISE   646 AM PST   SUNSET   444 PM PST


-  INDICATES NEGATIVE NUMBERS.
R  INDICATES RECORD WAS SET OR TIED.
MM INDICATES DATA IS MISSING.
T  INDICATES TRACE AMOUNT.




$$
