000
CDUS46 KSGX 290017
CLISNA


CLIMATE REPORT
NATIONAL WEATHER SERVICE SAN DIEGO, CA
416 PM PST SUN DEC 28 2014


...................................

...THE JOHN WAYNE AIRPORT CA CLIMATE SUMMARY FOR DECEMBER 28 2014...
VALID TODAY AS OF 0400 PM LOCAL TIME.

CLIMATE NORMAL PERIOD 1981 TO 2010
CLIMATE RECORD PERIOD 1999 TO 2014


WEATHER ITEM   OBSERVED TIME   RECORD YEAR NORMAL DEPARTURE LAST
                VALUE   (LST)  VALUE       VALUE  FROM      YEAR
                                                  NORMAL
..................................................................
TEMPERATURE (F)
 TODAY
  MAXIMUM         64    133 PM  76    1999  66     -2       71
  MINIMUM         43    630 AM  36    2003  46     -3       50
  AVERAGE         54                        56     -2       61

PRECIPITATION (IN)
  TODAY            0.00          1.00 2004   0.14  -0.14     0.00
  MONTH TO DATE    3.46                      1.66   1.80     0.29
  SINCE JUL 1      3.70                      3.95  -0.25     1.05
  SINCE JAN 1      6.29                     12.91  -6.62     3.02

SNOWFALL (IN)
  TODAY            0.0
  MONTH TO DATE    0.0
  SINCE JAN 1      0.0
  SINCE JUL 1      0.0
  SNOW DEPTH       0

DEGREE DAYS
 HEATING
  TODAY           11                         9      2        4
  MONTH TO DATE   77                       250   -173      177
  SINCE DEC 1     77                       250   -173      177
  SINCE JUL 1     81                       403   -322      250

 COOLING
  TODAY            0                         0      0        0
  MONTH TO DATE   18                         0     18        4
  SINCE DEC 1     18                         0     18        4
  SINCE JAN 1   2058                       876   1182     1161
..................................................................


WIND (MPH)
  RESULTANT WIND SPEED   1   RESULTANT WIND DIRECTION   W (270)
  HIGHEST WIND SPEED     8   HIGHEST WIND DIRECTION    SW (230)
  HIGHEST GUST SPEED    13   HIGHEST GUST DIRECTION     N (10)
  AVERAGE WIND SPEED     2.5


SKY COVER
  POSSIBLE SUNSHINE  MM
  AVERAGE SKY COVER 0.3


WEATHER CONDITIONS
 THE FOLLOWING WEATHER WAS RECORDED TODAY.
  NO SIGNIFICANT WEATHER WAS OBSERVED.


RELATIVE HUMIDITY (PERCENT)
 HIGHEST    53           200 AM
 LOWEST     19           100 PM
 AVERAGE    36

..........................................................


THE JOHN WAYNE AIRPORT CA CLIMATE NORMALS FOR TOMORROW
                         NORMAL    RECORD    YEAR
 MAXIMUM TEMPERATURE (F)   66        80      2013
 MINIMUM TEMPERATURE (F)   46        38      2013


SUNRISE AND SUNSET
DECEMBER 28 2014......SUNRISE   655 AM PST   SUNSET   451 PM PST
DECEMBER 29 2014......SUNRISE   655 AM PST   SUNSET   452 PM PST


-  INDICATES NEGATIVE NUMBERS.
R  INDICATES RECORD WAS SET OR TIED.
MM INDICATES DATA IS MISSING.
T  INDICATES TRACE AMOUNT.




$$
