000
CDUS46 KSGX 250016
CLISNA


CLIMATE REPORT
NATIONAL WEATHER SERVICE SAN DIEGO, CA
516 PM PDT THU APR 24 2014


...................................

...THE JOHN WAYNE AIRPORT CA CLIMATE SUMMARY FOR APRIL 24 2014...
VALID TODAY AS OF 0500 PM LOCAL TIME.

CLIMATE NORMAL PERIOD 1981 TO 2010
CLIMATE RECORD PERIOD 1999 TO 2014


WEATHER ITEM   OBSERVED TIME   RECORD YEAR NORMAL DEPARTURE LAST
                VALUE   (LST)  VALUE       VALUE  FROM      YEAR
                                                  NORMAL
..................................................................
TEMPERATURE (F)
 TODAY
  MAXIMUM         76    159 PM  91    2001  70      6       63
  MINIMUM         57    514 AM  51    2008  55      2       57
                                      2006
  AVERAGE         67                        62      5       60

PRECIPITATION (IN)
  TODAY            0.00          0.31 2005   0.04  -0.04      T
  MONTH TO DATE    0.19                      0.72  -0.53     0.01
  SINCE JUL 1      3.51                     12.85  -9.34     4.70
  SINCE JAN 1      2.46                      8.48  -6.02     1.68

SNOWFALL (IN)
  TODAY            0.0
  MONTH TO DATE    0.0
  SINCE JAN 1      0.0
  SINCE JUL 1      0.0
  SNOW DEPTH       0

DEGREE DAYS
 HEATING
  TODAY            0                         3     -3        5
  MONTH TO DATE   37                       103    -66       61
  SINCE MAR 1    106                       284   -178      215
  SINCE JUL 1    596                      1190   -594     1081

 COOLING
  TODAY            2                         1      1        0
  MONTH TO DATE   40                         6     34        3
  SINCE MAR 1     60                        13     47        7
  SINCE JAN 1     87                        21     66        7
..................................................................


WIND (MPH)
  RESULTANT WIND SPEED   4   RESULTANT WIND DIRECTION  SW (210)
  HIGHEST WIND SPEED    15   HIGHEST WIND DIRECTION     S (200)
  HIGHEST GUST SPEED    20   HIGHEST GUST DIRECTION    SW (220)
  AVERAGE WIND SPEED     4.7


SKY COVER
  POSSIBLE SUNSHINE  MM
  AVERAGE SKY COVER 0.1


WEATHER CONDITIONS
 THE FOLLOWING WEATHER WAS RECORDED TODAY.
  NO SIGNIFICANT WEATHER WAS OBSERVED.


RELATIVE HUMIDITY (PERCENT)
 HIGHEST    72          1200 AM
 LOWEST     41          1100 AM
 AVERAGE    57

..........................................................


THE JOHN WAYNE AIRPORT CA CLIMATE NORMALS FOR TOMORROW
                         NORMAL    RECORD    YEAR
 MAXIMUM TEMPERATURE (F)   70        84      2008
                                             2004
 MINIMUM TEMPERATURE (F)   55        53      2010
                                             2008


SUNRISE AND SUNSET
APRIL 24 2014.........SUNRISE   610 AM PDT   SUNSET   729 PM PDT
APRIL 25 2014.........SUNRISE   609 AM PDT   SUNSET   730 PM PDT


-  INDICATES NEGATIVE NUMBERS.
R  INDICATES RECORD WAS SET OR TIED.
MM INDICATES DATA IS MISSING.
T  INDICATES TRACE AMOUNT.




$$
