532
CDUS46 KSGX 250016
CLISNA


CLIMATE REPORT
NATIONAL WEATHER SERVICE SAN DIEGO, CA
516 PM PDT FRI MAR 24 2017


...................................

...THE JOHN WAYNE AIRPORT CA CLIMATE SUMMARY FOR MARCH 24 2017...
VALID TODAY AS OF 0500 PM LOCAL TIME.

CLIMATE NORMAL PERIOD 1981 TO 2010
CLIMATE RECORD PERIOD 1999 TO 2017


WEATHER ITEM   OBSERVED TIME   RECORD YEAR NORMAL DEPARTURE LAST
                VALUE   (LST)  VALUE       VALUE  FROM      YEAR
                                                  NORMAL
..................................................................
TEMPERATURE (F)
 TODAY
  MAXIMUM         70    148 PM  82    2008  68      2       77
  MINIMUM         50    600 AM  45    2011  52     -2       50
  AVERAGE         60                        60      0       64

PRECIPITATION (IN)
  TODAY            0.00          T    2007   0.03  -0.03     0.00
  MONTH TO DATE    0.05                      1.71  -1.66     1.07
  SINCE OCT 1     15.76                     11.65   4.11     4.65
  SINCE JAN 1      9.57                      7.57   2.00     3.43

DEGREE DAYS
 HEATING
  TODAY            5                         5      0        1
  MONTH TO DATE   71                       144    -73       85
  SINCE MAR 1     71                       144    -73       85
  SINCE JUL 1    812                      1050   -238      857

 COOLING
  TODAY            0                         0      0        0
  MONTH TO DATE    8                         0      8        3
  SINCE MAR 1      8                         0      8        3
  SINCE JAN 1      8                         8      0       41
..................................................................


WIND (MPH)
  RESULTANT WIND SPEED   2   RESULTANT WIND DIRECTION  SW (240)
  HIGHEST WIND SPEED    14   HIGHEST WIND DIRECTION    SW (240)
  HIGHEST GUST SPEED    19   HIGHEST GUST DIRECTION    SW (230)
  AVERAGE WIND SPEED     4.1


SKY COVER
  POSSIBLE SUNSHINE  MM
  AVERAGE SKY COVER 0.1


WEATHER CONDITIONS
 THE FOLLOWING WEATHER WAS RECORDED TODAY.
  NO SIGNIFICANT WEATHER WAS OBSERVED.


RELATIVE HUMIDITY (PERCENT)
 HIGHEST    77          1200 AM
 LOWEST     39           200 PM
 AVERAGE    58

..........................................................


THE JOHN WAYNE AIRPORT CA CLIMATE NORMALS FOR TOMORROW
                         NORMAL    RECORD    YEAR
 MAXIMUM TEMPERATURE (F)   68        75      2015
 MINIMUM TEMPERATURE (F)   52        48      2002


SUNRISE AND SUNSET
MARCH 24 2017.........SUNRISE   649 AM PDT   SUNSET   706 PM PDT
MARCH 25 2017.........SUNRISE   648 AM PDT   SUNSET   707 PM PDT


-  INDICATES NEGATIVE NUMBERS.
R  INDICATES RECORD WAS SET OR TIED.
MM INDICATES DATA IS MISSING.
T  INDICATES TRACE AMOUNT.




$$
