000
CDUS46 KSGX 170128
CLISNA


CLIMATE REPORT
NATIONAL WEATHER SERVICE SAN DIEGO, CA
528 PM PST SAT DEC 16 2017


...................................

...THE JOHN WAYNE AIRPORT CA CLIMATE SUMMARY FOR DECEMBER 16 2017...
VALID TODAY AS OF 0500 PM LOCAL TIME.

CLIMATE NORMAL PERIOD 1981 TO 2010
CLIMATE RECORD PERIOD 1999 TO 2017


WEATHER ITEM   OBSERVED TIME   RECORD YEAR NORMAL DEPARTURE LAST
                VALUE   (LST)  VALUE       VALUE  FROM      YEAR
                                                  NORMAL
..................................................................
TEMPERATURE (F)
 TODAY
  MAXIMUM         68   1257 PM  79    2013  65      3       64
                                      1999
  MINIMUM         52    500 AM  38    2001  46      6       52
  AVERAGE         60                        56      4       58

PRECIPITATION (IN)
  TODAY            0.00          0.98 2002   0.05  -0.05     0.69
  MONTH TO DATE    0.00                      0.68  -0.68     1.13
  SINCE OCT 1      T                         2.68  -2.68     3.37
  SINCE JAN 1      9.69                     11.93  -2.24     7.13

DEGREE DAYS
 HEATING
  TODAY            5                         9     -4        7
  MONTH TO DATE   29                       135   -106       96
  SINCE DEC 1     29                       135   -106       96
  SINCE JUL 1     62                       288   -226      174

 COOLING
  TODAY            0                         0      0        0
  MONTH TO DATE   18                         0     18        0
  SINCE DEC 1     18                         0     18        0
  SINCE JAN 1   1303                       876    427     1226
..................................................................


WIND (MPH)
  RESULTANT WIND SPEED   4   RESULTANT WIND DIRECTION  SE (150)
  HIGHEST WIND SPEED    18   HIGHEST WIND DIRECTION     S (190)
  HIGHEST GUST SPEED    25   HIGHEST GUST DIRECTION     S (190)
  AVERAGE WIND SPEED     6.7


SKY COVER
  POSSIBLE SUNSHINE  MM
  AVERAGE SKY COVER 0.3


WEATHER CONDITIONS
 THE FOLLOWING WEATHER WAS RECORDED TODAY.
  NO SIGNIFICANT WEATHER WAS OBSERVED.


RELATIVE HUMIDITY (PERCENT)
 HIGHEST    72           600 AM
 LOWEST     43          1200 AM
 AVERAGE    58

..........................................................


THE JOHN WAYNE AIRPORT CA CLIMATE NORMALS FOR TOMORROW
                         NORMAL    RECORD    YEAR
 MAXIMUM TEMPERATURE (F)   65        79      2004
 MINIMUM TEMPERATURE (F)   46        40      2003


SUNRISE AND SUNSET
DECEMBER 16 2017......SUNRISE   649 AM PST   SUNSET   445 PM PST
DECEMBER 17 2017......SUNRISE   650 AM PST   SUNSET   446 PM PST


-  INDICATES NEGATIVE NUMBERS.
R  INDICATES RECORD WAS SET OR TIED.
MM INDICATES DATA IS MISSING.
T  INDICATES TRACE AMOUNT.




$$
