000
CDUS46 KSGX 290016
CLISNA


CLIMATE REPORT
NATIONAL WEATHER SERVICE SAN DIEGO, CA
516 PM PDT FRI APR 28 2017


...................................

...THE JOHN WAYNE AIRPORT CA CLIMATE SUMMARY FOR APRIL 28 2017...
VALID TODAY AS OF 0500 PM LOCAL TIME.

CLIMATE NORMAL PERIOD 1981 TO 2010
CLIMATE RECORD PERIOD 1999 TO 2017


WEATHER ITEM   OBSERVED TIME   RECORD YEAR NORMAL DEPARTURE LAST
                VALUE   (LST)  VALUE       VALUE  FROM      YEAR
                                                  NORMAL
..................................................................
TEMPERATURE (F)
 TODAY
  MAXIMUM         79    315 PM  93    2008  70      9       67
  MINIMUM         59    528 AM  50    2002  56      3       54
  AVERAGE         69                        63      6       61

PRECIPITATION (IN)
  TODAY            0.00          0.77 2005   0.03  -0.03     0.00
  MONTH TO DATE    0.04                      0.84  -0.80     0.18
  SINCE OCT 1     15.80                     12.68   3.12     4.87
  SINCE JAN 1      9.61                      8.60   1.01     3.65

DEGREE DAYS
 HEATING
  TODAY            0                         3     -3        4
  MONTH TO DATE   30                       115    -85       44
  SINCE MAR 1    114                       296   -182      164
  SINCE JUL 1    855                      1202   -347      936

 COOLING
  TODAY            4                         1      3        0
  MONTH TO DATE   37                        10     27       44
  SINCE MAR 1     45                        17     28       47
  SINCE JAN 1     45                        25     20       85
..................................................................


WIND (MPH)
  RESULTANT WIND SPEED   4   RESULTANT WIND DIRECTION   S (200)
  HIGHEST WIND SPEED    16   HIGHEST WIND DIRECTION    SW (210)
  HIGHEST GUST SPEED    20   HIGHEST GUST DIRECTION     S (190)
  AVERAGE WIND SPEED     5.9


SKY COVER
  POSSIBLE SUNSHINE  MM
  AVERAGE SKY COVER 0.4


WEATHER CONDITIONS
 THE FOLLOWING WEATHER WAS RECORDED TODAY.
  NO SIGNIFICANT WEATHER WAS OBSERVED.


RELATIVE HUMIDITY (PERCENT)
 HIGHEST    87           500 AM
 LOWEST     33           400 PM
 AVERAGE    60

..........................................................


THE JOHN WAYNE AIRPORT CA CLIMATE NORMALS FOR TOMORROW
                         NORMAL    RECORD    YEAR
 MAXIMUM TEMPERATURE (F)   71        97      2014
 MINIMUM TEMPERATURE (F)   56        49      1999


SUNRISE AND SUNSET
APRIL 28 2017.........SUNRISE   606 AM PDT   SUNSET   733 PM PDT
APRIL 29 2017.........SUNRISE   605 AM PDT   SUNSET   733 PM PDT


-  INDICATES NEGATIVE NUMBERS.
R  INDICATES RECORD WAS SET OR TIED.
MM INDICATES DATA IS MISSING.
T  INDICATES TRACE AMOUNT.




$$
