000
CDUS46 KSGX 011426
CLISNA


CLIMATE REPORT
NATIONAL WEATHER SERVICE SAN DIEGO, CA
726 AM PDT SUN MAY 1 2016


...................................

...THE JOHN WAYNE AIRPORT CA CLIMATE SUMMARY FOR APRIL 30 2016...

CLIMATE NORMAL PERIOD 1981 TO 2010
CLIMATE RECORD PERIOD 1999 TO 2016


WEATHER ITEM   OBSERVED TIME   RECORD YEAR NORMAL DEPARTURE LAST
                VALUE   (LST)  VALUE       VALUE  FROM      YEAR
                                                  NORMAL
..................................................................
TEMPERATURE (F)
 YESTERDAY
  MAXIMUM         68    201 PM  94    2014  71     -3       85
  MINIMUM         55    459 AM  50    2010  56     -1       60
  AVERAGE         62                        63     -1       73

PRECIPITATION (IN)
  YESTERDAY        0.01R         T    1999   0.03  -0.02     0.00
                                      1999
                                      2012
  MONTH TO DATE    0.19                      0.89  -0.70     0.04
  SINCE OCT 1      4.88                     12.73  -7.85     5.78
  SINCE JAN 1      3.66                      8.65  -4.99     1.98

DEGREE DAYS
 HEATING
  YESTERDAY        3                         3      0        0
  MONTH TO DATE   50                       121    -71       50
  SINCE MAR 1    170                       301   -131       75
  SINCE JUL 1    942                      1207   -265      300

 COOLING
  YESTERDAY        0                         1     -1        8
  MONTH TO DATE   44                        14     30       47
  SINCE MAR 1     47                        21     26      152
  SINCE JAN 1     85                        29     56      224
..................................................................


WIND (MPH)
  RESULTANT WIND SPEED   5   RESULTANT WIND DIRECTION  SW (220)
  HIGHEST WIND SPEED    13   HIGHEST WIND DIRECTION    SW (220)
  HIGHEST GUST SPEED    18   HIGHEST GUST DIRECTION    SW (220)
  AVERAGE WIND SPEED     5.4


SKY COVER
  POSSIBLE SUNSHINE  MM
  AVERAGE SKY COVER 0.6


WEATHER CONDITIONS
 THE FOLLOWING WEATHER WAS RECORDED YESTERDAY.
  LIGHT RAIN
  FOG


RELATIVE HUMIDITY (PERCENT)
 HIGHEST    86           300 AM
 LOWEST     48           400 PM
 AVERAGE    67

..........................................................


THE JOHN WAYNE AIRPORT CA CLIMATE NORMALS FOR TODAY
                         NORMAL    RECORD    YEAR
 MAXIMUM TEMPERATURE (F)   71        99      2014
 MINIMUM TEMPERATURE (F)   56        49      1999


SUNRISE AND SUNSET
MAY  1 2016...........SUNRISE   602 AM PDT   SUNSET   735 PM PDT
MAY  2 2016...........SUNRISE   601 AM PDT   SUNSET   736 PM PDT


-  INDICATES NEGATIVE NUMBERS.
R  INDICATES RECORD WAS SET OR TIED.
MM INDICATES DATA IS MISSING.
T  INDICATES TRACE AMOUNT.




$$
