000
CDUS46 KSGX 291429
CLISNA


CLIMATE REPORT
NATIONAL WEATHER SERVICE SAN DIEGO, CA
629 AM PST THU JAN 29 2015


...................................

...THE JOHN WAYNE AIRPORT CA CLIMATE SUMMARY FOR JANUARY 28 2015...

CLIMATE NORMAL PERIOD 1981 TO 2010
CLIMATE RECORD PERIOD 1999 TO 2015


WEATHER ITEM   OBSERVED TIME   RECORD YEAR NORMAL DEPARTURE LAST
                VALUE   (LST)  VALUE       VALUE  FROM      YEAR
                                                  NORMAL
..................................................................
TEMPERATURE (F)
 YESTERDAY
  MAXIMUM         75    109 PM  82    2012  67      8       68
  MINIMUM         55    457 AM  42    2009  48      7       54
  AVERAGE         65                        57      8       61

PRECIPITATION (IN)
  YESTERDAY        0.00          0.45 2008   0.04  -0.04     0.00
  MONTH TO DATE    0.82                      2.69  -1.87     0.00
  SINCE OCT 1      4.62                      6.77  -2.15     0.93
  SINCE JAN 1      0.82                      2.69  -1.87     0.00

SNOWFALL (IN)
  YESTERDAY        0.0
  MONTH TO DATE    0.0
  SINCE JAN 1      0.0
  SINCE JUL 1      0.0
  SNOW DEPTH       0

DEGREE DAYS
 HEATING
  YESTERDAY        0                         8     -8        4
  MONTH TO DATE   90                       235   -145       99
  SINCE DEC 1    200                       514   -314      295
  SINCE JUL 1    204                       667   -463      368

 COOLING
  YESTERDAY        0                         0      0        0
  MONTH TO DATE   25                         0     25       27
  SINCE DEC 1     43                         1     42       31
  SINCE JAN 1     25                         0     25       27
..................................................................


WIND (MPH)
  RESULTANT WIND SPEED   1   RESULTANT WIND DIRECTION  SW (240)
  HIGHEST WIND SPEED     9   HIGHEST WIND DIRECTION    SW (220)
  HIGHEST GUST SPEED    12   HIGHEST GUST DIRECTION    SW (220)
  AVERAGE WIND SPEED     1.2


SKY COVER
  POSSIBLE SUNSHINE  MM
  AVERAGE SKY COVER 0.6


WEATHER CONDITIONS
 THE FOLLOWING WEATHER WAS RECORDED YESTERDAY.
  NO SIGNIFICANT WEATHER WAS OBSERVED.


RELATIVE HUMIDITY (PERCENT)
 HIGHEST    77           100 AM
 LOWEST     36           100 PM
 AVERAGE    57

..........................................................


THE JOHN WAYNE AIRPORT CA CLIMATE NORMALS FOR TODAY
                         NORMAL    RECORD    YEAR
 MAXIMUM TEMPERATURE (F)   67        80      2012
 MINIMUM TEMPERATURE (F)   48        41      2002


SUNRISE AND SUNSET
JANUARY 29 2015.......SUNRISE   650 AM PST   SUNSET   520 PM PST
JANUARY 30 2015.......SUNRISE   649 AM PST   SUNSET   521 PM PST


-  INDICATES NEGATIVE NUMBERS.
R  INDICATES RECORD WAS SET OR TIED.
MM INDICATES DATA IS MISSING.
T  INDICATES TRACE AMOUNT.




$$
