000
CDAK48 PASN 210122
CLISNP


CLIMATE REPORT
NATIONAL WEATHER SERVICE ANCHORAGE, AK
521 PM AKDT THU JUL 20 2017


...................................

...THE SAINT PAUL ISLAND CLIMATE SUMMARY FOR JULY 20 2017...
VALID TODAY AS OF 0500 PM LOCAL TIME.

CLIMATE NORMAL PERIOD 1981 TO 2010
CLIMATE RECORD PERIOD 1892 TO 2017


WEATHER ITEM   OBSERVED TIME   RECORD YEAR NORMAL DEPARTURE LAST
                VALUE   (LST)  VALUE       VALUE  FROM      YEAR
                                                  NORMAL
..................................................................
TEMPERATURE (F)
 TODAY
  MAXIMUM         48        MM  61    1962  51     -3       MM
  MINIMUM         43        MM  33    1980  44     -1       MM
  AVERAGE         46                        48     -2       MM

PRECIPITATION (IN)
  TODAY            0.00          1.43 1986   0.06  -0.06     0.01
  MONTH TO DATE    2.52                      1.08   1.44     0.38
  SINCE JUN 1      3.45                      2.43   1.02     1.85
  SINCE JAN 1      9.26                      8.59   0.67     7.54

SNOWFALL (IN)
  TODAY            0.0          MM      MM   0.0    0.0      0.0
  MONTH TO DATE    0.0                       0.0    0.0      0.0
  SINCE JUN 1      0.0                       T      0.0      0.0
  SINCE JUL 1      0.0                       0.0    0.0      0.0
  SNOW DEPTH       0

DEGREE DAYS
 HEATING
  TODAY           19                        17      2       MM
  MONTH TO DATE  347                       366    -19      190
  SINCE JUN 1    901                      1044   -143      652
  SINCE JUL 1    347                       366    -19      190

 COOLING
  TODAY            0                         0      0       MM
  MONTH TO DATE    0                         0      0        0
  SINCE JUN 1      0                         0      0        0
  SINCE JAN 1      0                         0      0        0
..................................................................


WIND (MPH)
  RESULTANT WIND SPEED   8   RESULTANT WIND DIRECTION   N (0)
  HIGHEST WIND SPEED    10   HIGHEST WIND DIRECTION     N (10)
  HIGHEST GUST SPEED    MM   HIGHEST GUST DIRECTION    MM
  AVERAGE WIND SPEED     7.9



WEATHER CONDITIONS
 THE FOLLOWING WEATHER WAS RECORDED TODAY.
  FOG


..........................................................


THE SAINT PAUL ISLAND CLIMATE NORMALS FOR TOMORROW
                         NORMAL    RECORD    YEAR
 MAXIMUM TEMPERATURE (F)   51        59      1993
 MINIMUM TEMPERATURE (F)   44        36      1984
                                             1965


SUNRISE AND SUNSET
JULY 20 2017..........SUNRISE   657 AM AKDT  SUNSET  1156 PM AKDT
JULY 21 2017..........SUNRISE   659 AM AKDT  SUNSET  1154 PM AKDT


-  INDICATES NEGATIVE NUMBERS.
R  INDICATES RECORD WAS SET OR TIED.
MM INDICATES DATA IS MISSING.
T  INDICATES TRACE AMOUNT.




$$
