000
CDAK48 PASN 270051
CLISNP


CLIMATE REPORT
NATIONAL WEATHER SERVICE ANCHORAGE, AK
448 PM AKDT FRI MAY 26 2017


...................................

...THE SAINT PAUL ISLAND CLIMATE SUMMARY FOR MAY 26 2017...
VALID TODAY AS OF 0400 PM LOCAL TIME.

CLIMATE NORMAL PERIOD 1981 TO 2010
CLIMATE RECORD PERIOD 1892 TO 2017


WEATHER ITEM   OBSERVED TIME   RECORD YEAR NORMAL DEPARTURE LAST
                VALUE   (LST)  VALUE       VALUE  FROM      YEAR
                                                  NORMAL
..................................................................
TEMPERATURE (F)
 TODAY
  MAXIMUM         44   1238 PM  52    1957  43      1       49
  MINIMUM         31   1204 AM  25    1988  34     -3       43
                                      1965
  AVERAGE         38                        38      0       46

PRECIPITATION (IN)
  TODAY            0.00          0.31 1972   0.04  -0.04     0.00
  MONTH TO DATE    1.49                      0.95   0.54     0.76
  SINCE MAR 1      2.66                      3.10  -0.44     2.92
  SINCE JAN 1      5.75                      5.98  -0.23     5.68

SNOWFALL (IN)
  TODAY            0.0          MM      MM   0.1   -0.1      0.0
  MONTH TO DATE    T                         1.1   -1.1      0.0
  SINCE MAR 1      0.6                      14.8  -14.2      0.0
  SINCE JUL 1     48.8                      59.8  -11.0     23.7
  SNOW DEPTH       0

DEGREE DAYS
 HEATING
  TODAY           27                        27      0       19
  MONTH TO DATE  690                       762    -72      621
  SINCE MAR 1   2877                      3080   -203     2237
  SINCE JUL 1   8752                      9997  -1245     7422

 COOLING
  TODAY            0                         0      0        0
  MONTH TO DATE    0                         0      0        0
  SINCE MAR 1      0                         0      0        0
  SINCE JAN 1      0                         0      0        0
..................................................................


WIND (MPH)
  RESULTANT WIND SPEED  14   RESULTANT WIND DIRECTION   W (270)
  HIGHEST WIND SPEED    23   HIGHEST WIND DIRECTION     W (260)
  HIGHEST GUST SPEED    27   HIGHEST GUST DIRECTION     W (260)
  AVERAGE WIND SPEED    13.9



WEATHER CONDITIONS
 THE FOLLOWING WEATHER WAS RECORDED TODAY.
  NO SIGNIFICANT WEATHER WAS OBSERVED.


..........................................................


THE SAINT PAUL ISLAND CLIMATE NORMALS FOR TOMORROW
                         NORMAL    RECORD    YEAR
 MAXIMUM TEMPERATURE (F)   43        59      1997
 MINIMUM TEMPERATURE (F)   34        26      1981


SUNRISE AND SUNSET
MAY 26 2017...........SUNRISE   642 AM AKDT  SUNSET  1155 PM AKDT
MAY 27 2017...........SUNRISE   640 AM AKDT  SUNSET  1157 PM AKDT


-  INDICATES NEGATIVE NUMBERS.
R  INDICATES RECORD WAS SET OR TIED.
MM INDICATES DATA IS MISSING.
T  INDICATES TRACE AMOUNT.




$$
