000
CDAK48 PASN 211130
CLISNP

CLIMATE REPORT
NATIONAL WEATHER SERVICE ST PAUL, AK
330 AM AKDT SUN SEP 21 2014

...................................
...THE ST PAUL AIRPORT CLIMATE SUMMARY FOR SEPTEMBER 20 2014...

CLIMATE NORMAL PERIOD  1981 TO  2010
CLIMATE RECORD PERIOD  1892 TO  2014

WEATHER ITEM   OBSERVED TIME    RECORD YEAR NORMAL DEPARTURE LAST
               VALUE    (LST)   VALUE       VALUE  FROM      YEAR
                                                   NORMAL
...................................................................
TEMPERATURE
YESTERDAY
 MAXIMUM            53  0250 PM    56  1979     49       4     46
 MINIMUM            46  1159 PM    28  2012     40       6     45
 AVERAGE            50                          44       6     46

PRECIPITATION
(INCHES)
 YESTERDAY           T           0.61  2013   0.10   -0.10   0.61
 MONTH TO DATE    2.95                        2.02    0.93   1.41
 SINCE SEP 1      2.95                        2.02    0.93   1.41
 SINCE JAN 1     16.18                       14.45    1.73  15.44

SNOWFALL
(INCHES)
 YESTERDAY         0.0              T  1993    0.0     0.0    0.0
 MONTH TO DATE     0.0                         0.0     0.0    0.0
 SINCE SEP 1       0.0                         0.0     0.0    0.0
 SINCE JUL 1       0.0                         0.0     0.0    0.0
 SNOW DEPTH (IN)     0                                          0

DEGREE DAYS
 HEATING
  YESTERDAY         15                          21      -6     19
  MONTH TO DATE    275                         371     -96    377
  SINCE SEP 1      275                         371     -96    377
  SINCE JUL 1     1092                        1423    -331   1420

 COOLING
  YESTERDAY          0                           0       0      0
  MONTH TO DATE      0                           0       0      0
  SINCE SEP 1        0                           0       0      0
  SINCE JAN 1        0                           0       0      0
...................................................................

WIND (MPH)
 HIGHEST WIND SPEED    13     HIGHEST WIND DIRECTION    320
 HIGHEST GUST SPEED    17     HIGHEST GUST DIRECTION    360
 AVERAGE WIND SPEED   6.3

SKY COVER
  POSSIBLE SUNSHINE    MM          AVERAGE SKY COVER     MM

WEATHER CONDITIONS
 THE FOLLOWING WEATHER WAS RECORDED YESTERDAY.
RAIN


RELATIVE HUMIDITY
 HIGHEST RH     MM PERCENT       MM
 LOWEST  RH     MM PERCENT       MM
 AVERAGE RH     MM PERCENT       MM
...................................................................

THE ST PAUL CLIMATE NORMALS FOR TODAY
                           NORMAL    RECORD   YEAR
 MAXIMUM TEMPERATURE (F)     49        53     2004
 MINIMUM TEMPERATURE (F)     40        27     2012

SUNRISE AND SUNSET
 SEP 21 2014..........SUNRISE  9:05 AM      SUNSET  9:22 PM
 SEP 22 2014..........SUNRISE  9:07 AM      SUNSET  9:20 PM

-  INDICATES NEGATIVE NUMBERS.
R  INDICATES RECORD HAS BEEN SET OR TIED.
MM INDICATES DATA IS MISSING.
T  INDICATES TRACE OF PRECIPITATION.

&&
-------------------------------------------------------------------

AMOUNT OF DAYLIGHT TODAY  (HOUR:MIN)........12 HOURS 17 MINUTES
GAIN/LOSS SINCE YESTERDAY (HOUR:MIN:SEC)....-0:04:49

$$
WIW SEP 14
