000
CDAK48 PASN 271113
CLISNP

CLIMATE REPORT
NATIONAL WEATHER SERVICE ST PAUL, AK
213 AM AKST FRI FEB 27 2015

...................................
...THE ST PAUL AIRPORT CLIMATE SUMMARY FOR FEBRUARY 26 2015...

CLIMATE NORMAL PERIOD  1981 TO  2010
CLIMATE RECORD PERIOD  1892 TO  2015

WEATHER ITEM   OBSERVED TIME    RECORD YEAR NORMAL DEPARTURE LAST
               VALUE    (LST)   VALUE       VALUE  FROM      YEAR
                                                   NORMAL
...................................................................
TEMPERATURE
YESTERDAY
 MAXIMUM            38R 0438 PM    38  2004     29       9     33
 MINIMUM            36  1159 PM   -10  1954     20      16     31
 AVERAGE            37                          25      12     32

PRECIPITATION
(INCHES)
 YESTERDAY           T           0.35  1991   0.04   -0.04   0.20
 MONTH TO DATE    1.08                        1.22   -0.14   0.92
 SINCE DEC 1      5.24                        5.05    0.19   7.52
 SINCE JAN 1      2.28                        2.80   -0.52   4.33

SNOWFALL
(INCHES)
 YESTERDAY         0.0            2.3  2014    0.3    -0.3    2.3
 MONTH TO DATE    10.5                         9.4     1.1    7.9
 SINCE DEC 1      29.0                        34.1    -5.1   31.6
 SINCE JUL 1      29.7                        44.4   -14.7   34.3
 SNOW DEPTH (IN)     3                                          4

DEGREE DAYS
 HEATING
  YESTERDAY         28                          40     -12     33
  MONTH TO DATE    952                        1060    -108   1027
  SINCE DEC 1     2988                        3419    -431   3092
  SINCE JUL 1     5893                        6839    -946   6374

 COOLING
  YESTERDAY          0                           0       0      0
  MONTH TO DATE      0                           0       0      0
  SINCE DEC 1        0                           0       0      0
  SINCE JAN 1        0                           0       0      0
...................................................................

WIND (MPH)
 HIGHEST WIND SPEED    32     HIGHEST WIND DIRECTION    190
 HIGHEST GUST SPEED    41     HIGHEST GUST DIRECTION    190
 AVERAGE WIND SPEED  22.1

SKY COVER
  POSSIBLE SUNSHINE    MM          AVERAGE SKY COVER     MM

WEATHER CONDITIONS
 THE FOLLOWING WEATHER WAS RECORDED YESTERDAY.
  FOG
  RAIN


RELATIVE HUMIDITY
 HIGHEST RH     MM PERCENT       MM
 LOWEST  RH     MM PERCENT       MM
 AVERAGE RH     MM PERCENT       MM
...................................................................

THE ST PAUL CLIMATE NORMALS FOR TODAY
                           NORMAL    RECORD   YEAR
 MAXIMUM TEMPERATURE (F)     29        38     1981
 MINIMUM TEMPERATURE (F)     20        -8     2010

SUNRISE AND SUNSET
 FEB 27 2015..........SUNRISE  9:20 AM      SUNSET  7:49 PM
 FEB 28 2015..........SUNRISE  9:17 AM      SUNSET  7:52 PM

-  INDICATES NEGATIVE NUMBERS.
R  INDICATES RECORD HAS BEEN SET OR TIED.
MM INDICATES DATA IS MISSING.
T  INDICATES TRACE OF PRECIPITATION.

&&
-------------------------------------------------------------------

AMOUNT OF DAYLIGHT TODAY  (HOUR:MIN)........10 HOURS 29 MINUTES
GAIN/LOSS SINCE YESTERDAY (HOUR:MIN:SEC)....+0:04:50

$$
HCH FEB 15
