000
CDUS46 KMTR 240045
CLISNS


CLIMATE REPORT
NATIONAL WEATHER SERVICE SAN FRANCISCO BAY AREA
444 PM PST THU NOV 23 2017


...................................

...THE SALINAS AIRPORT CLIMATE SUMMARY FOR NOVEMBER 23 2017...
VALID TODAY AS OF 0400 PM LOCAL TIME.

CLIMATE NORMAL PERIOD 1981 TO 2010
CLIMATE RECORD PERIOD 1930 TO 2017


WEATHER ITEM   OBSERVED TIME   RECORD YEAR NORMAL DEPARTURE LAST
                VALUE   (LST)  VALUE       VALUE  FROM      YEAR
                                                  NORMAL
..................................................................
TEMPERATURE (F)
 TODAY
  MAXIMUM         78   1252 PM  89    1933  65     13       63
  MINIMUM         52    319 AM  26    1931  43      9       44
  AVERAGE         65                        54     11       54

PRECIPITATION (IN)
  TODAY            0.00          1.53 1946   0.06  -0.06     0.03
  MONTH TO DATE    0.27                      1.01  -0.74     0.33
  SINCE OCT 1      0.40                      1.59  -1.19     1.94
  SINCE JAN 1     12.89                     10.51   2.38    10.51

DEGREE DAYS
 HEATING
  TODAY            0                        11    -11       11
  MONTH TO DATE  143                       201    -58      132
  SINCE SEP 1    293                       400   -107      321
  SINCE JUL 1    384                       535   -151      469

 COOLING
  TODAY            0                         0      0        0
  MONTH TO DATE    6                         0      6       11
  SINCE SEP 1    211                        58    153       80
  SINCE JAN 1    279                       127    152      113
..................................................................


WIND (MPH)
  RESULTANT WIND SPEED   1   RESULTANT WIND DIRECTION  SE (130)
  HIGHEST WIND SPEED    18   HIGHEST WIND DIRECTION     W (260)
  HIGHEST GUST SPEED    22   HIGHEST GUST DIRECTION     W (260)
  AVERAGE WIND SPEED     6.3


SKY COVER
  POSSIBLE SUNSHINE  MM
  AVERAGE SKY COVER 0.0


WEATHER CONDITIONS
 THE FOLLOWING WEATHER WAS RECORDED TODAY.
  NO SIGNIFICANT WEATHER WAS OBSERVED.


RELATIVE HUMIDITY (PERCENT)
 HIGHEST    93           200 AM
 LOWEST     47           100 PM
 AVERAGE    70

..........................................................


THE SALINAS AIRPORT CLIMATE NORMALS FOR TOMORROW
                         NORMAL    RECORD    YEAR
 MAXIMUM TEMPERATURE (F)   64        85      1949
 MINIMUM TEMPERATURE (F)   43        26      1931


SUNRISE AND SUNSET
NOVEMBER 23 2017......SUNRISE   653 AM PST   SUNSET   453 PM PST
NOVEMBER 24 2017......SUNRISE   654 AM PST   SUNSET   452 PM PST


-  INDICATES NEGATIVE NUMBERS.
R  INDICATES RECORD WAS SET OR TIED.
MM INDICATES DATA IS MISSING.
T  INDICATES TRACE AMOUNT.




$$
