000
CDUS46 KMTR 260827
CLISNS


CLIMATE REPORT
NATIONAL WEATHER SERVICE SAN FRANCISCO BAY AREA
126 AM PDT SUN OCT 26 2014


...................................

...THE SALINAS AIRPORT CLIMATE SUMMARY FOR OCTOBER 25 2014...

CLIMATE NORMAL PERIOD 1981 TO 2010
CLIMATE RECORD PERIOD 1930 TO 2014


WEATHER ITEM   OBSERVED TIME   RECORD YEAR NORMAL DEPARTURE LAST
                VALUE   (LST)  VALUE       VALUE  FROM      YEAR
                                                  NORMAL
..................................................................
TEMPERATURE (F)
 YESTERDAY
  MAXIMUM         71    213 PM  95    1965  72     -1       68
  MINIMUM         57    554 AM  31    1971  48      9       48
  AVERAGE         64                        60      4       58

PRECIPITATION (IN)
  YESTERDAY        0.19          0.41 1982   0.02   0.17     0.00
  MONTH TO DATE    0.19                      0.41  -0.22     0.00
  SINCE JUL 1      0.30                      0.61  -0.31     0.11
  SINCE JAN 1      5.27                      9.33  -4.06     2.44

DEGREE DAYS
 HEATING
  YESTERDAY        1                         5     -4        7
  MONTH TO DATE   21                       101    -80      115
  SINCE SEP 1     32                       161   -129      133
  SINCE JUL 1     73                       296   -223      238

 COOLING
  YESTERDAY        0                         0      0        0
  MONTH TO DATE   74                        23     51       17
  SINCE SEP 1    121                        59     62       71
  SINCE JAN 1    254                       128    126      155
..................................................................


WIND (MPH)
  RESULTANT WIND SPEED   3   RESULTANT WIND DIRECTION  SE (120)
  HIGHEST WIND SPEED    22   HIGHEST WIND DIRECTION     E (90)
  HIGHEST GUST SPEED    26   HIGHEST GUST DIRECTION     E (100)
  AVERAGE WIND SPEED     7.9


SKY COVER
  POSSIBLE SUNSHINE  MM
  AVERAGE SKY COVER 0.4


WEATHER CONDITIONS
 THE FOLLOWING WEATHER WAS RECORDED YESTERDAY.
  RAIN
  LIGHT RAIN
  FOG


RELATIVE HUMIDITY (PERCENT)
 HIGHEST    93           900 AM
 LOWEST     53           300 PM
 AVERAGE    73

..........................................................


THE SALINAS AIRPORT CLIMATE NORMALS FOR TODAY
                         NORMAL    RECORD    YEAR
 MAXIMUM TEMPERATURE (F)   72        95      1983
 MINIMUM TEMPERATURE (F)   48        33      1939


SUNRISE AND SUNSET
OCTOBER 26 2014.......SUNRISE   624 AM PST   SUNSET   516 PM PST
OCTOBER 27 2014.......SUNRISE   625 AM PST   SUNSET   515 PM PST


-  INDICATES NEGATIVE NUMBERS.
R  INDICATES RECORD WAS SET OR TIED.
MM INDICATES DATA IS MISSING.
T  INDICATES TRACE AMOUNT.




$$
