000
CDUS46 KMTR 250825
CLISNS


CLIMATE REPORT
NATIONAL WEATHER SERVICE SAN FRANCISCO BAY AREA
125 AM PDT TUE JUL 25 2017


...................................

...THE SALINAS AIRPORT CLIMATE SUMMARY FOR JULY 24 2017...

CLIMATE NORMAL PERIOD 1981 TO 2010
CLIMATE RECORD PERIOD 1930 TO 2017


WEATHER ITEM   OBSERVED TIME   RECORD YEAR NORMAL DEPARTURE LAST
                VALUE   (LST)  VALUE       VALUE  FROM      YEAR
                                                  NORMAL
..................................................................
TEMPERATURE (F)
 YESTERDAY
  MAXIMUM         69    207 PM  85    2006  71     -2       70
  MINIMUM         56    705 AM  46    1936  55      1       52
  AVERAGE         63                        63      0       61

PRECIPITATION (IN)
  YESTERDAY        0.00          T    2009   0.00   0.00     0.00
  MONTH TO DATE    0.00                      0.00   0.00      T
  SINCE OCT 1     16.45                     12.63   3.82    13.47
  SINCE JAN 1     12.45                      8.72   3.73     8.57

DEGREE DAYS
 HEATING
  YESTERDAY        2                         2      0        4
  MONTH TO DATE   60                        68     -8       73
  SINCE JUN 1    130                       181    -51      149
  SINCE JUL 1     60                        68     -8       73

 COOLING
  YESTERDAY        0                         1     -1        0
  MONTH TO DATE    9                        24    -15        0
  SINCE JUN 1     18                        36    -18        8
  SINCE JAN 1     36                        52    -16       31
..................................................................


WIND (MPH)
  RESULTANT WIND SPEED   7   RESULTANT WIND DIRECTION  NW (300)
  HIGHEST WIND SPEED    20   HIGHEST WIND DIRECTION    NW (320)
  HIGHEST GUST SPEED    24   HIGHEST GUST DIRECTION    NW (300)
  AVERAGE WIND SPEED     8.6


SKY COVER
  POSSIBLE SUNSHINE  MM
  AVERAGE SKY COVER 0.8


WEATHER CONDITIONS
 THE FOLLOWING WEATHER WAS RECORDED YESTERDAY.
  NO SIGNIFICANT WEATHER WAS OBSERVED.


RELATIVE HUMIDITY (PERCENT)
 HIGHEST   100           100 AM
 LOWEST     63           100 PM
 AVERAGE    82

..........................................................


THE SALINAS AIRPORT CLIMATE NORMALS FOR TODAY
                         NORMAL    RECORD    YEAR
 MAXIMUM TEMPERATURE (F)   71        87      1973
 MINIMUM TEMPERATURE (F)   56        42      1936


SUNRISE AND SUNSET
JULY 25 2017..........SUNRISE   607 AM PDT   SUNSET   818 PM PDT
JULY 26 2017..........SUNRISE   608 AM PDT   SUNSET   818 PM PDT


-  INDICATES NEGATIVE NUMBERS.
R  INDICATES RECORD WAS SET OR TIED.
MM INDICATES DATA IS MISSING.
T  INDICATES TRACE AMOUNT.




$$
