000
CDUS46 KMTR 080835
CLISNS


CLIMATE REPORT
NATIONAL WEATHER SERVICE SAN FRANCISCO BAY AREA
1235 AM PST THU DEC 8 2016


...................................

...THE SALINAS AIRPORT CLIMATE SUMMARY FOR DECEMBER 7 2016...

CLIMATE NORMAL PERIOD 1981 TO 2010
CLIMATE RECORD PERIOD 1930 TO 2016


WEATHER ITEM   OBSERVED TIME   RECORD YEAR NORMAL DEPARTURE LAST
                VALUE   (LST)  VALUE       VALUE  FROM      YEAR
                                                  NORMAL
..................................................................
TEMPERATURE (F)
 YESTERDAY
  MAXIMUM         55    332 PM  79    1938  62     -7       65
  MINIMUM         35    726 AM  28    1978  41     -6       45
  AVERAGE         45                        52     -7       55

PRECIPITATION (IN)
  YESTERDAY        0.00          0.97 2004   0.06  -0.06     0.00
  MONTH TO DATE    0.00                      0.38  -0.38      T
  SINCE OCT 1      2.56                      2.36   0.20     2.94
  SINCE JAN 1     11.13                     11.28  -0.15     5.05

DEGREE DAYS
 HEATING
  YESTERDAY       20                        14      6       10
  MONTH TO DATE  110                        92     18       85
  SINCE DEC 1    110                        92     18       85
  SINCE JUL 1    680                       710    -30      445

 COOLING
  YESTERDAY        0                         0      0        0
  MONTH TO DATE    0                         0      0        0
  SINCE DEC 1      0                         0      0        0
  SINCE JAN 1    113                       130    -17      386
..................................................................


WIND (MPH)
  RESULTANT WIND SPEED   7   RESULTANT WIND DIRECTION   E (110)
  HIGHEST WIND SPEED    17   HIGHEST WIND DIRECTION     E (110)
  HIGHEST GUST SPEED    21   HIGHEST GUST DIRECTION    SE (120)
  AVERAGE WIND SPEED     8.0


SKY COVER
  POSSIBLE SUNSHINE  MM
  AVERAGE SKY COVER 0.5


WEATHER CONDITIONS
 THE FOLLOWING WEATHER WAS RECORDED YESTERDAY.
  NO SIGNIFICANT WEATHER WAS OBSERVED.


RELATIVE HUMIDITY (PERCENT)
 HIGHEST    92           200 AM
 LOWEST     50           200 PM
 AVERAGE    71

..........................................................


THE SALINAS AIRPORT CLIMATE NORMALS FOR TODAY
                         NORMAL    RECORD    YEAR
 MAXIMUM TEMPERATURE (F)   62        80      1975
 MINIMUM TEMPERATURE (F)   41        28      1956


SUNRISE AND SUNSET
DECEMBER  8 2016......SUNRISE   707 AM PST   SUNSET   450 PM PST
DECEMBER  9 2016......SUNRISE   708 AM PST   SUNSET   450 PM PST


-  INDICATES NEGATIVE NUMBERS.
R  INDICATES RECORD WAS SET OR TIED.
MM INDICATES DATA IS MISSING.
T  INDICATES TRACE AMOUNT.




$$
