000
CDUS46 KMTR 230829
CLISNS


CLIMATE REPORT
NATIONAL WEATHER SERVICE SAN FRANCISCO BAY AREA
129 AM PDT WED APR 23 2014


...................................

...THE SALINAS AIRPORT CLIMATE SUMMARY FOR APRIL 22 2014...

CLIMATE NORMAL PERIOD 1981 TO 2010
CLIMATE RECORD PERIOD 1930 TO 2014


WEATHER ITEM   OBSERVED TIME   RECORD YEAR NORMAL DEPARTURE LAST
                VALUE   (LST)  VALUE       VALUE  FROM      YEAR
                                                  NORMAL
..................................................................
TEMPERATURE (F)
 YESTERDAY
  MAXIMUM         64    121 PM  87    1987  68     -4       69
  MINIMUM         50   1159 PM  33    1968  47      3       48
  AVERAGE         57                        57      0       59

PRECIPITATION (IN)
  YESTERDAY        T             0.33 2003   0.02  -0.02     0.00
  MONTH TO DATE    0.37                      0.76  -0.39     0.27
  SINCE JUL 1      5.66                     12.22  -6.56     8.92
  SINCE JAN 1      4.72                      8.11  -3.39     2.28

DEGREE DAYS
 HEATING
  YESTERDAY        8                         8      0        6
  MONTH TO DATE  134                       194    -60      159
  SINCE MAR 1    332                       514   -182      439
  SINCE JUL 1   1764                      2328   -564     2194

 COOLING
  YESTERDAY        0                         0      0        0
  MONTH TO DATE    3                         0      3        1
  SINCE MAR 1      4                         1      3        1
  SINCE JAN 1      6                         1      5        1
..................................................................


WIND (MPH)
  RESULTANT WIND SPEED  11   RESULTANT WIND DIRECTION   W (250)
  HIGHEST WIND SPEED    21   HIGHEST WIND DIRECTION     W (250)
  HIGHEST GUST SPEED    29   HIGHEST GUST DIRECTION     W (250)
  AVERAGE WIND SPEED    11.9


SKY COVER
  POSSIBLE SUNSHINE  MM
  AVERAGE SKY COVER 0.3


WEATHER CONDITIONS
 THE FOLLOWING WEATHER WAS RECORDED YESTERDAY.
  LIGHT RAIN
  FOG


RELATIVE HUMIDITY (PERCENT)
 HIGHEST    83           500 AM
 LOWEST     43           100 PM
 AVERAGE    63

..........................................................


THE SALINAS AIRPORT CLIMATE NORMALS FOR TODAY
                         NORMAL    RECORD    YEAR
 MAXIMUM TEMPERATURE (F)   68        91      1946
 MINIMUM TEMPERATURE (F)   47        32      1937


SUNRISE AND SUNSET
APRIL 23 2014.........SUNRISE   522 AM PST   SUNSET   648 PM PST
APRIL 24 2014.........SUNRISE   521 AM PST   SUNSET   649 PM PST


-  INDICATES NEGATIVE NUMBERS.
R  INDICATES RECORD WAS SET OR TIED.
MM INDICATES DATA IS MISSING.
T  INDICATES TRACE AMOUNT.




$$
