000
CDUS46 KMTR 280827
CLISNS


CLIMATE REPORT
NATIONAL WEATHER SERVICE SAN FRANCISCO BAY AREA
126 AM PDT SAT MAR 28 2015


...................................

...THE SALINAS AIRPORT CLIMATE SUMMARY FOR MARCH 27 2015...

CLIMATE NORMAL PERIOD 1981 TO 2010
CLIMATE RECORD PERIOD 1930 TO 2015


WEATHER ITEM   OBSERVED TIME   RECORD YEAR NORMAL DEPARTURE LAST
                VALUE   (LST)  VALUE       VALUE  FROM      YEAR
                                                  NORMAL
..................................................................
TEMPERATURE (F)
 YESTERDAY
  MAXIMUM         68   1121 AM  80    1969  66      2       65
  MINIMUM         51    546 AM  32    1944  45      6       48
  AVERAGE         60                        55      5       57

PRECIPITATION (IN)
  YESTERDAY        0.00          1.45 1963   0.06  -0.06     0.01
  MONTH TO DATE    0.19                      2.04  -1.85     0.59
  SINCE OCT 1      8.82                     11.04  -2.22     4.62
  SINCE JAN 1      0.83                      7.13  -6.30     3.79

DEGREE DAYS
 HEATING
  YESTERDAY        5                        10     -5        8
  MONTH TO DATE   98                       282   -184      163
  SINCE MAR 1     98                       282   -184      163
  SINCE JUL 1    947                      2096  -1149     1595

 COOLING
  YESTERDAY        0                         0      0        0
  MONTH TO DATE   15                         0     15        1
  SINCE MAR 1     15                         0     15        1
  SINCE JAN 1     23                         0     23        3
..................................................................


WIND (MPH)
  RESULTANT WIND SPEED   5   RESULTANT WIND DIRECTION   W (280)
  HIGHEST WIND SPEED    17   HIGHEST WIND DIRECTION     W (260)
  HIGHEST GUST SPEED    22   HIGHEST GUST DIRECTION     W (260)
  AVERAGE WIND SPEED     7.5


SKY COVER
  POSSIBLE SUNSHINE  MM
  AVERAGE SKY COVER 0.4


WEATHER CONDITIONS
 THE FOLLOWING WEATHER WAS RECORDED YESTERDAY.
  FOG
  FOG W/VISIBILITY <= 1/4 MILE
  HAZE


RELATIVE HUMIDITY (PERCENT)
 HIGHEST    93          1200 AM
 LOWEST     49          1100 AM
 AVERAGE    71

..........................................................


THE SALINAS AIRPORT CLIMATE NORMALS FOR TODAY
                         NORMAL    RECORD    YEAR
 MAXIMUM TEMPERATURE (F)   66        84      2004
 MINIMUM TEMPERATURE (F)   45        33      1942


SUNRISE AND SUNSET
MARCH 28 2015.........SUNRISE   558 AM PST   SUNSET   625 PM PST
MARCH 29 2015.........SUNRISE   557 AM PST   SUNSET   626 PM PST


-  INDICATES NEGATIVE NUMBERS.
R  INDICATES RECORD WAS SET OR TIED.
MM INDICATES DATA IS MISSING.
T  INDICATES TRACE AMOUNT.




$$
