000
CDUS46 KMTR 010854
CLISNS


CLIMATE REPORT
NATIONAL WEATHER SERVICE SAN FRANCISCO BAY AREA
1254 AM PST SUN MAR 1 2015


...................................

...THE SALINAS AIRPORT CLIMATE SUMMARY FOR FEBRUARY 28 2015...

CLIMATE NORMAL PERIOD 1981 TO 2010
CLIMATE RECORD PERIOD 1930 TO 2015


WEATHER ITEM   OBSERVED TIME   RECORD YEAR NORMAL DEPARTURE LAST
                VALUE   (LST)  VALUE       VALUE  FROM      YEAR
                                                  NORMAL
..................................................................
TEMPERATURE (F)
 YESTERDAY
  MAXIMUM         61        MM  77    1954  64     -3       65
  MINIMUM         45        MM  30    1955  44      1       56
  AVERAGE         53                        54     -1       61

PRECIPITATION (IN)
  YESTERDAY        0.05          1.18 2014   0.08  -0.03     1.18
  MONTH TO DATE    0.63                      2.49  -1.86     3.08
  SINCE OCT 1      8.63                      9.00  -0.37     4.03
  SINCE JAN 1      0.64                      5.09  -4.45     3.20

DEGREE DAYS
 HEATING
  YESTERDAY       12                        11      1        4
  MONTH TO DATE  149                       336   -187      262
  SINCE DEC 1    635                      1196   -561      906
  SINCE JUL 1    849                      1814   -965     1432

 COOLING
  YESTERDAY        0                         0      0        0
  MONTH TO DATE    7                         0      7        0
  SINCE DEC 1      9                         0      9        2
  SINCE JAN 1      8                         0      8        2
..................................................................


WIND (MPH)
  RESULTANT WIND SPEED   2   RESULTANT WIND DIRECTION   S (200)
  HIGHEST WIND SPEED     9   HIGHEST WIND DIRECTION    SW (230)
  HIGHEST GUST SPEED    MM   HIGHEST GUST DIRECTION    MM
  AVERAGE WIND SPEED     4.2


SKY COVER
  POSSIBLE SUNSHINE  MM
  AVERAGE SKY COVER 0.5


WEATHER CONDITIONS
 THE FOLLOWING WEATHER WAS RECORDED YESTERDAY.
  LIGHT RAIN
  FOG


RELATIVE HUMIDITY (PERCENT)
 HIGHEST    89           800 AM
 LOWEST     47           200 PM
 AVERAGE    68

..........................................................


THE SALINAS AIRPORT CLIMATE NORMALS FOR TODAY
                         NORMAL    RECORD    YEAR
 MAXIMUM TEMPERATURE (F)   64        80      2013
 MINIMUM TEMPERATURE (F)   44        30      1939


SUNRISE AND SUNSET
MARCH  1 2015.........SUNRISE   637 AM PST   SUNSET   601 PM PST
MARCH  2 2015.........SUNRISE   636 AM PST   SUNSET   602 PM PST


-  INDICATES NEGATIVE NUMBERS.
R  INDICATES RECORD WAS SET OR TIED.
MM INDICATES DATA IS MISSING.
T  INDICATES TRACE AMOUNT.




$$
