345
CDUS46 KMTR 230828
CLISNS


CLIMATE REPORT
NATIONAL WEATHER SERVICE SAN FRANCISCO BAY AREA
1228 AM PST MON JAN 23 2017


...................................

...THE SALINAS AIRPORT CLIMATE SUMMARY FOR JANUARY 22 2017...

CLIMATE NORMAL PERIOD 1981 TO 2010
CLIMATE RECORD PERIOD 1930 TO 2017


WEATHER ITEM   OBSERVED TIME   RECORD YEAR NORMAL DEPARTURE LAST
                VALUE   (LST)  VALUE       VALUE  FROM      YEAR
                                                  NORMAL
..................................................................
TEMPERATURE (F)
 YESTERDAY
  MAXIMUM         57    330 PM  80    1968  62     -5       64
  MINIMUM         46   1159 PM  23    1937  42      4       54
  AVERAGE         52                        52      0       59

PRECIPITATION (IN)
  YESTERDAY        0.90R         0.84 2009   0.08   0.82     0.40
  MONTH TO DATE    5.74                      1.82   3.92     3.56
  SINCE OCT 1      9.74                      5.73   4.01     8.46
  SINCE JAN 1      5.74                      1.82   3.92     3.56

DEGREE DAYS
 HEATING
  YESTERDAY       13                        13      0        6
  MONTH TO DATE  320                       306     14      255
  SINCE DEC 1    765                       741     24      738
  SINCE JUL 1   1335                      1359    -24     1098

 COOLING
  YESTERDAY        0                         0      0        0
  MONTH TO DATE    0                         0      0        0
  SINCE DEC 1      0                         0      0        0
  SINCE JAN 1      0                         0      0        0
..................................................................


WIND (MPH)
  RESULTANT WIND SPEED  11   RESULTANT WIND DIRECTION  SE (120)
  HIGHEST WIND SPEED    41   HIGHEST WIND DIRECTION     E (110)
  HIGHEST GUST SPEED    51   HIGHEST GUST DIRECTION     E (100)
  AVERAGE WIND SPEED    12.7


SKY COVER
  POSSIBLE SUNSHINE  MM
  AVERAGE SKY COVER 0.9


WEATHER CONDITIONS
 THE FOLLOWING WEATHER WAS RECORDED YESTERDAY.
  RAIN


RELATIVE HUMIDITY (PERCENT)
 HIGHEST   100           900 AM
 LOWEST     62           300 PM
 AVERAGE    81

..........................................................


THE SALINAS AIRPORT CLIMATE NORMALS FOR TODAY
                         NORMAL    RECORD    YEAR
 MAXIMUM TEMPERATURE (F)   62        82      1948
 MINIMUM TEMPERATURE (F)   42        24      1937


SUNRISE AND SUNSET
JANUARY 23 2017.......SUNRISE   714 AM PST   SUNSET   523 PM PST
JANUARY 24 2017.......SUNRISE   714 AM PST   SUNSET   524 PM PST


-  INDICATES NEGATIVE NUMBERS.
R  INDICATES RECORD WAS SET OR TIED.
MM INDICATES DATA IS MISSING.
T  INDICATES TRACE AMOUNT.




$$
