965
CDUS46 KMTR 300827
CLISNS


CLIMATE REPORT
NATIONAL WEATHER SERVICE SAN FRANCISCO BAY AREA
127 AM PDT TUE MAY 30 2017


...................................

...THE SALINAS AIRPORT CLIMATE SUMMARY FOR MAY 29 2017...

CLIMATE NORMAL PERIOD 1981 TO 2010
CLIMATE RECORD PERIOD 1930 TO 2017


WEATHER ITEM   OBSERVED TIME   RECORD YEAR NORMAL DEPARTURE LAST
                VALUE   (LST)  VALUE       VALUE  FROM      YEAR
                                                  NORMAL
..................................................................
TEMPERATURE (F)
 YESTERDAY
  MAXIMUM         66   1201 PM  87    1984  69     -3       66
  MINIMUM         54    641 AM  39    1940  52      2       53
  AVERAGE         60                        60      0       60

PRECIPITATION (IN)
  YESTERDAY        0.00          0.14 1948   0.01  -0.01     0.00
  MONTH TO DATE    T                         0.34  -0.34     0.10
  SINCE OCT 1     16.36                     12.53   3.83    13.44
  SINCE JAN 1     12.36                      8.62   3.74     8.54

DEGREE DAYS
 HEATING
  YESTERDAY        5                         5      0        5
  MONTH TO DATE  139                       173    -34      146
  SINCE MAR 1    566                       748   -182      550
  SINCE JUL 1   2328                      2562   -234     1941

 COOLING
  YESTERDAY        0                         0      0        0
  MONTH TO DATE   14                         0     14        2
  SINCE MAR 1     18                         7     11       20
  SINCE JAN 1     18                         7     11       23
..................................................................


WIND (MPH)
  RESULTANT WIND SPEED  10   RESULTANT WIND DIRECTION   W (260)
  HIGHEST WIND SPEED    21   HIGHEST WIND DIRECTION     W (250)
  HIGHEST GUST SPEED    24   HIGHEST GUST DIRECTION     W (260)
  AVERAGE WIND SPEED    11.0


SKY COVER
  POSSIBLE SUNSHINE  MM
  AVERAGE SKY COVER 0.9


WEATHER CONDITIONS
 THE FOLLOWING WEATHER WAS RECORDED YESTERDAY.
  NO SIGNIFICANT WEATHER WAS OBSERVED.


RELATIVE HUMIDITY (PERCENT)
 HIGHEST    93           600 AM
 LOWEST     67          1200 PM
 AVERAGE    80

..........................................................


THE SALINAS AIRPORT CLIMATE NORMALS FOR TODAY
                         NORMAL    RECORD    YEAR
 MAXIMUM TEMPERATURE (F)   69        95      2001
 MINIMUM TEMPERATURE (F)   52        41      1937


SUNRISE AND SUNSET
MAY 30 2017...........SUNRISE   550 AM PDT   SUNSET   819 PM PDT
MAY 31 2017...........SUNRISE   549 AM PDT   SUNSET   819 PM PDT


-  INDICATES NEGATIVE NUMBERS.
R  INDICATES RECORD WAS SET OR TIED.
MM INDICATES DATA IS MISSING.
T  INDICATES TRACE AMOUNT.




$$
