000
CDUS46 KMTR 250845
CLISNS


CLIMATE REPORT
NATIONAL WEATHER SERVICE SAN FRANCISCO BAY AREA
1245 AM PST SUN JAN 25 2015


...................................

...THE SALINAS AIRPORT CLIMATE SUMMARY FOR JANUARY 24 2015...

CLIMATE NORMAL PERIOD 1981 TO 2010
CLIMATE RECORD PERIOD 1930 TO 2015


WEATHER ITEM   OBSERVED TIME   RECORD YEAR NORMAL DEPARTURE LAST
                VALUE   (LST)  VALUE       VALUE  FROM      YEAR
                                                  NORMAL
..................................................................
TEMPERATURE (F)
 YESTERDAY
  MAXIMUM         76    413 PM  80    1948  62     14       65
  MINIMUM         45    508 AM  29    1937  42      3       39
  AVERAGE         61                        52      9       52

PRECIPITATION (IN)
  YESTERDAY        0.00          1.30 1952   0.09  -0.09     0.00
  MONTH TO DATE    0.01                      1.99  -1.98     0.01
  SINCE JUL 1      8.11                      6.10   2.01     0.95
  SINCE JAN 1      0.01                      1.99  -1.98     0.01

DEGREE DAYS
 HEATING
  YESTERDAY        4                        13     -9       13
  MONTH TO DATE  198                       332   -134      195
  SINCE DEC 1    454                       767   -313      598
  SINCE JUL 1    668                      1385   -717     1124

 COOLING
  YESTERDAY        0                         0      0        0
  MONTH TO DATE    0                         0      0        2
  SINCE DEC 1      1                         0      1        2
  SINCE JAN 1      0                         0      0        2
..................................................................


WIND (MPH)
  RESULTANT WIND SPEED   8   RESULTANT WIND DIRECTION   E (100)
  HIGHEST WIND SPEED    21   HIGHEST WIND DIRECTION     E (110)
  HIGHEST GUST SPEED    25   HIGHEST GUST DIRECTION     E (110)
  AVERAGE WIND SPEED     9.0


SKY COVER
  POSSIBLE SUNSHINE  MM
  AVERAGE SKY COVER 0.0


WEATHER CONDITIONS
 THE FOLLOWING WEATHER WAS RECORDED YESTERDAY.
  NO SIGNIFICANT WEATHER WAS OBSERVED.


RELATIVE HUMIDITY (PERCENT)
 HIGHEST    71          1200 AM
 LOWEST     23           300 PM
 AVERAGE    47

..........................................................


THE SALINAS AIRPORT CLIMATE NORMALS FOR TODAY
                         NORMAL    RECORD    YEAR
 MAXIMUM TEMPERATURE (F)   62        78      2014
 MINIMUM TEMPERATURE (F)   42        26      1949


SUNRISE AND SUNSET
JANUARY 25 2015.......SUNRISE   713 AM PST   SUNSET   524 PM PST
JANUARY 26 2015.......SUNRISE   713 AM PST   SUNSET   526 PM PST


-  INDICATES NEGATIVE NUMBERS.
R  INDICATES RECORD WAS SET OR TIED.
MM INDICATES DATA IS MISSING.
T  INDICATES TRACE AMOUNT.




$$
