000
CDUS46 KMTR 270828
CLISNS


CLIMATE REPORT
NATIONAL WEATHER SERVICE SAN FRANCISCO BAY AREA
128 AM PDT FRI MAY 27 2016


...................................

...THE SALINAS AIRPORT CLIMATE SUMMARY FOR MAY 26 2016...

CLIMATE NORMAL PERIOD 1981 TO 2010
CLIMATE RECORD PERIOD 1930 TO 2016


WEATHER ITEM   OBSERVED TIME   RECORD YEAR NORMAL DEPARTURE LAST
                VALUE   (LST)  VALUE       VALUE  FROM      YEAR
                                                  NORMAL
..................................................................
TEMPERATURE (F)
 YESTERDAY
  MAXIMUM         65    132 PM  94    1974  69     -4       66
  MINIMUM         53   1159 PM  43    1953  52      1       54
  AVERAGE         59                        60     -1       60

PRECIPITATION (IN)
  YESTERDAY        0.00          0.09 1946   0.01  -0.01      T
  MONTH TO DATE    0.10                      0.31  -0.21     0.20
  SINCE OCT 1     13.44                     12.50   0.94     9.66
  SINCE JAN 1      8.54                      8.59  -0.05     1.67

DEGREE DAYS
 HEATING
  YESTERDAY        6                         5      1        5
  MONTH TO DATE  134                       158    -24      141
  SINCE MAR 1    538                       733   -195      431
  SINCE JUL 1   1929                      2547   -618     1280

 COOLING
  YESTERDAY        0                         0      0        0
  MONTH TO DATE    2                         0      2        0
  SINCE MAR 1     20                         7     13       23
  SINCE JAN 1     23                         7     16       31
..................................................................


WIND (MPH)
  RESULTANT WIND SPEED  10   RESULTANT WIND DIRECTION   W (260)
  HIGHEST WIND SPEED    17   HIGHEST WIND DIRECTION     W (260)
  HIGHEST GUST SPEED    24   HIGHEST GUST DIRECTION    NW (310)
  AVERAGE WIND SPEED    10.3


SKY COVER
  POSSIBLE SUNSHINE  MM
  AVERAGE SKY COVER 0.8


WEATHER CONDITIONS
 THE FOLLOWING WEATHER WAS RECORDED YESTERDAY.
  FOG


RELATIVE HUMIDITY (PERCENT)
 HIGHEST    89           600 AM
 LOWEST     60           200 PM
 AVERAGE    75

..........................................................


THE SALINAS AIRPORT CLIMATE NORMALS FOR TODAY
                         NORMAL    RECORD    YEAR
 MAXIMUM TEMPERATURE (F)   69        99      1984
 MINIMUM TEMPERATURE (F)   52        40      1933


SUNRISE AND SUNSET
MAY 27 2016...........SUNRISE   451 AM PST   SUNSET   717 PM PST
MAY 28 2016...........SUNRISE   451 AM PST   SUNSET   717 PM PST


-  INDICATES NEGATIVE NUMBERS.
R  INDICATES RECORD WAS SET OR TIED.
MM INDICATES DATA IS MISSING.
T  INDICATES TRACE AMOUNT.




$$
