000
CDUS45 KPIH 280731
CLISNT


CLIMATE REPORT
NATIONAL WEATHER SERVICE POCATELLO ID
1230 AM MST SAT FEB 28 2015


...................................

...THE STANLEY ID CLIMATE SUMMARY FOR FEBRUARY 27 2015...

CLIMATE NORMAL PERIOD 1981 TO 2010
CLIMATE RECORD PERIOD 1916 TO 2015


WEATHER ITEM   OBSERVED TIME   RECORD YEAR NORMAL DEPARTURE LAST
                VALUE   (LST)  VALUE       VALUE  FROM      YEAR
                                                  NORMAL
..................................................................
TEMPERATURE (F)
 YESTERDAY
  MAXIMUM         37    241 PM  54    2001  37      0       39
  MINIMUM         17    741 AM -27    1993   7     10       18
  AVERAGE         27                        22      5       29

PRECIPITATION (IN)
  YESTERDAY        0.00          0.36 2006   0.07  -0.07     0.10
  MONTH TO DATE    1.83                      1.72   0.11     4.56
  SINCE OCT 1      9.98                      8.09   1.89    10.13
  SINCE JAN 1      3.27                      3.24   0.03     6.52

SNOWFALL (IN)
  YESTERDAY       MM
  MONTH TO DATE   MM
  SINCE DEC 1     MM
  SINCE JUL 1     MM
  SNOW DEPTH      MM

DEGREE DAYS
 HEATING
  YESTERDAY       38                        43     -5       36
  MONTH TO DATE  963                      1263   -300     1196
  SINCE DEC 1   3743                      4395   -652     4347
  SINCE JUL 1   6336                      7492  -1156     7136

 COOLING
  YESTERDAY        0                         0      0        0
  MONTH TO DATE    0                         0      0        0
  SINCE DEC 1      0                         0      0        0
  SINCE JAN 1      0                         0      0        0
..................................................................


WIND (MPH)
  HIGHEST WIND SPEED     8   HIGHEST WIND DIRECTION    SW (210)
  HIGHEST GUST SPEED    10   HIGHEST GUST DIRECTION    SW (220)
  AVERAGE WIND SPEED     2.4


SKY COVER
  POSSIBLE SUNSHINE  MM
  AVERAGE SKY COVER 0.0


WEATHER CONDITIONS
 THE FOLLOWING WEATHER WAS RECORDED YESTERDAY.
  NO SIGNIFICANT WEATHER WAS OBSERVED.


RELATIVE HUMIDITY (PERCENT)
 HIGHEST    84           700 AM
 LOWEST     40           300 PM
 AVERAGE    62

..........................................................


THE STANLEY ID CLIMATE NORMALS FOR TODAY
                         NORMAL    RECORD    YEAR
 MAXIMUM TEMPERATURE (F)   38        65      1923
 MINIMUM TEMPERATURE (F)    7       -34      1922


SUNRISE AND SUNSET
FEBRUARY 28 2015......SUNRISE   719 AM MST   SUNSET   626 PM MST
MARCH  1 2015.........SUNRISE   717 AM MST   SUNSET   628 PM MST


-  INDICATES NEGATIVE NUMBERS.
R  INDICATES RECORD WAS SET OR TIED.
MM INDICATES DATA IS MISSING.
T  INDICATES TRACE AMOUNT.




$$
