000
CDUS45 KPIH 270738
CLISNT


CLIMATE REPORT
NATIONAL WEATHER SERVICE POCATELLO ID
136 AM MDT SAT AUG 27 2016


...................................

...THE STANLEY ID CLIMATE SUMMARY FOR AUGUST 26 2016...

CLIMATE NORMAL PERIOD 1981 TO 2010
CLIMATE RECORD PERIOD 1916 TO 2016


WEATHER ITEM   OBSERVED TIME   RECORD YEAR NORMAL DEPARTURE LAST
                VALUE   (LST)  VALUE       VALUE  FROM      YEAR
                                                  NORMAL
..................................................................
TEMPERATURE (F)
 YESTERDAY
  MAXIMUM         74    232 PM  91    1922  75     -1       87
  MINIMUM         33    553 AM  16    1992  32      1       35
  AVERAGE         54                        54      0       61

PRECIPITATION (IN)
  YESTERDAY        0.00          0.26 1977   0.03  -0.03     0.00
  MONTH TO DATE    0.02                      0.53  -0.51     0.42
  SINCE OCT 1     17.15                     15.99   1.16    17.08
  SINCE JAN 1      9.58                     11.14  -1.56    10.37

SNOWFALL (IN)
  YESTERDAY       MM
  MONTH TO DATE   MM
  SINCE JUN 1     MM
  SINCE JUL 1     MM
  SNOW DEPTH      MM

DEGREE DAYS
 HEATING
  YESTERDAY       11                        12     -1        4
  MONTH TO DATE  209                       217     -8      163
  SINCE JUN 1    749                       912   -163      613
  SINCE JUL 1    445                       458    -13      379

 COOLING
  YESTERDAY        0                         0      0        0
  MONTH TO DATE    0                         0      0        6
  SINCE JUN 1      3                         3      0       24
  SINCE JAN 1      3                         3      0       24
..................................................................


WIND (MPH)
  HIGHEST WIND SPEED    13   HIGHEST WIND DIRECTION     W (290)
  HIGHEST GUST SPEED    18   HIGHEST GUST DIRECTION     N (360)
  AVERAGE WIND SPEED     3.8


SKY COVER
  POSSIBLE SUNSHINE  MM
  AVERAGE SKY COVER 0.0


WEATHER CONDITIONS
 THE FOLLOWING WEATHER WAS RECORDED YESTERDAY.
  NO SIGNIFICANT WEATHER WAS OBSERVED.


RELATIVE HUMIDITY (PERCENT)
 HIGHEST    75           500 AM
 LOWEST     17           300 PM
 AVERAGE    46

..........................................................


THE STANLEY ID CLIMATE NORMALS FOR TODAY
                         NORMAL    RECORD    YEAR
 MAXIMUM TEMPERATURE (F)   74        91      1924
 MINIMUM TEMPERATURE (F)   32        19      1980


SUNRISE AND SUNSET
AUGUST 27 2016........SUNRISE   658 AM MDT   SUNSET   824 PM MDT
AUGUST 28 2016........SUNRISE   659 AM MDT   SUNSET   822 PM MDT


-  INDICATES NEGATIVE NUMBERS.
R  INDICATES RECORD WAS SET OR TIED.
MM INDICATES DATA IS MISSING.
T  INDICATES TRACE AMOUNT.




$$
