000
CDUS45 KPIH 130731
CLISNT


CLIMATE REPORT
NATIONAL WEATHER SERVICE POCATELLO ID
1231 AM MST WED DEC 13 2017


...................................

...THE STANLEY ID CLIMATE SUMMARY FOR DECEMBER 12 2017...

CLIMATE NORMAL PERIOD 1981 TO 2010
CLIMATE RECORD PERIOD 1916 TO 2017


WEATHER ITEM   OBSERVED TIME   RECORD YEAR NORMAL DEPARTURE LAST
                VALUE   (LST)  VALUE       VALUE  FROM      YEAR
                                                  NORMAL
..................................................................
TEMPERATURE (F)
 YESTERDAY
  MAXIMUM         25    320 PM  60    1921  25      0       25
  MINIMUM         -5    848 AM -50    1919   4     -9        4
  AVERAGE         10                        14     -4       15

PRECIPITATION (IN)
  YESTERDAY        0.00          0.54 1995   0.04  -0.04     0.13
  MONTH TO DATE    0.37                      0.45  -0.08     2.12
  SINCE OCT 1      7.27                      4.03   3.24     7.58
  SINCE JAN 1     27.32                     16.24  11.08    18.57

SNOWFALL (IN)
  YESTERDAY       MM
  MONTH TO DATE   MM
  SINCE DEC 1     MM
  SINCE JUL 1     MM
  SNOW DEPTH      MM

DEGREE DAYS
 HEATING
  YESTERDAY       55                        51      4       50
  MONTH TO DATE  601                       594      7      632
  SINCE DEC 1    601                       594      7      632
  SINCE JUL 1   3242                      3691   -449     3249

 COOLING
  YESTERDAY        0                         0      0        0
  MONTH TO DATE    0                         0      0        0
  SINCE DEC 1      0                         0      0        0
  SINCE JAN 1     25                         3     22        4
..................................................................


WIND (MPH)
  HIGHEST WIND SPEED     7   HIGHEST WIND DIRECTION     E (90)
  HIGHEST GUST SPEED     9   HIGHEST GUST DIRECTION    SE (120)
  AVERAGE WIND SPEED     0.9


SKY COVER
  POSSIBLE SUNSHINE  MM
  AVERAGE SKY COVER 0.0


WEATHER CONDITIONS
 THE FOLLOWING WEATHER WAS RECORDED YESTERDAY.
  NO SIGNIFICANT WEATHER WAS OBSERVED.


RELATIVE HUMIDITY (PERCENT)
 HIGHEST    92           900 PM
 LOWEST     62           300 PM
 AVERAGE    77

..........................................................


THE STANLEY ID CLIMATE NORMALS FOR TODAY
                         NORMAL    RECORD    YEAR
 MAXIMUM TEMPERATURE (F)   25        50      1924
 MINIMUM TEMPERATURE (F)    4       -36      1967


SUNRISE AND SUNSET
DECEMBER 13 2017......SUNRISE   807 AM MST   SUNSET   501 PM MST
DECEMBER 14 2017......SUNRISE   808 AM MST   SUNSET   502 PM MST


-  INDICATES NEGATIVE NUMBERS.
R  INDICATES RECORD WAS SET OR TIED.
MM INDICATES DATA IS MISSING.
T  INDICATES TRACE AMOUNT.




$$
