107
CDUS45 KPIH 290752
CLISNT


CLIMATE REPORT
NATIONAL WEATHER SERVICE POCATELLO ID
150 AM MDT FRI JUL 29 2016


...................................

...THE STANLEY ID CLIMATE SUMMARY FOR JULY 28 2016...

CLIMATE NORMAL PERIOD 1981 TO 2010
CLIMATE RECORD PERIOD 1916 TO 2016


WEATHER ITEM   OBSERVED TIME   RECORD YEAR NORMAL DEPARTURE LAST
                VALUE   (LST)  VALUE       VALUE  FROM      YEAR
                                                  NORMAL
..................................................................
TEMPERATURE (F)
 YESTERDAY
  MAXIMUM         87    512 PM  92    1968  80      7       67
  MINIMUM         38    535 AM  24    1918  38      0       37
  AVERAGE         63                        59      4       52

PRECIPITATION (IN)
  YESTERDAY        0.00          0.15 1984   0.01  -0.01     0.00
  MONTH TO DATE    0.10                      0.63  -0.53     1.14
  SINCE OCT 1     17.13                     15.40   1.73    16.66
  SINCE JAN 1      9.56                     10.55  -0.99     9.95

SNOWFALL (IN)
  YESTERDAY        MM
  MONTH TO DATE    MM
  SINCE JUN 1      MM
  SINCE JUL 1      MM
  SNOW DEPTH       MM

DEGREE DAYS
 HEATING
  YESTERDAY        2                         6     -4       13
  MONTH TO DATE  226                       221      5      196
  SINCE JUN 1    530                       675   -145      430
  SINCE JUL 1    226                       221      5      196

 COOLING
  YESTERDAY        0                         0      0        0
  MONTH TO DATE    0                         0      0        1
  SINCE JUN 1      3                         0      3       18
  SINCE JAN 1      3                         0      3       18
..................................................................


WIND (MPH)
  HIGHEST WIND SPEED    16   HIGHEST WIND DIRECTION    NW (330)
  HIGHEST GUST SPEED    26   HIGHEST GUST DIRECTION     N (10)
  AVERAGE WIND SPEED     4.3


SKY COVER
  POSSIBLE SUNSHINE  MM
  AVERAGE SKY COVER 0.0


WEATHER CONDITIONS
 THE FOLLOWING WEATHER WAS RECORDED YESTERDAY.
  NO SIGNIFICANT WEATHER WAS OBSERVED.


RELATIVE HUMIDITY (PERCENT)
 HIGHEST    79           600 AM
 LOWEST     11           300 PM
 AVERAGE    45

..........................................................


THE STANLEY ID CLIMATE NORMALS FOR TODAY
                         NORMAL    RECORD    YEAR
 MAXIMUM TEMPERATURE (F)   80        91      1968
 MINIMUM TEMPERATURE (F)   38        26      1926


SUNRISE AND SUNSET
JULY 29 2016..........SUNRISE   625 AM MDT   SUNSET   907 PM MDT
JULY 30 2016..........SUNRISE   626 AM MDT   SUNSET   906 PM MDT


-  INDICATES NEGATIVE NUMBERS.
R  INDICATES RECORD WAS SET OR TIED.
MM INDICATES DATA IS MISSING.
T  INDICATES TRACE AMOUNT.




$$
