000
CDUS45 KPIH 240737
CLISNT


CLIMATE REPORT
NATIONAL WEATHER SERVICE POCATELLO ID
1235 AM MST TUE JAN 24 2017


...................................

...THE STANLEY ID CLIMATE SUMMARY FOR JANUARY 23 2017...

CLIMATE NORMAL PERIOD 1981 TO 2010
CLIMATE RECORD PERIOD 1916 TO 2017


WEATHER ITEM   OBSERVED TIME   RECORD YEAR NORMAL DEPARTURE LAST
                VALUE   (LST)  VALUE       VALUE  FROM      YEAR
                                                  NORMAL
..................................................................
TEMPERATURE (F)
 YESTERDAY
  MAXIMUM         22    649 PM  45    1923  28     -6       35
  MINIMUM          7    207 AM -27    1997   1      6       21
  AVERAGE         15                        15      0       28

PRECIPITATION (IN)
  YESTERDAY       MM             0.38 1972   0.04  MM        0.16
  MONTH TO DATE    0.00                      1.18  -1.18     1.70
  SINCE OCT 1     11.33                      6.03   5.30     9.27
  SINCE JAN 1      0.00                      1.18  -1.18     1.70

SNOWFALL (IN)
  YESTERDAY       MM
  MONTH TO DATE   MM
  SINCE DEC 1     MM
  SINCE JUL 1     MM
  SNOW DEPTH      MM

DEGREE DAYS
 HEATING
  YESTERDAY       50                        50      0       37
  MONTH TO DATE 1344                      1170    174     1104
  SINCE DEC 1   3089                      2735    354     2607
  SINCE JUL 1   5706                      5832   -126     5379

 COOLING
  YESTERDAY        0                         0      0        0
  MONTH TO DATE    0                         0      0        0
  SINCE DEC 1      0                         0      0        0
  SINCE JAN 1      0                         0      0        0
..................................................................


WIND (MPH)
  HIGHEST WIND SPEED     7   HIGHEST WIND DIRECTION     E (100)
  HIGHEST GUST SPEED     8   HIGHEST GUST DIRECTION     N (340)
  AVERAGE WIND SPEED     1.7


SKY COVER
  POSSIBLE SUNSHINE  MM
  AVERAGE SKY COVER 0.0


WEATHER CONDITIONS
 THE FOLLOWING WEATHER WAS RECORDED YESTERDAY.
  NO SIGNIFICANT WEATHER WAS OBSERVED.


RELATIVE HUMIDITY (PERCENT)
 HIGHEST    96           900 AM
 LOWEST     77           800 PM
 AVERAGE    87

..........................................................


THE STANLEY ID CLIMATE NORMALS FOR TODAY
                         NORMAL    RECORD    YEAR
 MAXIMUM TEMPERATURE (F)   28        41      2015
                                             1919
 MINIMUM TEMPERATURE (F)    1       -34      1989


SUNRISE AND SUNSET
JANUARY 24 2017.......SUNRISE   805 AM MST   SUNSET   539 PM MST
JANUARY 25 2017.......SUNRISE   804 AM MST   SUNSET   541 PM MST


-  INDICATES NEGATIVE NUMBERS.
R  INDICATES RECORD WAS SET OR TIED.
MM INDICATES DATA IS MISSING.
T  INDICATES TRACE AMOUNT.




$$
