000
CDUS45 KPIH 202327
CLISNT


CLIMATE REPORT
NATIONAL WEATHER SERVICE POCATELLO ID
424 PM MST TUE FEB 20 2018


...................................

...THE STANLEY ID CLIMATE SUMMARY FOR FEBRUARY 20 2018...
VALID TODAY AS OF 0400 PM LOCAL TIME.

CLIMATE NORMAL PERIOD 1981 TO 2010
CLIMATE RECORD PERIOD 1916 TO 2018


WEATHER ITEM   OBSERVED TIME   RECORD YEAR NORMAL DEPARTURE LAST
                VALUE   (LST)  VALUE       VALUE  FROM      YEAR
                                                  NORMAL
..................................................................
TEMPERATURE (F)
 TODAY
  MAXIMUM         14    359 PM  60    1923  35    -21       36
  MINIMUM        -21    641 AM -27    1990   5    -26       29
  AVERAGE         -3                        20    -23       33

PRECIPITATION (IN)
  TODAY            0.00          0.62 2017   0.06  -0.06     0.62
  MONTH TO DATE    0.88                      1.29  -0.41     6.02
  SINCE OCT 1     11.35                      7.66   3.69    17.61
  SINCE JAN 1      3.11                      2.81   0.30     6.28

SNOWFALL (IN)
  TODAY           MM
  MONTH TO DATE   MM
  SINCE DEC 1     MM
  SINCE JUL 1     MM
  SNOW DEPTH      MM

DEGREE DAYS
 HEATING
  TODAY           68                        45     23       32
  MONTH TO DATE  832                       955   -123      745
  SINCE DEC 1   3573                      4087   -514     4271
  SINCE JUL 1   6214                      7184   -970     6888

 COOLING
  TODAY            0                         0      0        0
  MONTH TO DATE    0                         0      0        0
  SINCE DEC 1      0                         0      0        0
  SINCE JAN 1      0                         0      0        0
..................................................................


WIND (MPH)
  HIGHEST WIND SPEED     7   HIGHEST WIND DIRECTION     N (350)
  HIGHEST GUST SPEED     9   HIGHEST GUST DIRECTION     N (350)
  AVERAGE WIND SPEED     3.1


SKY COVER
  POSSIBLE SUNSHINE  MM
  AVERAGE SKY COVER 0.0


WEATHER CONDITIONS
 THE FOLLOWING WEATHER WAS RECORDED TODAY.
  NO SIGNIFICANT WEATHER WAS OBSERVED.


RELATIVE HUMIDITY (PERCENT)
 HIGHEST    87          1200 AM
 LOWEST     40           400 PM
 AVERAGE    64

..........................................................


THE STANLEY ID CLIMATE NORMALS FOR TOMORROW
                         NORMAL    RECORD    YEAR
 MAXIMUM TEMPERATURE (F)   35        56      1977
 MINIMUM TEMPERATURE (F)    5       -24      1975


SUNRISE AND SUNSET
FEBRUARY 20 2018......SUNRISE   731 AM MST   SUNSET   616 PM MST
FEBRUARY 21 2018......SUNRISE   730 AM MST   SUNSET   617 PM MST


-  INDICATES NEGATIVE NUMBERS.
R  INDICATES RECORD WAS SET OR TIED.
MM INDICATES DATA IS MISSING.
T  INDICATES TRACE AMOUNT.




$$
