000
CDUS45 KPIH 162321
CLISNT


CLIMATE REPORT
NATIONAL WEATHER SERVICE POCATELLO ID
521 PM MDT TUE SEP 16 2014


...................................

...THE STANLEY ID CLIMATE SUMMARY FOR SEPTEMBER 16 2014...
VALID TODAY AS OF 0500 PM LOCAL TIME.

CLIMATE NORMAL PERIOD 1981 TO 2010
CLIMATE RECORD PERIOD 1916 TO 2014


WEATHER ITEM   OBSERVED TIME   RECORD YEAR NORMAL DEPARTURE LAST
                VALUE   (LST)  VALUE       VALUE  FROM      YEAR
                                                  NORMAL
..................................................................
TEMPERATURE (F)
 TODAY
  MAXIMUM         80    347 PM  83    1995  67     13       75
  MINIMUM         43    346 AM  11    1921  28     15       39
  AVERAGE         62                        48     14       57

PRECIPITATION (IN)
  TODAY            0.01          0.37 1977   0.03  -0.02     0.00
  MONTH TO DATE    0.01                      0.55  -0.54     0.50
  SINCE OCT 1     18.33                     16.69   1.64    15.14
  SINCE JAN 1     14.72                     11.84   2.88     6.95

SNOWFALL (IN)
  TODAY           MM
  MONTH TO DATE   MM
  SINCE SEP 1     MM
  SINCE JUL 1     MM
  SNOW DEPTH      MM

DEGREE DAYS
 HEATING
  TODAY            3                        18    -15        8
  MONTH TO DATE  251                       248      3      113
  SINCE SEP 1    251                       248      3      113
  SINCE JUL 1    590                       768   -178      440

 COOLING
  TODAY            0                         0      0        0
  MONTH TO DATE    0                         0      0        0
  SINCE SEP 1      0                         0      0        0
  SINCE JAN 1     16                         3     13       19
..................................................................


WIND (MPH)
  HIGHEST WIND SPEED    15   HIGHEST WIND DIRECTION     N (340)
  HIGHEST GUST SPEED    21   HIGHEST GUST DIRECTION     N (340)
  AVERAGE WIND SPEED     4.2


SKY COVER
  POSSIBLE SUNSHINE  MM
  AVERAGE SKY COVER 0.0


WEATHER CONDITIONS
 THE FOLLOWING WEATHER WAS RECORDED TODAY.
  NO SIGNIFICANT WEATHER WAS OBSERVED.


RELATIVE HUMIDITY (PERCENT)
 HIGHEST    71           800 AM
 LOWEST     23           400 PM
 AVERAGE    47

..........................................................


THE STANLEY ID CLIMATE NORMALS FOR TOMORROW
                         NORMAL    RECORD    YEAR
 MAXIMUM TEMPERATURE (F)   67        85      1981
 MINIMUM TEMPERATURE (F)   28        10      1965


SUNRISE AND SUNSET
SEPTEMBER 16 2014.....SUNRISE   720 AM MDT   SUNSET   748 PM MDT
SEPTEMBER 17 2014.....SUNRISE   721 AM MDT   SUNSET   746 PM MDT


-  INDICATES NEGATIVE NUMBERS.
R  INDICATES RECORD WAS SET OR TIED.
MM INDICATES DATA IS MISSING.
T  INDICATES TRACE AMOUNT.




$$
