000
CDUS45 KPIH 270730
CLISNT


CLIMATE REPORT
NATIONAL WEATHER SERVICE POCATELLO ID
128 AM MDT FRI MAY 27 2016


...................................

...THE STANLEY ID CLIMATE SUMMARY FOR MAY 26 2016...

CLIMATE NORMAL PERIOD 1981 TO 2010
CLIMATE RECORD PERIOD 1916 TO 2016


WEATHER ITEM   OBSERVED TIME   RECORD YEAR NORMAL DEPARTURE LAST
                VALUE   (LST)  VALUE       VALUE  FROM      YEAR
                                                  NORMAL
..................................................................
TEMPERATURE (F)
 YESTERDAY
  MAXIMUM         63    400 PM  80    1992  61      2       63
  MINIMUM         28    449 AM  20    1989  31     -3       34
  AVERAGE         46                        46      0       49

PRECIPITATION (IN)
  YESTERDAY        0.00          0.61 1987   0.05  -0.05     0.00
  MONTH TO DATE    1.15                      1.45  -0.30     2.13
  SINCE OCT 1     16.57                     13.14   3.43    14.38
  SINCE JAN 1      9.00                      8.29   0.71     7.67

SNOWFALL (IN)
  YESTERDAY       MM
  MONTH TO DATE   MM
  SINCE MAR 1     MM
  SINCE JUL 1     MM
  SNOW DEPTH      MM

DEGREE DAYS
 HEATING
  YESTERDAY       19                        19      0       16
  MONTH TO DATE  518                       589    -71      496
  SINCE MAR 1   2334                      2715   -381     2261
  SINCE JUL 1   9284                     10249   -965     8639

 COOLING
  YESTERDAY        0                         0      0        0
  MONTH TO DATE    0                         0      0        0
  SINCE MAR 1      0                         0      0        0
  SINCE JAN 1      0                         0      0        0
..................................................................


WIND (MPH)
  HIGHEST WIND SPEED    13   HIGHEST WIND DIRECTION    SW (240)
  HIGHEST GUST SPEED    21   HIGHEST GUST DIRECTION    SW (240)
  AVERAGE WIND SPEED     3.2


SKY COVER
  POSSIBLE SUNSHINE  MM
  AVERAGE SKY COVER 0.0


WEATHER CONDITIONS
 THE FOLLOWING WEATHER WAS RECORDED YESTERDAY.
  NO SIGNIFICANT WEATHER WAS OBSERVED.


RELATIVE HUMIDITY (PERCENT)
 HIGHEST    92           100 AM
 LOWEST     27           300 PM
 AVERAGE    60

..........................................................


THE STANLEY ID CLIMATE NORMALS FOR TODAY
                         NORMAL    RECORD    YEAR
 MAXIMUM TEMPERATURE (F)   61        80      1986
 MINIMUM TEMPERATURE (F)   31        19      1991


SUNRISE AND SUNSET
MAY 27 2016...........SUNRISE   602 AM MDT   SUNSET   912 PM MDT
MAY 28 2016...........SUNRISE   601 AM MDT   SUNSET   913 PM MDT


-  INDICATES NEGATIVE NUMBERS.
R  INDICATES RECORD WAS SET OR TIED.
MM INDICATES DATA IS MISSING.
T  INDICATES TRACE AMOUNT.




$$
