000
CDUS45 KCYS 220735
CLISNY


CLIMATE REPORT
NATIONAL WEATHER SERVICE CHEYENNE WY
135 AM MDT FRI AUG 22 2014


...................................

...THE SIDNEY NE AIRPORT CLIMATE SUMMARY FOR AUGUST 21 2014...

CLIMATE NORMAL PERIOD 1981 TO 2010
CLIMATE RECORD PERIOD 1948 TO 2014


WEATHER ITEM   OBSERVED TIME   RECORD YEAR NORMAL DEPARTURE LAST
                VALUE   (LST)  VALUE       VALUE  FROM      YEAR
                                                  NORMAL
..................................................................
TEMPERATURE (F)
 YESTERDAY
  MAXIMUM         90    316 PM  99    2007  88      2       94
                                      1960
  MINIMUM         61    536 AM  43    1950  58      3       59
  AVERAGE         76                        73      3       77

PRECIPITATION (IN)
  YESTERDAY        0.01          0.92 1958   0.06  -0.05     0.00
  MONTH TO DATE    1.12                      1.59  -0.47     0.69
  SINCE JAN 1      9.89                     14.49  -4.60     8.17

DEGREE DAYS
 HEATING
  YESTERDAY        0                         0      0        0
  MONTH TO DATE    0                         0      0        1
  SINCE JUN 1     64                        62      2       46
  SINCE JUL 1      9                         3      6        9

 COOLING
  YESTERDAY       11                         8      3       12
  MONTH TO DATE  187                       195     -8      156
  SINCE JUN 1    514                       651   -137      594
  SINCE JAN 1    530                       673   -143      627
..................................................................


WIND (MPH)
  HIGHEST WIND SPEED    23   HIGHEST WIND DIRECTION     W (280)
  HIGHEST GUST SPEED    27   HIGHEST GUST DIRECTION     W (280)
  AVERAGE WIND SPEED     9.7


SKY COVER
  AVERAGE SKY COVER 0.1


WEATHER CONDITIONS
 THE FOLLOWING WEATHER WAS RECORDED YESTERDAY.
  THUNDERSTORM
  LIGHT RAIN


RELATIVE HUMIDITY (PERCENT)
 HIGHEST    73           400 AM
 LOWEST     21           400 PM
 AVERAGE    47

..........................................................


THE SIDNEY NE AIRPORT CLIMATE NORMALS FOR TODAY
                         NORMAL    RECORD    YEAR
 MAXIMUM TEMPERATURE (F)   88       100      2003
 MINIMUM TEMPERATURE (F)   58        40      1966


SUNRISE AND SUNSET
AUGUST 22 2014........SUNRISE   609 AM MDT   SUNSET   740 PM MDT
AUGUST 23 2014........SUNRISE   610 AM MDT   SUNSET   739 PM MDT


-  INDICATES NEGATIVE NUMBERS.
R  INDICATES RECORD WAS SET OR TIED.
MM INDICATES DATA IS MISSING.
T  INDICATES TRACE AMOUNT.




$$
