000
CDUS45 KCYS 250740
CLISNY


CLIMATE REPORT
NATIONAL WEATHER SERVICE CHEYENNE WY
138 AM MDT FRI APR 25 2014


...................................

...THE SIDNEY NE AIRPORT CLIMATE SUMMARY FOR APRIL 24 2014...

CLIMATE NORMAL PERIOD 1981 TO 2010
CLIMATE RECORD PERIOD 1948 TO 2014


WEATHER ITEM   OBSERVED TIME   RECORD YEAR NORMAL DEPARTURE LAST
                VALUE   (LST)  VALUE       VALUE  FROM      YEAR
                                                  NORMAL
..................................................................
TEMPERATURE (F)
 YESTERDAY
  MAXIMUM         67    406 PM  92    2012  65      2       53
  MINIMUM         34    458 AM  17    1958  36     -2       18
  AVERAGE         51                        50      1       36

PRECIPITATION (IN)
  YESTERDAY        0.00          1.51 2007   0.08  -0.08     0.00
  MONTH TO DATE    0.20                      1.54  -1.34     1.74
  SINCE JAN 1      1.71                      3.16  -1.45     2.69

DEGREE DAYS
 HEATING
  YESTERDAY       14                        15     -1       29
  MONTH TO DATE  403                       448    -45      674
  SINCE MAR 1   1216                      1251    -35     1551
  SINCE JUL 1   6205                      5833    372     6281

 COOLING
  YESTERDAY        0                         0      0        0
  MONTH TO DATE    0                         0      0        0
  SINCE MAR 1      0                         0      0        0
  SINCE JAN 1      0                         0      0        0
..................................................................


WIND (MPH)
  HIGHEST WIND SPEED    28   HIGHEST WIND DIRECTION    NW (310)
  HIGHEST GUST SPEED    33   HIGHEST GUST DIRECTION    NW (320)
  AVERAGE WIND SPEED    12.8


SKY COVER
  AVERAGE SKY COVER 0.1


WEATHER CONDITIONS
 THE FOLLOWING WEATHER WAS RECORDED YESTERDAY.
  NO SIGNIFICANT WEATHER WAS OBSERVED.


RELATIVE HUMIDITY (PERCENT)
 HIGHEST    75           400 AM
 LOWEST     14          1200 PM
 AVERAGE    45

..........................................................


THE SIDNEY NE AIRPORT CLIMATE NORMALS FOR TODAY
                         NORMAL    RECORD    YEAR
 MAXIMUM TEMPERATURE (F)   65        87      1949
 MINIMUM TEMPERATURE (F)   36        16      2002


SUNRISE AND SUNSET
APRIL 25 2014.........SUNRISE   558 AM MDT   SUNSET   743 PM MDT
APRIL 26 2014.........SUNRISE   556 AM MDT   SUNSET   744 PM MDT


-  INDICATES NEGATIVE NUMBERS.
R  INDICATES RECORD WAS SET OR TIED.
MM INDICATES DATA IS MISSING.
T  INDICATES TRACE AMOUNT.




$$
