000
CDUS45 KCYS 130731
CLISNY


CLIMATE REPORT
NATIONAL WEATHER SERVICE CHEYENNE WY
1229 AM MST SAT FEB 13 2016


...................................

...THE SIDNEY NE AIRPORT CLIMATE SUMMARY FOR FEBRUARY 12 2016...

CLIMATE NORMAL PERIOD 1981 TO 2010
CLIMATE RECORD PERIOD 1948 TO 2016


WEATHER ITEM   OBSERVED TIME   RECORD YEAR NORMAL DEPARTURE LAST
                VALUE   (LST)  VALUE       VALUE  FROM      YEAR
                                                  NORMAL
..................................................................
TEMPERATURE (F)
 YESTERDAY
  MAXIMUM         41    942 AM  71    1961  44     -3       57
  MINIMUM         28    459 AM -12    1986  18     10       22
                                      1981
                                      1948
  AVERAGE         35                        31      4       40

PRECIPITATION (IN)
  YESTERDAY        0.00          0.10 2007   0.00   0.00     0.00
                                      1966
                                      1951
  MONTH TO DATE    0.11                      0.10   0.01     0.22
  SINCE JAN 1      0.17                      0.30  -0.13     0.59

DEGREE DAYS
 HEATING
  YESTERDAY       30                        34     -4       25
  MONTH TO DATE  444                       416     28      299
  SINCE DEC 1   2801                      2651    150     2618
  SINCE JUL 1   4151                      4073     78     4108

 COOLING
  YESTERDAY        0                         0      0        0
  MONTH TO DATE    0                         0      0        0
  SINCE DEC 1      0                         0      0        0
  SINCE JAN 1      0                         0      0        0
..................................................................


WIND (MPH)
  HIGHEST WIND SPEED    21   HIGHEST WIND DIRECTION     S (170)
  HIGHEST GUST SPEED    25   HIGHEST GUST DIRECTION     S (170)
  AVERAGE WIND SPEED    11.9


SKY COVER
  AVERAGE SKY COVER 0.8


WEATHER CONDITIONS
 THE FOLLOWING WEATHER WAS RECORDED YESTERDAY.
  FOG
  FOG W/VISIBILITY <= 1/4 MILE


RELATIVE HUMIDITY (PERCENT)
 HIGHEST   100           500 PM
 LOWEST     70          1000 AM
 AVERAGE    85

..........................................................


THE SIDNEY NE AIRPORT CLIMATE NORMALS FOR TODAY
                         NORMAL    RECORD    YEAR
 MAXIMUM TEMPERATURE (F)   44        68      1954
 MINIMUM TEMPERATURE (F)   18       -12      1948


SUNRISE AND SUNSET
FEBRUARY 13 2016......SUNRISE   650 AM MST   SUNSET   523 PM MST
FEBRUARY 14 2016......SUNRISE   648 AM MST   SUNSET   524 PM MST


-  INDICATES NEGATIVE NUMBERS.
R  INDICATES RECORD WAS SET OR TIED.
MM INDICATES DATA IS MISSING.
T  INDICATES TRACE AMOUNT.




$$
