000
CDUS45 KCYS 162129
CLISNY


CLIMATE REPORT
NATIONAL WEATHER SERVICE CHEYENNE WY
329 PM MDT TUE SEP 16 2014


...................................

...THE SIDNEY NE AIRPORT CLIMATE SUMMARY FOR SEPTEMBER 16 2014...
VALID AS OF 0300 PM LOCAL TIME.

CLIMATE NORMAL PERIOD 1981 TO 2010
CLIMATE RECORD PERIOD 1948 TO 2014


WEATHER ITEM   OBSERVED TIME   RECORD YEAR NORMAL DEPARTURE LAST
                VALUE   (LST)  VALUE       VALUE  FROM      YEAR
                                                  NORMAL
..................................................................
TEMPERATURE (F)
 TODAY
  MAXIMUM         87    150 PM  93    2000  79      8       63
  MINIMUM         50    608 AM  29    1965  48      2       53
  AVERAGE         69                        63      6       58

PRECIPITATION (IN)
  TODAY            0.00          0.63 1971   0.03  -0.03     0.01
  MONTH TO DATE    0.67                      0.77  -0.10     4.25
  SINCE JAN 1     12.35                     15.93  -3.58    12.42

DEGREE DAYS
 HEATING
  TODAY            0                         4     -4        7
  MONTH TO DATE   96                        35     61       17
  SINCE SEP 1     96                        35     61       17
  SINCE JUL 1    108                        46     62       26

 COOLING
  TODAY            4                         2      2        0
  MONTH TO DATE   31                        65    -34      130
  SINCE SEP 1     31                        65    -34      130
  SINCE JAN 1    589                       807   -218      893
..................................................................


WIND (MPH)
  HIGHEST WIND SPEED    20   HIGHEST WIND DIRECTION    NW (320)
  HIGHEST GUST SPEED    23   HIGHEST GUST DIRECTION    NW (320)
  AVERAGE WIND SPEED    10.9


SKY COVER
  AVERAGE SKY COVER 0.0


WEATHER CONDITIONS
 THE FOLLOWING WEATHER WAS RECORDED TODAY.
  FOG


RELATIVE HUMIDITY (PERCENT)
 HIGHEST    93           600 AM
 LOWEST     19           200 PM
 AVERAGE    56

..........................................................


THE SIDNEY NE AIRPORT CLIMATE NORMALS FOR TOMORROW
                         NORMAL    RECORD    YEAR
 MAXIMUM TEMPERATURE (F)   78        99      2000
 MINIMUM TEMPERATURE (F)   48        28      1965


SUNRISE AND SUNSET
SEPTEMBER 16 2014.....SUNRISE   633 AM MDT   SUNSET   659 PM MDT
SEPTEMBER 17 2014.....SUNRISE   634 AM MDT   SUNSET   658 PM MDT


-  INDICATES NEGATIVE NUMBERS.
R  INDICATES RECORD WAS SET OR TIED.
MM INDICATES DATA IS MISSING.
T  INDICATES TRACE AMOUNT.




$$
