000
CDUS45 KPUB 261050
CLISPD


CLIMATE REPORT
NATIONAL WEATHER SERVICE PUEBLO
450 AM MDT TUE AUG 26 2014


...................................

...THE SPRINGFIELD CO CLIMATE SUMMARY FOR AUGUST 25 2014...

CLIMATE NORMAL PERIOD 1981 TO 2010
CLIMATE RECORD PERIOD 9999 TO 9999


WEATHER ITEM   OBSERVED TIME   NORMAL DEPARTURE LAST
                VALUE   (LST)  VALUE  FROM      YEAR
                                      NORMAL
......................................................
TEMPERATURE (F)
 YESTERDAY
  MAXIMUM         94    221 PM  87      7       93
  MINIMUM         59    541 AM  59      0       64
  AVERAGE         77                            79

PRECIPITATION (IN)
  YESTERDAY        0.12          0.08   0.04     0.00
  MONTH TO DATE    0.62          2.42  -1.80     2.29
  SINCE JUN 1      6.14          7.75  -1.61     7.76
  SINCE JAN 1     10.03         13.32  -3.29     9.74

DEGREE DAYS
 HEATING
  YESTERDAY        0             0      0        0
  MONTH TO DATE    0             0      0        1
  SINCE JUN 1     28            23      5       20
  SINCE JUL 1      6             2      4        1

 COOLING
  YESTERDAY       12             8      4       14
  MONTH TO DATE  271           245     26      243
  SINCE JUN 1    808           802      6      953
  SINCE JAN 1    866           856     10     1070
......................................................


WIND (MPH)
  HIGHEST WIND SPEED    28   HIGHEST WIND DIRECTION    NW (300)
  HIGHEST GUST SPEED    34   HIGHEST GUST DIRECTION    NW (300)
  AVERAGE WIND SPEED     8.8


SKY COVER
  POSSIBLE SUNSHINE  MM



RELATIVE HUMIDITY (PERCENT)
 HIGHEST    87          1000 PM
 LOWEST     23           200 PM
 AVERAGE    55

..........................................................


THE SPRINGFIELD CO CLIMATE NORMALS FOR TODAY
                         NORMAL    RECORD    YEAR
 MAXIMUM TEMPERATURE (F)   87        MM        MM
 MINIMUM TEMPERATURE (F)   59        MM        MM


SUNRISE AND SUNSET
AUGUST 26 2014........SUNRISE   616 AM MDT   SUNSET   728 PM MDT
AUGUST 27 2014........SUNRISE   617 AM MDT   SUNSET   726 PM MDT


-  INDICATES NEGATIVE NUMBERS.
R  INDICATES RECORD WAS SET OR TIED.
MM INDICATES DATA IS MISSING.
T  INDICATES TRACE AMOUNT.




$$
