000
CDUS45 KPUB 301028
CLISPD


CLIMATE REPORT
NATIONAL WEATHER SERVICE PUEBLO
428 AM MDT TUE JUN 30 2015


...................................

...THE SPRINGFIELD CO CLIMATE SUMMARY FOR JUNE 29 2015...

CLIMATE NORMAL PERIOD 1981 TO 2010
CLIMATE RECORD PERIOD 9999 TO 9999


WEATHER ITEM   OBSERVED TIME   NORMAL DEPARTURE LAST
                VALUE   (LST)  VALUE  FROM      YEAR
                                      NORMAL
......................................................
TEMPERATURE (F)
 YESTERDAY
  MAXIMUM         86    429 PM  90     -4       98
  MINIMUM         58    407 AM  60     -2       62
  AVERAGE         72                            80

PRECIPITATION (IN)
  YESTERDAY        0.00          0.08  -0.08     0.00
  MONTH TO DATE    0.86          2.41  -1.55     1.45
  SINCE JUN 1      0.86          2.41  -1.55     1.45
  SINCE JAN 1      8.43          7.98   0.45     5.34

DEGREE DAYS
 HEATING
  YESTERDAY        0             0      0        0
  MONTH TO DATE    0            19    -19       22
  SINCE JUN 1      0            19    -19       22
  SINCE JUL 1   5128          5281   -153     5320

 COOLING
  YESTERDAY        7            10     -3       15
  MONTH TO DATE  235           200     35      201
  SINCE JUN 1    235           200     35      201
  SINCE JAN 1    236           254    -18      259
......................................................


WIND (MPH)
  HIGHEST WIND SPEED    18   HIGHEST WIND DIRECTION    NE (50)
  HIGHEST GUST SPEED    22   HIGHEST GUST DIRECTION    NE (50)
  AVERAGE WIND SPEED     6.9


SKY COVER
  POSSIBLE SUNSHINE  MM



RELATIVE HUMIDITY (PERCENT)
 HIGHEST    86           400 AM
 LOWEST     23           400 PM
 AVERAGE    55

..........................................................


THE SPRINGFIELD CO CLIMATE NORMALS FOR TODAY
                         NORMAL    RECORD    YEAR
 MAXIMUM TEMPERATURE (F)   90        MM        MM
 MINIMUM TEMPERATURE (F)   60        MM        MM


SUNRISE AND SUNSET
JUNE 30 2015..........SUNRISE   533 AM MDT   SUNSET   815 PM MDT
JULY  1 2015..........SUNRISE   534 AM MDT   SUNSET   815 PM MDT


-  INDICATES NEGATIVE NUMBERS.
R  INDICATES RECORD WAS SET OR TIED.
MM INDICATES DATA IS MISSING.
T  INDICATES TRACE AMOUNT.




$$
