000
CDUS45 KPUB 271148
CLISPD


CLIMATE REPORT
NATIONAL WEATHER SERVICE PUEBLO
448 AM MST SAT DEC 27 2014


...................................

...THE SPRINGFIELD CO CLIMATE SUMMARY FOR DECEMBER 26 2014...

CLIMATE NORMAL PERIOD 1981 TO 2010
CLIMATE RECORD PERIOD 9999 TO 9999


WEATHER ITEM   OBSERVED TIME   NORMAL DEPARTURE LAST
                VALUE   (LST)  VALUE  FROM      YEAR
                                      NORMAL
......................................................
TEMPERATURE (F)
 YESTERDAY
  MAXIMUM         27    214 AM  45    -18       56
  MINIMUM         11   1155 PM  17     -6       20
  AVERAGE         19                            38

PRECIPITATION (IN)
  YESTERDAY        0.04          0.01   0.03     0.00
  MONTH TO DATE    0.63          0.44   0.19     0.00
  SINCE DEC 1      0.63          0.44   0.19     0.00
  SINCE JAN 1     13.99         17.48  -3.49    14.25

DEGREE DAYS
 HEATING
  YESTERDAY       46            34     12       27
  MONTH TO DATE  732           844   -112      871
  SINCE DEC 1    732           844   -112      871
  SINCE JUL 1   1864          1990   -126     1983

 COOLING
  YESTERDAY        0             0      0        0
  MONTH TO DATE    0             0      0        0
  SINCE DEC 1      0             0      0        0
  SINCE JAN 1   1042          1028     14     1358
......................................................


WIND (MPH)
  HIGHEST WIND SPEED    23   HIGHEST WIND DIRECTION     N (20)
  HIGHEST GUST SPEED    27   HIGHEST GUST DIRECTION     N (10)
  AVERAGE WIND SPEED    13.4


SKY COVER
  POSSIBLE SUNSHINE  MM



RELATIVE HUMIDITY (PERCENT)
 HIGHEST    96           800 AM
 LOWEST     81          1100 AM
 AVERAGE    89

..........................................................


THE SPRINGFIELD CO CLIMATE NORMALS FOR TODAY
                         NORMAL    RECORD    YEAR
 MAXIMUM TEMPERATURE (F)   45        MM        MM
 MINIMUM TEMPERATURE (F)   17        MM        MM


SUNRISE AND SUNSET
DECEMBER 27 2014......SUNRISE   703 AM MST   SUNSET   440 PM MST
DECEMBER 28 2014......SUNRISE   704 AM MST   SUNSET   441 PM MST


-  INDICATES NEGATIVE NUMBERS.
R  INDICATES RECORD WAS SET OR TIED.
MM INDICATES DATA IS MISSING.
T  INDICATES TRACE AMOUNT.




$$
