115
CDUS45 KPUB 161206
CLISPD


CLIMATE REPORT
NATIONAL WEATHER SERVICE PUEBLO
506 AM MST MON JAN 16 2017


...................................

...THE SPRINGFIELD CO CLIMATE SUMMARY FOR JANUARY 15 2017...

CLIMATE NORMAL PERIOD 1981 TO 2010
CLIMATE RECORD PERIOD 9999 TO 9999


WEATHER ITEM   OBSERVED TIME   NORMAL DEPARTURE LAST
                VALUE   (LST)  VALUE  FROM      YEAR
                                      NORMAL
......................................................
TEMPERATURE (F)
 YESTERDAY
  MAXIMUM         31    522 PM  46    -15       43
  MINIMUM         29    805 PM  18     11       14
  AVERAGE         30                            29

PRECIPITATION (IN)
  YESTERDAY        0.05          0.01   0.04     0.00
  MONTH TO DATE    0.07          0.12  -0.05     0.12
  SINCE DEC 1      0.14          0.63  -0.49     0.21
  SINCE JAN 1      0.07          0.12  -0.05     0.12

DEGREE DAYS
 HEATING
  YESTERDAY       35            33      2       36
  MONTH TO DATE  552           500     52      512
  SINCE DEC 1   1645          1512    133     1489
  SINCE JUL 1   2462          2658   -196     2494

 COOLING
  YESTERDAY        0             0      0        0
  MONTH TO DATE    0             0      0        0
  SINCE DEC 1      0             0      0        0
  SINCE JAN 1      0             0      0        0
......................................................


WIND (MPH)
  HIGHEST WIND SPEED    18   HIGHEST WIND DIRECTION     N (360)
  HIGHEST GUST SPEED    22   HIGHEST GUST DIRECTION     N (350)
  AVERAGE WIND SPEED     7.5


SKY COVER
  POSSIBLE SUNSHINE  MM



RELATIVE HUMIDITY (PERCENT)
 HIGHEST   100           300 AM
 LOWEST     85          1200 AM
 AVERAGE    93

..........................................................


THE SPRINGFIELD CO CLIMATE NORMALS FOR TODAY
                         NORMAL    RECORD    YEAR
 MAXIMUM TEMPERATURE (F)   47        MM        MM
 MINIMUM TEMPERATURE (F)   18        MM        MM


SUNRISE AND SUNSET
JANUARY 16 2017.......SUNRISE   703 AM MST   SUNSET   458 PM MST
JANUARY 17 2017.......SUNRISE   703 AM MST   SUNSET   459 PM MST


-  INDICATES NEGATIVE NUMBERS.
R  INDICATES RECORD WAS SET OR TIED.
MM INDICATES DATA IS MISSING.
T  INDICATES TRACE AMOUNT.




$$
