870
CDUS45 KPUB 191134
CLISPD


CLIMATE REPORT
NATIONAL WEATHER SERVICE PUEBLO
434 AM MST SUN FEB 19 2017


...................................

...THE SPRINGFIELD CO CLIMATE SUMMARY FOR FEBRUARY 18 2017...

CLIMATE NORMAL PERIOD 1981 TO 2010
CLIMATE RECORD PERIOD 9999 TO 9999


WEATHER ITEM   OBSERVED TIME   NORMAL DEPARTURE LAST
                VALUE   (LST)  VALUE  FROM      YEAR
                                      NORMAL
......................................................
TEMPERATURE (F)
 YESTERDAY
  MAXIMUM         67    236 PM  50     17       83
  MINIMUM         27    540 AM  21      6       45
  AVERAGE         47                            64

PRECIPITATION (IN)
  YESTERDAY        0.00          0.02  -0.02     0.00
  MONTH TO DATE    0.01          0.31  -0.30     0.14
  SINCE DEC 1      0.26          1.19  -0.93     0.39
  SINCE JAN 1      0.19          0.68  -0.49     0.30

DEGREE DAYS
 HEATING
  YESTERDAY       18            29    -11        1
  MONTH TO DATE  423           551   -128      472
  SINCE DEC 1   2533          2581    -48     2421
  SINCE JUL 1   3350          3727   -377     3426

 COOLING
  YESTERDAY        0             0      0        0
  MONTH TO DATE    0             0      0        0
  SINCE DEC 1      0             0      0        0
  SINCE JAN 1      0             0      0        0
......................................................


WIND (MPH)
  HIGHEST WIND SPEED    22   HIGHEST WIND DIRECTION     S (180)
  HIGHEST GUST SPEED    26   HIGHEST GUST DIRECTION     S (180)
  AVERAGE WIND SPEED    11.4


SKY COVER
  POSSIBLE SUNSHINE  MM



RELATIVE HUMIDITY (PERCENT)
 HIGHEST    69           300 AM
 LOWEST     18           100 PM
 AVERAGE    44

..........................................................


THE SPRINGFIELD CO CLIMATE NORMALS FOR TODAY
                         NORMAL    RECORD    YEAR
 MAXIMUM TEMPERATURE (F)   51        MM        MM
 MINIMUM TEMPERATURE (F)   21        MM        MM


SUNRISE AND SUNSET
FEBRUARY 19 2017......SUNRISE   634 AM MST   SUNSET   535 PM MST
FEBRUARY 20 2017......SUNRISE   633 AM MST   SUNSET   536 PM MST


-  INDICATES NEGATIVE NUMBERS.
R  INDICATES RECORD WAS SET OR TIED.
MM INDICATES DATA IS MISSING.
T  INDICATES TRACE AMOUNT.




$$
