000
CDUS45 KPUB 281045
CLISPD


CLIMATE REPORT
NATIONAL WEATHER SERVICE PUEBLO
444 AM MDT THU MAY 28 2015


...................................

...THE SPRINGFIELD CO CLIMATE SUMMARY FOR MAY 27 2015...

CLIMATE NORMAL PERIOD 1981 TO 2010
CLIMATE RECORD PERIOD 9999 TO 9999


WEATHER ITEM   OBSERVED TIME   NORMAL DEPARTURE LAST
                VALUE   (LST)  VALUE  FROM      YEAR
                                      NORMAL
......................................................
TEMPERATURE (F)
 YESTERDAY
  MAXIMUM         80    110 PM  80      0       83
  MINIMUM         48    502 AM  51     -3       50
  AVERAGE         64                            67

PRECIPITATION (IN)
  YESTERDAY        0.14          0.10   0.04     0.00
  MONTH TO DATE    4.44          1.97   2.47     0.68
  SINCE MAR 1      5.67          4.37   1.30     2.05
  SINCE JAN 1      7.51          5.18   2.33     2.38

DEGREE DAYS
 HEATING
  YESTERDAY        1             3     -2        0
  MONTH TO DATE  222           154     68      165
  SINCE MAR 1   1212          1247    -35     1301
  SINCE JUL 1   5116          5253   -137     5298

 COOLING
  YESTERDAY        0             3     -3        2
  MONTH TO DATE    0            38    -38       32
  SINCE MAR 1      0            42    -42       38
  SINCE JAN 1      0            42    -42       38
......................................................


WIND (MPH)
  HIGHEST WIND SPEED    35   HIGHEST WIND DIRECTION     N (350)
  HIGHEST GUST SPEED    44   HIGHEST GUST DIRECTION     N (350)
  AVERAGE WIND SPEED    12.5


SKY COVER
  POSSIBLE SUNSHINE  MM



RELATIVE HUMIDITY (PERCENT)
 HIGHEST    93           400 AM
 LOWEST     35           200 PM
 AVERAGE    64

..........................................................


THE SPRINGFIELD CO CLIMATE NORMALS FOR TODAY
                         NORMAL    RECORD    YEAR
 MAXIMUM TEMPERATURE (F)   80        MM        MM
 MINIMUM TEMPERATURE (F)   51        MM        MM


SUNRISE AND SUNSET
MAY 28 2015...........SUNRISE   533 AM MDT   SUNSET   802 PM MDT
MAY 29 2015...........SUNRISE   533 AM MDT   SUNSET   803 PM MDT


-  INDICATES NEGATIVE NUMBERS.
R  INDICATES RECORD WAS SET OR TIED.
MM INDICATES DATA IS MISSING.
T  INDICATES TRACE AMOUNT.




$$
