000
CDUS43 KILX 280646
CLISPI


CLIMATE REPORT
NATIONAL WEATHER SERVICE LINCOLN IL
145 AM CDT FRI JUL 28 2017


...................................

...THE SPRINGFIELD IL CLIMATE SUMMARY FOR JULY 27 2017...

CLIMATE NORMAL PERIOD 1981 TO 2010
CLIMATE RECORD PERIOD 1879 TO 2017


WEATHER ITEM   OBSERVED TIME   RECORD YEAR NORMAL DEPARTURE LAST
                VALUE   (LST)  VALUE       VALUE  FROM      YEAR
                                                  NORMAL
..................................................................
TEMPERATURE (F)
 YESTERDAY
  MAXIMUM         87    418 PM 106    1936  86      1       87
  MINIMUM         73   1159 PM  50    1962  65      8       71
  AVERAGE         80                        76      4       79

PRECIPITATION (IN)
  YESTERDAY        0.22          4.33 1981   0.11   0.11     0.04
  MONTH TO DATE    5.15                      3.48   1.67     9.08
  SINCE JUN 1      6.72                      7.94  -1.22    11.01
  SINCE JAN 1     23.44                     21.95   1.49    24.60

SNOWFALL (IN)
  YESTERDAY        0.0           0.0    MM   0.0    0.0      0.0
  MONTH TO DATE    0.0                       0.0    0.0      0.0
  SINCE JUN 1      0.0                       0.0    0.0      0.0
  SINCE JUL 1      0.0                       0.0    0.0      0.0
  SNOW DEPTH       0

DEGREE DAYS
 HEATING
  YESTERDAY        0                         0      0        0
  MONTH TO DATE    0                         0      0        1
  SINCE JUN 1      2                        15    -13        1
  SINCE JUL 1      0                         0      0        1

 COOLING
  YESTERDAY       15                        10      5       14
  MONTH TO DATE  396                       296    100      348
  SINCE JUN 1    715                       536    179      715
  SINCE JAN 1    859                       640    219      840
..................................................................


WIND (MPH)
  HIGHEST WIND SPEED    14   HIGHEST WIND DIRECTION     N (20)
  HIGHEST GUST SPEED    16   HIGHEST GUST DIRECTION     N (20)
  AVERAGE WIND SPEED     5.9


SKY COVER
  POSSIBLE SUNSHINE  MM
  AVERAGE SKY COVER 0.8


WEATHER CONDITIONS
 THE FOLLOWING WEATHER WAS RECORDED YESTERDAY.
  HEAVY RAIN
  RAIN
  LIGHT RAIN
  FOG
  HAZE


RELATIVE HUMIDITY (PERCENT)
 HIGHEST   100           400 AM
 LOWEST     74           400 PM
 AVERAGE    87

..........................................................


THE SPRINGFIELD IL CLIMATE NORMALS FOR TODAY
                         NORMAL    RECORD    YEAR
 MAXIMUM TEMPERATURE (F)   86       104      1930
 MINIMUM TEMPERATURE (F)   65        48      2013


SUNRISE AND SUNSET
JULY 28 2017..........SUNRISE   554 AM CDT   SUNSET   816 PM CDT
JULY 29 2017..........SUNRISE   555 AM CDT   SUNSET   815 PM CDT


-  INDICATES NEGATIVE NUMBERS.
R  INDICATES RECORD WAS SET OR TIED.
MM INDICATES DATA IS MISSING.
T  INDICATES TRACE AMOUNT.




$$
