000
CDUS43 KILX 270638
CLISPI


CLIMATE REPORT
NATIONAL WEATHER SERVICE LINCOLN IL
1238 AM CST MON FEB 27 2017


...................................

...THE SPRINGFIELD IL CLIMATE SUMMARY FOR FEBRUARY 26 2017...

CLIMATE NORMAL PERIOD 1981 TO 2010
CLIMATE RECORD PERIOD 1879 TO 2017


WEATHER ITEM   OBSERVED TIME   RECORD YEAR NORMAL DEPARTURE LAST
                VALUE   (LST)  VALUE       VALUE  FROM      YEAR
                                                  NORMAL
..................................................................
TEMPERATURE (F)
 YESTERDAY
  MAXIMUM         50    133 PM  74    1996  44      6       36
  MINIMUM         21    324 AM -22    1963  26     -5       26
  AVERAGE         36                        35      1       31

PRECIPITATION (IN)
  YESTERDAY        0.00          1.31 2013   0.08  -0.08     0.00
  MONTH TO DATE    0.35                      1.66  -1.31     1.24
  SINCE DEC 1      2.28                      6.00  -3.72     8.89
  SINCE JAN 1      1.37                      3.48  -2.11     2.33

SNOWFALL (IN)
  YESTERDAY        0.0           4.6  1977   0.2   -0.2      0.0
  MONTH TO DATE    2.1                       5.2   -3.1      8.3
  SINCE DEC 1      5.7                      17.2  -11.5     15.1
  SINCE JUL 1      5.7                      17.8  -12.1     15.6
  SNOW DEPTH       0

DEGREE DAYS
 HEATING
  YESTERDAY       29                        30     -1       34
  MONTH TO DATE  589                       887   -298      804
  SINCE DEC 1   2584                      3145   -561     2609
  SINCE JUL 1   3235                      4213   -978     3379

 COOLING
  YESTERDAY        0                         0      0        0
  MONTH TO DATE    0                         0      0        0
  SINCE DEC 1      0                         0      0        0
  SINCE JAN 1      0                         0      0        0
..................................................................


WIND (MPH)
  HIGHEST WIND SPEED    24   HIGHEST WIND DIRECTION     S (200)
  HIGHEST GUST SPEED    33   HIGHEST GUST DIRECTION     S (200)
  AVERAGE WIND SPEED    12.6


SKY COVER
  POSSIBLE SUNSHINE  MM
  AVERAGE SKY COVER 0.1


WEATHER CONDITIONS
 THE FOLLOWING WEATHER WAS RECORDED YESTERDAY.
  NO SIGNIFICANT WEATHER WAS OBSERVED.


RELATIVE HUMIDITY (PERCENT)
 HIGHEST    70          1000 PM
 LOWEST     26           200 PM
 AVERAGE    48

..........................................................


THE SPRINGFIELD IL CLIMATE NORMALS FOR TODAY
                         NORMAL    RECORD    YEAR
 MAXIMUM TEMPERATURE (F)   45        72      1976
 MINIMUM TEMPERATURE (F)   26       -14      2015


SUNRISE AND SUNSET
FEBRUARY 27 2017......SUNRISE   634 AM CST   SUNSET   549 PM CST
FEBRUARY 28 2017......SUNRISE   633 AM CST   SUNSET   550 PM CST


-  INDICATES NEGATIVE NUMBERS.
R  INDICATES RECORD WAS SET OR TIED.
MM INDICATES DATA IS MISSING.
T  INDICATES TRACE AMOUNT.




$$
