000
CDUS43 KILX 172258
CLISPI


CLIMATE REPORT
NATIONAL WEATHER SERVICE LINCOLN IL
448 PM CST FRI NOV 17 2017


...................................

...THE SPRINGFIELD IL CLIMATE SUMMARY FOR NOVEMBER 17 2017...
VALID TODAY AS OF 0400 PM LOCAL TIME.

CLIMATE NORMAL PERIOD 1981 TO 2010
CLIMATE RECORD PERIOD 1879 TO 2017


WEATHER ITEM   OBSERVED TIME   RECORD YEAR NORMAL DEPARTURE LAST
                VALUE   (LST)  VALUE       VALUE  FROM      YEAR
                                                  NORMAL
..................................................................
TEMPERATURE (F)
 TODAY
  MAXIMUM         50    359 PM  79    2016  52     -2       79
  MINIMUM         30    258 AM   4    1959  33     -3       54
  AVERAGE         40                        42     -2       67

PRECIPITATION (IN)
  TODAY            T             1.61 2003   0.11  -0.11     0.00
  MONTH TO DATE    0.55                      1.79  -1.24     0.68
  SINCE SEP 1      5.80                      7.84  -2.04     4.55
  SINCE JAN 1     30.84                     33.49  -2.65    40.40

SNOWFALL (IN)
  TODAY           MM             7.7  1926   0.1   MM        0.0
  MONTH TO DATE    0.0                       0.2   -0.2      0.0
  SINCE SEP 1      T                         0.2   -0.2      0.0
  SINCE JUL 1      T                         0.2   -0.2      0.0
  SNOW DEPTH       0

DEGREE DAYS
 HEATING
  TODAY           25                        22      3        0
  MONTH TO DATE  343                       319     24      191
  SINCE SEP 1    604                       724   -120      364
  SINCE JUL 1    604                       729   -125      365

 COOLING
  TODAY            0                         0      0        2
  MONTH TO DATE    0                         0      0       18
  SINCE SEP 1    289                       151    138      350
  SINCE JAN 1   1401                      1121    280     1626
..................................................................


WIND (MPH)
  HIGHEST WIND SPEED    25   HIGHEST WIND DIRECTION     S (160)
  HIGHEST GUST SPEED    33   HIGHEST GUST DIRECTION     S (160)
  AVERAGE WIND SPEED    15.2


SKY COVER
  POSSIBLE SUNSHINE  MM
  AVERAGE SKY COVER 0.6


WEATHER CONDITIONS
 THE FOLLOWING WEATHER WAS RECORDED TODAY.
  FOG
  HAZE


RELATIVE HUMIDITY (PERCENT)
 HIGHEST   100           400 AM
 LOWEST     74           400 PM
 AVERAGE    87

..........................................................


THE SPRINGFIELD IL CLIMATE NORMALS FOR TOMORROW
                         NORMAL    RECORD    YEAR
 MAXIMUM TEMPERATURE (F)   51        73      1999
                                             1934
 MINIMUM TEMPERATURE (F)   33         9      1880


SUNRISE AND SUNSET
NOVEMBER 17 2017......SUNRISE   646 AM CST   SUNSET   441 PM CST
NOVEMBER 18 2017......SUNRISE   647 AM CST   SUNSET   440 PM CST


-  INDICATES NEGATIVE NUMBERS.
R  INDICATES RECORD WAS SET OR TIED.
MM INDICATES DATA IS MISSING.
T  INDICATES TRACE AMOUNT.




$$
