000
CDUS43 KILX 290646
CLISPI


CLIMATE REPORT
NATIONAL WEATHER SERVICE LINCOLN IL
144 AM CDT MON MAY 29 2017


...................................

...THE SPRINGFIELD IL CLIMATE SUMMARY FOR MAY 28 2017...

CLIMATE NORMAL PERIOD 1981 TO 2010
CLIMATE RECORD PERIOD 1879 TO 2017


WEATHER ITEM   OBSERVED TIME   RECORD YEAR NORMAL DEPARTURE LAST
                VALUE   (LST)  VALUE       VALUE  FROM      YEAR
                                                  NORMAL
..................................................................
TEMPERATURE (F)
 YESTERDAY
  MAXIMUM         83    334 PM  94    2006  78      5       86
  MINIMUM         61    506 AM  40    1992  57      4       70
  AVERAGE         72                        67      5       78

PRECIPITATION (IN)
  YESTERDAY        T             1.24 1955   0.14  -0.14     0.00
  MONTH TO DATE    4.06                      3.81   0.25     2.40
  SINCE MAR 1     15.24                      9.95   5.29    10.76
  SINCE JAN 1     16.71                     13.58   3.13    13.09

SNOWFALL (IN)
  YESTERDAY        0.0           0.0    MM   0.0    0.0      0.0
  MONTH TO DATE    0.0                       0.0    0.0      0.0
  SINCE MAR 1      4.6                       2.8    1.8      0.1
  SINCE JUL 1     10.3                      20.9  -10.6     15.7
  SNOW DEPTH       0

DEGREE DAYS
 HEATING
  YESTERDAY        0                         2     -2        0
  MONTH TO DATE  110                       120    -10      119
  SINCE MAR 1    909                      1194   -285      891
  SINCE JUL 1   4164                      5465  -1301     4317

 COOLING
  YESTERDAY        7                         4      3       13
  MONTH TO DATE   92                        70     22       74
  SINCE MAR 1    129                        90     39       94
  SINCE JAN 1    129                        90     39       94
..................................................................


WIND (MPH)
  HIGHEST WIND SPEED    23   HIGHEST WIND DIRECTION     W (260)
  HIGHEST GUST SPEED    27   HIGHEST GUST DIRECTION     W (260)
  AVERAGE WIND SPEED     8.2


SKY COVER
  POSSIBLE SUNSHINE  MM
  AVERAGE SKY COVER 0.3


WEATHER CONDITIONS
 THE FOLLOWING WEATHER WAS RECORDED YESTERDAY.
  THUNDERSTORM
  LIGHT RAIN
  FOG
  HAZE


RELATIVE HUMIDITY (PERCENT)
 HIGHEST   100           500 AM
 LOWEST     34           400 PM
 AVERAGE    67

..........................................................


THE SPRINGFIELD IL CLIMATE NORMALS FOR TODAY
                         NORMAL    RECORD    YEAR
 MAXIMUM TEMPERATURE (F)   79        95      1934
 MINIMUM TEMPERATURE (F)   57        39      1965


SUNRISE AND SUNSET
MAY 29 2017...........SUNRISE   534 AM CDT   SUNSET   819 PM CDT
MAY 30 2017...........SUNRISE   533 AM CDT   SUNSET   820 PM CDT


-  INDICATES NEGATIVE NUMBERS.
R  INDICATES RECORD WAS SET OR TIED.
MM INDICATES DATA IS MISSING.
T  INDICATES TRACE AMOUNT.




$$
