000
CDUS43 KILX 040634
CLISPI


CLIMATE REPORT
NATIONAL WEATHER SERVICE LINCOLN IL
134 AM CDT FRI SEP 4 2015


...................................

...THE SPRINGFIELD IL CLIMATE SUMMARY FOR SEPTEMBER 3 2015...

CLIMATE NORMAL PERIOD 1981 TO 2010
CLIMATE RECORD PERIOD 1879 TO 2015


WEATHER ITEM   OBSERVED TIME   RECORD YEAR NORMAL DEPARTURE LAST
                VALUE   (LST)  VALUE       VALUE  FROM      YEAR
                                                  NORMAL
..................................................................
TEMPERATURE (F)
 YESTERDAY
  MAXIMUM         95    305 PM 100    2011  83     12       85
  MINIMUM         69    434 AM  40    1952  60      9       62
  AVERAGE         82                        72     10       74

PRECIPITATION (IN)
  YESTERDAY        0.00          3.71 1926   0.10  -0.10     0.00
  MONTH TO DATE    0.00                      0.29  -0.29     0.29
  SINCE SEP 1      0.00                      0.29  -0.29     0.29
  SINCE JAN 1     27.78                     25.94   1.84    32.62

SNOWFALL (IN)
  YESTERDAY        0.0           0.0    MM   0.0    0.0      0.0
  MONTH TO DATE    0.0                       0.0    0.0      0.0
  SINCE SEP 1      0.0                       0.0    0.0      0.0
  SINCE JUL 1      0.0                       0.0    0.0      0.0
  SNOW DEPTH       0

DEGREE DAYS
 HEATING
  YESTERDAY        0                         0      0        0
  MONTH TO DATE    0                         0      0        0
  SINCE SEP 1      0                         0      0        0
  SINCE JUL 1      6                         5      1        3

 COOLING
  YESTERDAY       17                         7     10        9
  MONTH TO DATE   53                        21     32       33
  SINCE SEP 1     53                        21     32       33
  SINCE JAN 1   1148                       991    157     1066
..................................................................


WIND (MPH)
  HIGHEST WIND SPEED    13   HIGHEST WIND DIRECTION     W (250)
  HIGHEST GUST SPEED    17   HIGHEST GUST DIRECTION    SW (210)
  AVERAGE WIND SPEED     5.3


SKY COVER
  POSSIBLE SUNSHINE  MM
  AVERAGE SKY COVER 0.2


WEATHER CONDITIONS
 THE FOLLOWING WEATHER WAS RECORDED YESTERDAY.
  NO SIGNIFICANT WEATHER WAS OBSERVED.


RELATIVE HUMIDITY (PERCENT)
 HIGHEST    90           100 AM
 LOWEST     41           400 PM
 AVERAGE    66

..........................................................


THE SPRINGFIELD IL CLIMATE NORMALS FOR TODAY
                         NORMAL    RECORD    YEAR
 MAXIMUM TEMPERATURE (F)   83       100      1954
 MINIMUM TEMPERATURE (F)   60        42      1974


SUNRISE AND SUNSET
SEPTEMBER  4 2015.....SUNRISE   629 AM CDT   SUNSET   726 PM CDT
SEPTEMBER  5 2015.....SUNRISE   630 AM CDT   SUNSET   724 PM CDT


-  INDICATES NEGATIVE NUMBERS.
R  INDICATES RECORD WAS SET OR TIED.
MM INDICATES DATA IS MISSING.
T  INDICATES TRACE AMOUNT.




$$
