000
CDUS43 KILX 222153
CLISPI


CLIMATE REPORT
NATIONAL WEATHER SERVICE LINCOLN IL
442 PM CDT TUE JUL 22 2014


...................................

...THE SPRINGFIELD IL CLIMATE SUMMARY FOR JULY 22 2014...
VALID TODAY AS OF 0400 PM LOCAL TIME.

CLIMATE NORMAL PERIOD 1981 TO 2010
CLIMATE RECORD PERIOD 1879 TO 2014


WEATHER ITEM   OBSERVED TIME   RECORD YEAR NORMAL DEPARTURE LAST
                VALUE   (LST)  VALUE       VALUE  FROM      YEAR
                                                  NORMAL
..................................................................
TEMPERATURE (F)
 TODAY
  MAXIMUM         88    248 PM 107    1901  86      2       87
  MINIMUM         70    506 AM  52    2000  65      5       65
  AVERAGE         79                        76      3       76

PRECIPITATION (IN)
  TODAY            0.00          1.31 1993   0.13  -0.13     0.00
  MONTH TO DATE    1.07                      2.86  -1.79     1.27
  SINCE JUN 1      9.94                      7.32   2.62     3.32
  SINCE JAN 1     24.23                     21.33   2.90    28.34

SNOWFALL (IN)
  TODAY            0.0           0.0    MM   0.0    0.0      0.0
  MONTH TO DATE    0.0                       0.0    0.0      0.0
  SINCE JUN 1      0.0                       0.0    0.0      0.0
  SINCE JUL 1      0.0                       0.0    0.0      0.0
  SNOW DEPTH       0

DEGREE DAYS
 HEATING
  TODAY            0                         0      0        0
  MONTH TO DATE    3                         0      3        0
  SINCE JUN 1      3                        15    -12       12
  SINCE JUL 1      3                         0      3        0

 COOLING
  TODAY           14                        11      3       11
  MONTH TO DATE  162                       242    -80      260
  SINCE JUN 1    468                       482    -14      518
  SINCE JAN 1    644                       586     58      644
..................................................................


WIND (MPH)
  HIGHEST WIND SPEED    15   HIGHEST WIND DIRECTION     S (170)
  HIGHEST GUST SPEED    19   HIGHEST GUST DIRECTION     S (160)
  AVERAGE WIND SPEED     7.9


SKY COVER
  POSSIBLE SUNSHINE  MM
  AVERAGE SKY COVER 0.0


WEATHER CONDITIONS
 THE FOLLOWING WEATHER WAS RECORDED TODAY.
  NO SIGNIFICANT WEATHER WAS OBSERVED.


RELATIVE HUMIDITY (PERCENT)
 HIGHEST    84           200 AM
 LOWEST     59           200 PM
 AVERAGE    72

..........................................................


THE SPRINGFIELD IL CLIMATE NORMALS FOR TOMORROW
                         NORMAL    RECORD    YEAR
 MAXIMUM TEMPERATURE (F)   86       104      1934
 MINIMUM TEMPERATURE (F)   65        54      2007
                                             1985
                                             1947


SUNRISE AND SUNSET
JULY 22 2014..........SUNRISE   549 AM CDT   SUNSET   821 PM CDT
JULY 23 2014..........SUNRISE   549 AM CDT   SUNSET   820 PM CDT


-  INDICATES NEGATIVE NUMBERS.
R  INDICATES RECORD WAS SET OR TIED.
MM INDICATES DATA IS MISSING.
T  INDICATES TRACE AMOUNT.




$$
