000
CDUS43 KILX 242131
CLISPI


CLIMATE REPORT
NATIONAL WEATHER SERVICE LINCOLN IL
431 PM CDT MON APR 24 2017


...................................

...THE SPRINGFIELD IL CLIMATE SUMMARY FOR APRIL 24 2017...
VALID TODAY AS OF 0400 PM LOCAL TIME.

CLIMATE NORMAL PERIOD 1981 TO 2010
CLIMATE RECORD PERIOD 1879 TO 2017


WEATHER ITEM   OBSERVED TIME   RECORD YEAR NORMAL DEPARTURE LAST
                VALUE   (LST)  VALUE       VALUE  FROM      YEAR
                                                  NORMAL
..................................................................
TEMPERATURE (F)
 TODAY
  MAXIMUM         80    257 PM  89    1925  68     12       82
  MINIMUM         43    539 AM  22    1910  45     -2       53
  AVERAGE         62                        57      5       68

PRECIPITATION (IN)
  TODAY            0.00          1.96 1961   0.13  -0.13     0.00
  MONTH TO DATE    2.79                      2.73   0.06     1.52
  SINCE MAR 1      7.05                      5.36   1.69     7.11
  SINCE JAN 1      8.52                      8.99  -0.47     9.44

SNOWFALL (IN)
  TODAY            0.0           1.6  1910   0.0    0.0      0.0
  MONTH TO DATE    0.0                       0.3   -0.3      0.0
  SINCE MAR 1      4.6                       2.8    1.8      0.1
  SINCE JUL 1     10.3                      20.9  -10.6     15.7
  SNOW DEPTH       0

DEGREE DAYS
 HEATING
  TODAY            3                         9     -6        0
  MONTH TO DATE  161                       316   -155      278
  SINCE MAR 1    758                      1027   -269      742
  SINCE JUL 1   4013                      5298  -1285     4168

 COOLING
  TODAY            0                         1     -1        3
  MONTH TO DATE   33                        13     20       11
  SINCE MAR 1     33                        15     18       11
  SINCE JAN 1     33                        15     18       11
..................................................................


WIND (MPH)
  HIGHEST WIND SPEED    15   HIGHEST WIND DIRECTION     E (110)
  HIGHEST GUST SPEED    22   HIGHEST GUST DIRECTION    SE (140)
  AVERAGE WIND SPEED     5.8


SKY COVER
  POSSIBLE SUNSHINE  MM
  AVERAGE SKY COVER 0.0


WEATHER CONDITIONS
 THE FOLLOWING WEATHER WAS RECORDED TODAY.
  NO SIGNIFICANT WEATHER WAS OBSERVED.


RELATIVE HUMIDITY (PERCENT)
 HIGHEST    65           600 AM
 LOWEST     13           300 PM
 AVERAGE    39

..........................................................


THE SPRINGFIELD IL CLIMATE NORMALS FOR TOMORROW
                         NORMAL    RECORD    YEAR
 MAXIMUM TEMPERATURE (F)   68        90      1986
 MINIMUM TEMPERATURE (F)   46        32      1972
                                             1968


SUNRISE AND SUNSET
APRIL 24 2017.........SUNRISE   608 AM CDT   SUNSET   746 PM CDT
APRIL 25 2017.........SUNRISE   607 AM CDT   SUNSET   747 PM CDT


-  INDICATES NEGATIVE NUMBERS.
R  INDICATES RECORD WAS SET OR TIED.
MM INDICATES DATA IS MISSING.
T  INDICATES TRACE AMOUNT.




$$
