000
CDUS43 KILX 180642
CLISPI


CLIMATE REPORT
NATIONAL WEATHER SERVICE LINCOLN IL
134 AM CDT FRI APR 18 2014


...................................

...THE SPRINGFIELD IL CLIMATE SUMMARY FOR APRIL 17 2014...

CLIMATE NORMAL PERIOD 1981 TO 2010
CLIMATE RECORD PERIOD 1879 TO 2014


WEATHER ITEM   OBSERVED TIME   RECORD YEAR NORMAL DEPARTURE LAST
                VALUE   (LST)  VALUE       VALUE  FROM      YEAR
                                                  NORMAL
..................................................................
TEMPERATURE (F)
 YESTERDAY
  MAXIMUM         62    158 PM  89    1937  65     -3       74
  MINIMUM         44    552 AM  26    1997  43      1       45
  AVERAGE         53                        54     -1       60

PRECIPITATION (IN)
  YESTERDAY        0.00          1.13 1912   0.12  -0.12     0.01
  MONTH TO DATE    2.34                      1.86   0.48     2.78
  SINCE MAR 1      4.13                      4.49  -0.36     6.11
  SINCE JAN 1      9.56                      8.12   1.44    11.83

SNOWFALL (IN)
  YESTERDAY        0.0           1.6  1953   0.0    0.0      0.0
  MONTH TO DATE    0.1                       0.3   -0.2      0.0
  SINCE MAR 1      3.4                       2.8    0.6     19.6
  SINCE JUL 1     45.7                      20.9   24.8     33.1
  SNOW DEPTH       0

DEGREE DAYS
 HEATING
  YESTERDAY       12                        12      0        5
  MONTH TO DATE  223                       244    -21      235
  SINCE MAR 1   1078                       955    123     1143
  SINCE JUL 1   6025                      5226    799     5052

 COOLING
  YESTERDAY        0                         1     -1        0
  MONTH TO DATE    4                         6     -2        7
  SINCE MAR 1      4                         8     -4        7
  SINCE JAN 1      4                         8     -4        7
..................................................................


WIND (MPH)
  HIGHEST WIND SPEED    18   HIGHEST WIND DIRECTION     W (260)
  HIGHEST GUST SPEED    23   HIGHEST GUST DIRECTION     S (190)
  AVERAGE WIND SPEED    10.2


SKY COVER
  POSSIBLE SUNSHINE  MM
  AVERAGE SKY COVER 0.2


WEATHER CONDITIONS
 THE FOLLOWING WEATHER WAS RECORDED YESTERDAY.
  NO SIGNIFICANT WEATHER WAS OBSERVED.


RELATIVE HUMIDITY (PERCENT)
 HIGHEST    61          1100 PM
 LOWEST     37          1100 AM
 AVERAGE    49

..........................................................


THE SPRINGFIELD IL CLIMATE NORMALS FOR TODAY
                         NORMAL    RECORD    YEAR
 MAXIMUM TEMPERATURE (F)   66        87      2004
                                             2002
 MINIMUM TEMPERATURE (F)   43        27      1983


SUNRISE AND SUNSET
APRIL 18 2014.........SUNRISE   617 AM CDT   SUNSET   740 PM CDT
APRIL 19 2014.........SUNRISE   615 AM CDT   SUNSET   741 PM CDT


-  INDICATES NEGATIVE NUMBERS.
R  INDICATES RECORD WAS SET OR TIED.
MM INDICATES DATA IS MISSING.
T  INDICATES TRACE AMOUNT.




$$
