000
CDUS43 KILX 250659
CLISPI


CLIMATE REPORT
NATIONAL WEATHER SERVICE LINCOLN IL
1249 AM CST THU DEC 25 2014


...................................

...THE SPRINGFIELD IL CLIMATE SUMMARY FOR DECEMBER 24 2014...

CLIMATE NORMAL PERIOD 1981 TO 2010
CLIMATE RECORD PERIOD 1879 TO 2014


WEATHER ITEM   OBSERVED TIME   RECORD YEAR NORMAL DEPARTURE LAST
                VALUE   (LST)  VALUE       VALUE  FROM      YEAR
                                                  NORMAL
..................................................................
TEMPERATURE (F)
 YESTERDAY
  MAXIMUM         41    142 AM  67    1889  36      5       22
  MINIMUM         37   1159 PM -16    1983  20     17        2
  AVERAGE         39                        28     11       12

PRECIPITATION (IN)
  YESTERDAY        T             1.56 1979   0.07  -0.07     0.00
  MONTH TO DATE    1.84                      2.02  -0.18     1.60
  SINCE DEC 1      1.84                      2.02  -0.18     1.60
  SINCE JAN 1     45.33                     36.93   8.40    38.35

SNOWFALL (IN)
  YESTERDAY        0.0          10.5  1915   0.2   -0.2      0.0
  MONTH TO DATE    0.5                       4.0   -3.5      8.2
  SINCE DEC 1      0.5                       4.0   -3.5      8.2
  SINCE JUL 1      4.2                       4.6   -0.4      8.9
  SNOW DEPTH       0

DEGREE DAYS
 HEATING
  YESTERDAY       26                        37    -11       53
  MONTH TO DATE  709                       812   -103      909
  SINCE DEC 1    709                       812   -103      909
  SINCE JUL 1   1945                      1880     65     2091

 COOLING
  YESTERDAY        0                         0      0        0
  MONTH TO DATE    0                         0      0        0
  SINCE DEC 1      0                         0      0        0
  SINCE JAN 1   1162                      1122     40     1145
..................................................................


WIND (MPH)
  HIGHEST WIND SPEED    20   HIGHEST WIND DIRECTION     W (280)
  HIGHEST GUST SPEED    25   HIGHEST GUST DIRECTION     W (280)
  AVERAGE WIND SPEED    10.4


SKY COVER
  POSSIBLE SUNSHINE  MM
  AVERAGE SKY COVER 1.0


WEATHER CONDITIONS
 THE FOLLOWING WEATHER WAS RECORDED YESTERDAY.
  LIGHT RAIN
  FOG


RELATIVE HUMIDITY (PERCENT)
 HIGHEST    92           900 AM
 LOWEST     79          1200 AM
 AVERAGE    86

..........................................................


THE SPRINGFIELD IL CLIMATE NORMALS FOR TODAY
                         NORMAL    RECORD    YEAR
 MAXIMUM TEMPERATURE (F)   36        62      1982
 MINIMUM TEMPERATURE (F)   20       -14      1983


SUNRISE AND SUNSET
DECEMBER 25 2014......SUNRISE   718 AM CST   SUNSET   439 PM CST
DECEMBER 26 2014......SUNRISE   719 AM CST   SUNSET   440 PM CST


-  INDICATES NEGATIVE NUMBERS.
R  INDICATES RECORD WAS SET OR TIED.
MM INDICATES DATA IS MISSING.
T  INDICATES TRACE AMOUNT.




$$
