000
CDUS43 KILX 142143
CLISPI


CLIMATE REPORT
NATIONAL WEATHER SERVICE LINCOLN IL
432 PM CDT SUN SEP 14 2014


...................................

...THE SPRINGFIELD IL CLIMATE SUMMARY FOR SEPTEMBER 14 2014...
VALID TODAY AS OF 0400 PM LOCAL TIME.

CLIMATE NORMAL PERIOD 1981 TO 2010
CLIMATE RECORD PERIOD 1879 TO 2014


WEATHER ITEM   OBSERVED TIME   RECORD YEAR NORMAL DEPARTURE LAST
                VALUE   (LST)  VALUE       VALUE  FROM      YEAR
                                                  NORMAL
..................................................................
TEMPERATURE (F)
 TODAY
  MAXIMUM         70    237 PM 100    1939  80    -10       73
  MINIMUM         40    522 AM  37    1996  55    -15       42
  AVERAGE         55                        68    -13       58

PRECIPITATION (IN)
  TODAY            0.00          2.97 2008   0.10  -0.10     0.00
  MONTH TO DATE    4.09                      1.39   2.70     0.77
  SINCE SEP 1      4.09                      1.39   2.70     0.77
  SINCE JAN 1     36.42                     27.04   9.38    31.44

SNOWFALL (IN)
  TODAY            0.0           0.0    MM   0.0    0.0      0.0
  MONTH TO DATE    0.0                       0.0    0.0      0.0
  SINCE SEP 1      0.0                       0.0    0.0      0.0
  SINCE JUL 1      0.0                       0.0    0.0      0.0
  SNOW DEPTH       0

DEGREE DAYS
 HEATING
  TODAY           10                         2      8        7
  MONTH TO DATE   41                        13     28        9
  SINCE SEP 1     41                        13     28        9
  SINCE JUL 1     44                        18     26       20

 COOLING
  TODAY            0                         4     -4        0
  MONTH TO DATE   78                        82     -4      117
  SINCE SEP 1     78                        82     -4      117
  SINCE JAN 1   1111                      1052     59     1057
..................................................................


WIND (MPH)
  HIGHEST WIND SPEED     8   HIGHEST WIND DIRECTION    SE (150)
  HIGHEST GUST SPEED    11   HIGHEST GUST DIRECTION    SE (140)
  AVERAGE WIND SPEED     1.9


SKY COVER
  POSSIBLE SUNSHINE  MM
  AVERAGE SKY COVER 0.0


WEATHER CONDITIONS
 THE FOLLOWING WEATHER WAS RECORDED TODAY.
  NO SIGNIFICANT WEATHER WAS OBSERVED.


RELATIVE HUMIDITY (PERCENT)
 HIGHEST    93           300 AM
 LOWEST     37           300 PM
 AVERAGE    65

..........................................................


THE SPRINGFIELD IL CLIMATE NORMALS FOR TOMORROW
                         NORMAL    RECORD    YEAR
 MAXIMUM TEMPERATURE (F)   80       100      1939
 MINIMUM TEMPERATURE (F)   55        35      2007


SUNRISE AND SUNSET
SEPTEMBER 14 2014.....SUNRISE   639 AM CDT   SUNSET   709 PM CDT
SEPTEMBER 15 2014.....SUNRISE   640 AM CDT   SUNSET   707 PM CDT


-  INDICATES NEGATIVE NUMBERS.
R  INDICATES RECORD WAS SET OR TIED.
MM INDICATES DATA IS MISSING.
T  INDICATES TRACE AMOUNT.




$$
