000
CDUS44 KOUN 300645 RRA
CLISPS

CLIMATE REPORT
NATIONAL WEATHER SERVICE NORMAN OK
145 AM CDT SAT MAY 30 2015

...................................

...THE WICHITA FALLS CLIMATE SUMMARY FOR MAY 29 2015...

CLIMATE NORMAL PERIOD 1981 TO 2010
CLIMATE RECORD PERIOD 1897 TO 2015


WEATHER ITEM   OBSERVED TIME   RECORD YEAR NORMAL DEPARTURE LAST
                VALUE   (LST)  VALUE       VALUE  FROM      YEAR
                                                  NORMAL
..................................................................
TEMPERATURE (F)
 YESTERDAY
  MAXIMUM         82    540 PM 106    1927  87     -5       93
  MINIMUM         63    557 AM  42    1947  64     -1       62
  AVERAGE         73                        75     -2       78

PRECIPITATION (IN)
  YESTERDAY        0.01          5.00 1900   0.14  -0.13     0.00
  MONTH TO DATE   16.83                      3.50  13.33     1.08
  SINCE JAN 1     24.94                     11.20  13.74     5.10

DEGREE DAYS
 COOLING
  YESTERDAY        8                        10     -2       13
  MONTH TO DATE  151                       204    -53      259
  SINCE JAN 1    231                       296    -65      365
..................................................................


WIND (MPH)
  HIGHEST WIND SPEED    15   HIGHEST WIND DIRECTION     W (290)
  HIGHEST GUST SPEED    19   HIGHEST GUST DIRECTION    NW (300)
  AVERAGE WIND SPEED     5.7


SKY COVER
  AVERAGE SKY COVER 0.6


WEATHER CONDITIONS
 THE FOLLOWING WEATHER WAS RECORDED YESTERDAY.
  LIGHT RAIN


RELATIVE HUMIDITY (PERCENT)
 HIGHEST   100           500 AM
 LOWEST     54           200 PM
 AVERAGE    77

..........................................................


THE WICHITA FALLS CLIMATE NORMALS FOR TODAY
                         NORMAL    RECORD    YEAR
 MAXIMUM TEMPERATURE (F)   87       105      1985
 MINIMUM TEMPERATURE (F)   64        46      1947


SUNRISE AND SUNSET
MAY 30 2015...........SUNRISE   625 AM CDT   SUNSET   839 PM CDT
MAY 31 2015...........SUNRISE   624 AM CDT   SUNSET   839 PM CDT


-  INDICATES NEGATIVE NUMBERS.
R  INDICATES RECORD WAS SET OR TIED.
MM INDICATES DATA IS MISSING.
T  INDICATES TRACE AMOUNT.




$$
