000
CDUS44 KOUN 140639
CLISPS

CLIMATE REPORT
NATIONAL WEATHER SERVICE NORMAN OK
137 AM CDT MON JUL 14 2014


...................................

...THE WICHITA FALLS CLIMATE SUMMARY FOR JULY 13 2014...

CLIMATE NORMAL PERIOD 1981 TO 2010
CLIMATE RECORD PERIOD 1897 TO 2014


WEATHER ITEM   OBSERVED TIME   RECORD YEAR NORMAL DEPARTURE LAST
                VALUE   (LST)  VALUE       VALUE  FROM      YEAR
                                                  NORMAL
..................................................................
TEMPERATURE (F)
 YESTERDAY
  MAXIMUM        101    410 PM 109    1969  97      4      106
  MINIMUM         72    518 AM  61    1975  72      0       76
  AVERAGE         87                        84      3       91

PRECIPITATION (IN)
  YESTERDAY        0.00          2.90 1963   0.05  -0.05     0.00
  MONTH TO DATE    2.13                      0.74   1.39     0.00
  SINCE JAN 1     10.37                     16.38  -6.01    10.12

DEGREE DAYS
 COOLING
  YESTERDAY       22                        19      3       26
  MONTH TO DATE  235                       241     -6      263
  SINCE JAN 1   1125                       996    129     1150
..................................................................


WIND (MPH)
  HIGHEST WIND SPEED    17   HIGHEST WIND DIRECTION    SW (210)
  HIGHEST GUST SPEED    25   HIGHEST GUST DIRECTION     S (190)
  AVERAGE WIND SPEED    10.5


SKY COVER
  AVERAGE SKY COVER 0.0


WEATHER CONDITIONS
 THE FOLLOWING WEATHER WAS RECORDED YESTERDAY.
  HAZE


RELATIVE HUMIDITY (PERCENT)
 HIGHEST    64           300 AM
 LOWEST     24           300 PM
 AVERAGE    44

..........................................................


THE WICHITA FALLS CLIMATE NORMALS FOR TODAY
                         NORMAL    RECORD    YEAR
 MAXIMUM TEMPERATURE (F)   97       109      1925
 MINIMUM TEMPERATURE (F)   72        58      1990


SUNRISE AND SUNSET
JULY 14 2014..........SUNRISE   633 AM CDT   SUNSET   846 PM CDT
JULY 15 2014..........SUNRISE   634 AM CDT   SUNSET   846 PM CDT


-  INDICATES NEGATIVE NUMBERS.
R  INDICATES RECORD WAS SET OR TIED.
MM INDICATES DATA IS MISSING.
T  INDICATES TRACE AMOUNT.




$$
