619
CDUS44 KOUN 302217
CLISPS

CLIMATE REPORT
NATIONAL WEATHER SERVICE NORMAN OK
515 PM CDT SAT JUL 30 2016


...................................

...THE WICHITA FALLS CLIMATE SUMMARY FOR JULY 30 2016...
VALID TODAY AS OF 0500 PM LOCAL TIME.

CLIMATE NORMAL PERIOD 1981 TO 2010
CLIMATE RECORD PERIOD 1897 TO 2016


WEATHER ITEM   OBSERVED TIME   RECORD YEAR NORMAL DEPARTURE LAST
                VALUE   (LST)  VALUE       VALUE  FROM      YEAR
                                                  NORMAL
..................................................................
TEMPERATURE (F)
 TODAY
  MAXIMUM        101    345 PM 110    1986  98      3      102
                                      1980
  MINIMUM         72    418 AM  58    1965  73     -1       73
  AVERAGE         87                        85      2       88

PRECIPITATION (IN)
  TODAY            0.00          1.30 1911   0.06  -0.06     0.00
  MONTH TO DATE    1.82                      1.54   0.28     2.75
  SINCE JAN 1     21.60                     17.18   4.42    32.05

DEGREE DAYS
 COOLING
  TODAY           22                        20      2       23
  MONTH TO DATE  620                       580     40      584
  SINCE JAN 1   1337                      1335      2     1276
..................................................................


WIND (MPH)
  HIGHEST WIND SPEED    20   HIGHEST WIND DIRECTION     S (200)
  HIGHEST GUST SPEED    25   HIGHEST GUST DIRECTION     S (200)
  AVERAGE WIND SPEED     9.7


SKY COVER
  AVERAGE SKY COVER 0.0


WEATHER CONDITIONS
 THE FOLLOWING WEATHER WAS RECORDED TODAY.
  NO SIGNIFICANT WEATHER WAS OBSERVED.


RELATIVE HUMIDITY (PERCENT)
 HIGHEST    87           400 AM
 LOWEST     29           300 PM
 AVERAGE    58

..........................................................


THE WICHITA FALLS CLIMATE NORMALS FOR TOMORROW
                         NORMAL    RECORD    YEAR
 MAXIMUM TEMPERATURE (F)   98       110      2012
 MINIMUM TEMPERATURE (F)   73        59      1971


SUNRISE AND SUNSET
JULY 30 2016..........SUNRISE   644 AM CDT   SUNSET   836 PM CDT
JULY 31 2016..........SUNRISE   645 AM CDT   SUNSET   835 PM CDT


-  INDICATES NEGATIVE NUMBERS.
R  INDICATES RECORD WAS SET OR TIED.
MM INDICATES DATA IS MISSING.
T  INDICATES TRACE AMOUNT.

$$
