784
CDUS44 KOUN 282219
CLISPS

CLIMATE REPORT
NATIONAL WEATHER SERVICE NORMAN OK
517 PM CDT FRI APR 28 2017


...................................

...THE WICHITA FALLS CLIMATE SUMMARY FOR APRIL 28 2017...
VALID TODAY AS OF 0500 PM LOCAL TIME.

CLIMATE NORMAL PERIOD 1981 TO 2010
CLIMATE RECORD PERIOD 1897 TO 2017


WEATHER ITEM   OBSERVED TIME   RECORD YEAR NORMAL DEPARTURE LAST
                VALUE   (LST)  VALUE       VALUE  FROM      YEAR
                                                  NORMAL
..................................................................
TEMPERATURE (F)
 TODAY
  MAXIMUM         85    226 PM  92    1933  79      6       82
  MINIMUM         57    241 AM  39    1979  54      3       52
  AVERAGE         71                        66      5       67

PRECIPITATION (IN)
  TODAY            0.00          2.03 1982   0.11  -0.11     0.00
  MONTH TO DATE    0.91                      2.37  -1.46     7.30
  SINCE JAN 1      5.63                      7.46  -1.83    10.35

SNOWFALL (IN)
  TODAY            0.0                       0.0    0.0      0.0
  MONTH TO DATE    0.0                       0.0    0.0       T
  SINCE JUL 1      T                         3.9   -3.9      2.6
  SNOW DEPTH       0

DEGREE DAYS
 HEATING
  TODAY            0                         2     -2        0
  MONTH TO DATE   83                       139    -56       78
  SINCE JUL 1   2131                      2942   -811     2268

 COOLING
  TODAY            6                         4      2        2
  MONTH TO DATE   74                        62     12       40
  SINCE JAN 1    149                        84     65       61
..................................................................


WIND (MPH)
  HIGHEST WIND SPEED    21   HIGHEST WIND DIRECTION     E (100)
  HIGHEST GUST SPEED    24   HIGHEST GUST DIRECTION     E (100)
  AVERAGE WIND SPEED     8.3


SKY COVER
  AVERAGE SKY COVER 0.5


WEATHER CONDITIONS
 THE FOLLOWING WEATHER WAS RECORDED TODAY.
  NO SIGNIFICANT WEATHER WAS OBSERVED.


RELATIVE HUMIDITY (PERCENT)
 HIGHEST    86           400 AM
 LOWEST     34           100 PM
 AVERAGE    60

..........................................................


THE WICHITA FALLS CLIMATE NORMALS FOR TOMORROW
                         NORMAL    RECORD    YEAR
 MAXIMUM TEMPERATURE (F)   79        98      1936
 MINIMUM TEMPERATURE (F)   54        40      1982
                                             1956


SUNRISE AND SUNSET
APRIL 28 2017.........SUNRISE   648 AM CDT   SUNSET   816 PM CDT
APRIL 29 2017.........SUNRISE   647 AM CDT   SUNSET   816 PM CDT


-  INDICATES NEGATIVE NUMBERS.
R  INDICATES RECORD WAS SET OR TIED.
MM INDICATES DATA IS MISSING.
T  INDICATES TRACE AMOUNT.




$$
