000
CDUS44 KOUN 220701 RRA
CLISPS

CLIMATE REPORT
NATIONAL WEATHER SERVICE NORMAN OK
152 AM CDT MON SEP 22 2014


...................................

...THE WICHITA FALLS CLIMATE SUMMARY FOR SEPTEMBER 21 2014...

CLIMATE NORMAL PERIOD 1981 TO 2010
CLIMATE RECORD PERIOD 1897 TO 2014


WEATHER ITEM   OBSERVED TIME   RECORD YEAR NORMAL DEPARTURE LAST
                VALUE   (LST)  VALUE       VALUE  FROM      YEAR
                                                  NORMAL
..................................................................
TEMPERATURE (F)
 YESTERDAY
  MAXIMUM         93    333 PM 103    1998  86      7       82
  MINIMUM         69    629 AM  38    1983  61      8       55
  AVERAGE         81                        74      7       69

PRECIPITATION (IN)
  YESTERDAY        0.00          1.83 1969   0.09  -0.09     0.00
  MONTH TO DATE    1.47                      2.04  -0.57     1.35
  SINCE JAN 1     17.28                     21.77  -4.49    16.83

DEGREE DAYS
 HEATING
  YESTERDAY        0                         1     -1        0
  MONTH TO DATE    8                         3      5        0
  SINCE JUL 1      8                         3      5        0

 COOLING
  YESTERDAY       16                         9      7        4
  MONTH TO DATE  309                       266     43      373
  SINCE JAN 1   2303                      2211     92     2432
..................................................................


WIND (MPH)
  HIGHEST WIND SPEED    26   HIGHEST WIND DIRECTION    NE (40)
  HIGHEST GUST SPEED    32   HIGHEST GUST DIRECTION    NE (40)
  AVERAGE WIND SPEED     6.5


SKY COVER
  AVERAGE SKY COVER 0.2


WEATHER CONDITIONS
 THE FOLLOWING WEATHER WAS RECORDED YESTERDAY.
  HAZE


RELATIVE HUMIDITY (PERCENT)
 HIGHEST    90           600 AM
 LOWEST     36           400 PM
 AVERAGE    63

..........................................................


THE WICHITA FALLS CLIMATE NORMALS FOR TODAY
                         NORMAL    RECORD    YEAR
 MAXIMUM TEMPERATURE (F)   86       101      2000
                                             1926
 MINIMUM TEMPERATURE (F)   61        45      1999


SUNRISE AND SUNSET
SEPTEMBER 22 2014.....SUNRISE   722 AM CDT   SUNSET   731 PM CDT
SEPTEMBER 23 2014.....SUNRISE   723 AM CDT   SUNSET   729 PM CDT


-  INDICATES NEGATIVE NUMBERS.
R  INDICATES RECORD WAS SET OR TIED.
MM INDICATES DATA IS MISSING.
T  INDICATES TRACE AMOUNT.




$$
