000
CDUS44 KOUN 300646
CLISPS

CLIMATE REPORT
NATIONAL WEATHER SERVICE NORMAN OK
136 AM CDT SUN AUG 30 2015


...................................

...THE WICHITA FALLS CLIMATE SUMMARY FOR AUGUST 29 2015...

CLIMATE NORMAL PERIOD 1981 TO 2010
CLIMATE RECORD PERIOD 1897 TO 2015


WEATHER ITEM   OBSERVED TIME   RECORD YEAR NORMAL DEPARTURE LAST
                VALUE   (LST)  VALUE       VALUE  FROM      YEAR
                                                  NORMAL
..................................................................
TEMPERATURE (F)
 YESTERDAY
  MAXIMUM         98    407 PM 108    2011  94      4       87
  MINIMUM         71    540 AM  57    1986  69      2       69
  AVERAGE         85                        82      3       78

PRECIPITATION (IN)
  YESTERDAY        0.00          1.46 1996   0.09  -0.09     0.05
  MONTH TO DATE    1.49                      2.30  -0.81     2.04
  SINCE JAN 1     33.58                     19.53  14.05    15.81

DEGREE DAYS
 COOLING
  YESTERDAY       20                        17      3       13
  MONTH TO DATE  555                       555      0      565
  SINCE JAN 1   1852                      1911    -59     1955
..................................................................


WIND (MPH)
  HIGHEST WIND SPEED    18   HIGHEST WIND DIRECTION     S (180)
  HIGHEST GUST SPEED    22   HIGHEST GUST DIRECTION     W (250)
  AVERAGE WIND SPEED     7.8


SKY COVER
  AVERAGE SKY COVER 0.1


WEATHER CONDITIONS
 THE FOLLOWING WEATHER WAS RECORDED YESTERDAY.
  THUNDERSTORM


RELATIVE HUMIDITY (PERCENT)
 HIGHEST    73           400 AM
 LOWEST     29           400 PM
 AVERAGE    51

..........................................................


THE WICHITA FALLS CLIMATE NORMALS FOR TODAY
                         NORMAL    RECORD    YEAR
 MAXIMUM TEMPERATURE (F)   94       109      2011
 MINIMUM TEMPERATURE (F)   69        56      1946


SUNRISE AND SUNSET
AUGUST 30 2015........SUNRISE   706 AM CDT   SUNSET   803 PM CDT
AUGUST 31 2015........SUNRISE   707 AM CDT   SUNSET   801 PM CDT


-  INDICATES NEGATIVE NUMBERS.
R  INDICATES RECORD WAS SET OR TIED.
MM INDICATES DATA IS MISSING.
T  INDICATES TRACE AMOUNT.




$$
