000
CDUS44 KOUN 240642
CLISPS

CLIMATE REPORT
NATIONAL WEATHER SERVICE NORMAN OK
141 AM CDT SAT JUN 24 2017


...................................

...THE WICHITA FALLS CLIMATE SUMMARY FOR JUNE 23 2017...

CLIMATE NORMAL PERIOD 1981 TO 2010
CLIMATE RECORD PERIOD 1897 TO 2017


WEATHER ITEM   OBSERVED TIME   RECORD YEAR NORMAL DEPARTURE LAST
                VALUE   (LST)  VALUE       VALUE  FROM      YEAR
                                                  NORMAL
..................................................................
TEMPERATURE (F)
 YESTERDAY
  MAXIMUM        100    346 PM 104    2011  93      7       96
                                      1984
                                      1967
  MINIMUM         70    543 AM  60    2004  69      1       73
  AVERAGE         85                        81      4       85

PRECIPITATION (IN)
  YESTERDAY        0.00          2.00 1908   0.12  -0.12     0.00
  MONTH TO DATE    1.72                      3.51  -1.79     3.29
  SINCE JUN 1      1.72                      3.51  -1.79     3.29
  SINCE JAN 1     12.04                     15.00  -2.96    19.78

SNOWFALL (IN)
  YESTERDAY        0.0

DEGREE DAYS
 HEATING
  YESTERDAY        0                         0      0        0
  MONTH TO DATE    0                         0      0        0
  SINCE JUN 1      0                         0      0        0
  SINCE JUL 1   2162                      2968   -806     2312

 COOLING
  YESTERDAY       20                        16      4       20
  MONTH TO DATE  317                       316      1      336
  SINCE JUN 1    317                       316      1      336
  SINCE JAN 1    666                       635     31      589
..................................................................


WIND (MPH)
  HIGHEST WIND SPEED    26   HIGHEST WIND DIRECTION    NE (50)
  HIGHEST GUST SPEED    32   HIGHEST GUST DIRECTION    NE (60)
  AVERAGE WIND SPEED     9.6


SKY COVER
  AVERAGE SKY COVER 0.3


WEATHER CONDITIONS
 THE FOLLOWING WEATHER WAS RECORDED YESTERDAY.
  NO SIGNIFICANT WEATHER WAS OBSERVED.


RELATIVE HUMIDITY (PERCENT)
 HIGHEST    93           300 AM
 LOWEST     33           200 PM
 AVERAGE    63

..........................................................


THE WICHITA FALLS CLIMATE NORMALS FOR TODAY
                         NORMAL    RECORD    YEAR
 MAXIMUM TEMPERATURE (F)   94       112      1980
 MINIMUM TEMPERATURE (F)   69        58      1957


SUNRISE AND SUNSET
JUNE 24 2017..........SUNRISE   624 AM CDT   SUNSET   849 PM CDT
JUNE 25 2017..........SUNRISE   624 AM CDT   SUNSET   849 PM CDT


-  INDICATES NEGATIVE NUMBERS.
R  INDICATES RECORD WAS SET OR TIED.
MM INDICATES DATA IS MISSING.
T  INDICATES TRACE AMOUNT.




$$
