000
CDUS44 KOUN 260634 RRA
CLISPS

CLIMATE REPORT
NATIONAL WEATHER SERVICE NORMAN OK
1230 AM CST WED NOV 26 2014


...................................

...THE WICHITA FALLS CLIMATE SUMMARY FOR NOVEMBER 25 2014...

CLIMATE NORMAL PERIOD 1981 TO 2010
CLIMATE RECORD PERIOD 1897 TO 2014


WEATHER ITEM   OBSERVED TIME   RECORD YEAR NORMAL DEPARTURE LAST
                VALUE   (LST)  VALUE       VALUE  FROM      YEAR
                                                  NORMAL
..................................................................
TEMPERATURE (F)
 YESTERDAY
  MAXIMUM         56    408 PM  89    1965  61     -5       37
  MINIMUM         35    741 AM  20    1993  36     -1       29
  AVERAGE         46                        48     -2       33

PRECIPITATION (IN)
  YESTERDAY        0.00          1.41 1986   0.04  -0.04     0.01
  MONTH TO DATE    4.24                      1.40   2.84     0.64
  SINCE JAN 1     22.82                     27.05  -4.23    20.04

SNOWFALL (IN)
  YESTERDAY        0.0                       0.0    0.0       T
  MONTH TO DATE    0.3                       0.2    0.1      0.2
  SINCE JUL 1      0.3                       0.2    0.1      0.2
  SNOW DEPTH       0

DEGREE DAYS
 HEATING
  YESTERDAY       19                        17      2       32
  MONTH TO DATE  404                       292    112      343
  SINCE JUL 1    450                       418     32      445

 COOLING
  YESTERDAY        0                         0      0        0
  MONTH TO DATE    0                        10    -10        8
  SINCE JAN 1   2558                      2386    172     2628
..................................................................


WIND (MPH)
  HIGHEST WIND SPEED    17   HIGHEST WIND DIRECTION     S (190)
  HIGHEST GUST SPEED    23   HIGHEST GUST DIRECTION     S (200)
  AVERAGE WIND SPEED     9.5


SKY COVER
  AVERAGE SKY COVER 0.0


WEATHER CONDITIONS
 THE FOLLOWING WEATHER WAS RECORDED YESTERDAY.
  NO SIGNIFICANT WEATHER WAS OBSERVED.


RELATIVE HUMIDITY (PERCENT)
 HIGHEST    75           800 AM
 LOWEST     30           400 PM
 AVERAGE    53

..........................................................


THE WICHITA FALLS CLIMATE NORMALS FOR TODAY
                         NORMAL    RECORD    YEAR
 MAXIMUM TEMPERATURE (F)   60        83      1970
 MINIMUM TEMPERATURE (F)   36        15      1993


SUNRISE AND SUNSET
NOVEMBER 26 2014......SUNRISE   717 AM CST   SUNSET   526 PM CST
NOVEMBER 27 2014......SUNRISE   718 AM CST   SUNSET   525 PM CST


-  INDICATES NEGATIVE NUMBERS.
R  INDICATES RECORD WAS SET OR TIED.
MM INDICATES DATA IS MISSING.
T  INDICATES TRACE AMOUNT.




$$
