000
CDUS44 KOUN 172335
CLISPS

CLIMATE REPORT
NATIONAL WEATHER SERVICE NORMAN OK
529 PM CST WED DEC 17 2014


...................................

...THE WICHITA FALLS CLIMATE SUMMARY FOR DECEMBER 17 2014...
VALID TODAY AS OF 0500 PM LOCAL TIME.

CLIMATE NORMAL PERIOD 1981 TO 2010
CLIMATE RECORD PERIOD 1897 TO 2014


WEATHER ITEM   OBSERVED TIME   RECORD YEAR NORMAL DEPARTURE LAST
                VALUE   (LST)  VALUE       VALUE  FROM      YEAR
                                                  NORMAL
..................................................................
TEMPERATURE (F)
 TODAY
  MAXIMUM         42    456 AM  79    2002  54    -12       69
  MINIMUM         39    526 PM  14    1979  30      9       30
                                      1964
                                      1932
  AVERAGE         41                        42     -1       50

PRECIPITATION (IN)
  TODAY            0.67          1.25 1898   0.05   0.62     0.00
  MONTH TO DATE    0.80                      0.93  -0.13     0.39
  SINCE JAN 1     23.62                     28.23  -4.61    20.43

SNOWFALL (IN)
  TODAY            0.0                       0.0    0.0      0.0
  MONTH TO DATE    0.0                       0.4   -0.4      0.5
  SINCE JUL 1      0.3                       0.7   -0.4      0.7
  SNOW DEPTH       0

DEGREE DAYS
 HEATING
  TODAY           24                        23      1       15
  MONTH TO DATE  262                       361    -99      466
  SINCE JUL 1    774                       868    -94     1024
..................................................................


WIND (MPH)
  HIGHEST WIND SPEED    20   HIGHEST WIND DIRECTION     E (110)
  HIGHEST GUST SPEED    25   HIGHEST GUST DIRECTION     E (110)
  AVERAGE WIND SPEED     7.5


SKY COVER
  AVERAGE SKY COVER 1.0


WEATHER CONDITIONS
 THE FOLLOWING WEATHER WAS RECORDED TODAY.
  THUNDERSTORM
  RAIN
  LIGHT RAIN
  FOG


RELATIVE HUMIDITY (PERCENT)
 HIGHEST    92           400 PM
 LOWEST     67           300 AM
 AVERAGE    80

..........................................................


THE WICHITA FALLS CLIMATE NORMALS FOR TOMORROW
                         NORMAL    RECORD    YEAR
 MAXIMUM TEMPERATURE (F)   54        77      1970
 MINIMUM TEMPERATURE (F)   30        11      1975
                                             1964


SUNRISE AND SUNSET
DECEMBER 17 2014......SUNRISE   733 AM CST   SUNSET   527 PM CST
DECEMBER 18 2014......SUNRISE   734 AM CST   SUNSET   527 PM CST


-  INDICATES NEGATIVE NUMBERS.
R  INDICATES RECORD WAS SET OR TIED.
MM INDICATES DATA IS MISSING.
T  INDICATES TRACE AMOUNT.




$$
