000
CDUS44 KOUN 202222 RRA
CLISPS

CLIMATE REPORT
NATIONAL WEATHER SERVICE NORMAN OK
522 PM CDT FRI OCT 20 2017


...................................

...THE WICHITA FALLS CLIMATE SUMMARY FOR OCTOBER 20 2017...
VALID TODAY AS OF 0500 PM LOCAL TIME.

CLIMATE NORMAL PERIOD 1981 TO 2010
CLIMATE RECORD PERIOD 1897 TO 2017


WEATHER ITEM   OBSERVED TIME   RECORD YEAR NORMAL DEPARTURE LAST
                VALUE   (LST)  VALUE       VALUE  FROM      YEAR
                                                  NORMAL
..................................................................
TEMPERATURE (F)
 TODAY
  MAXIMUM         82    255 PM  94    2007  76      6       73
                                      1979
  MINIMUM         60    137 AM  29    1989  51      9       51
  AVERAGE         71                        63      8       62

PRECIPITATION (IN)
  TODAY            0.00          1.83 1983   0.11  -0.11     0.00
  MONTH TO DATE    0.80                      2.01  -1.21     2.32
  SINCE SEP 1      3.87                      4.82  -0.95    12.14
  SINCE JAN 1     23.95                     24.55  -0.60    34.52

SNOWFALL (IN)
  TODAY            0.0

DEGREE DAYS
 HEATING
  TODAY            0                         4     -4        3
  MONTH TO DATE   30                        51    -21       21
  SINCE SEP 1     34                        64    -30       23
  SINCE JUL 1     34                        64    -30       23

 COOLING
  TODAY            6                         2      4        0
  MONTH TO DATE  117                        79     38      121
  SINCE SEP 1    450                       413     37      521
  SINCE JAN 1   2292                      2358    -66     2457
..................................................................


WIND (MPH)
  HIGHEST WIND SPEED    31   HIGHEST WIND DIRECTION    SE (150)
  HIGHEST GUST SPEED    40   HIGHEST GUST DIRECTION    SE (150)
  AVERAGE WIND SPEED    14.7


SKY COVER
  AVERAGE SKY COVER 0.4


WEATHER CONDITIONS
 THE FOLLOWING WEATHER WAS RECORDED TODAY.
  NO SIGNIFICANT WEATHER WAS OBSERVED.


RELATIVE HUMIDITY (PERCENT)
 HIGHEST    84           500 AM
 LOWEST     54          1200 PM
 AVERAGE    69

..........................................................


THE WICHITA FALLS CLIMATE NORMALS FOR TOMORROW
                         NORMAL    RECORD    YEAR
 MAXIMUM TEMPERATURE (F)   75        95      2003
 MINIMUM TEMPERATURE (F)   50        38      1987


SUNRISE AND SUNSET
OCTOBER 20 2017.......SUNRISE   743 AM CDT   SUNSET   654 PM CDT
OCTOBER 21 2017.......SUNRISE   744 AM CDT   SUNSET   652 PM CDT


-  INDICATES NEGATIVE NUMBERS.
R  INDICATES RECORD WAS SET OR TIED.
MM INDICATES DATA IS MISSING.
T  INDICATES TRACE AMOUNT.

$$
