000
CDUS44 KOUN 220628 RRA
CLISPS

CLIMATE REPORT
NATIONAL WEATHER SERVICE NORMAN OK
127 AM CDT TUE AUG 22 2017


...................................

...THE WICHITA FALLS CLIMATE SUMMARY FOR AUGUST 21 2017...

CLIMATE NORMAL PERIOD 1981 TO 2010
CLIMATE RECORD PERIOD 1897 TO 2017


WEATHER ITEM   OBSERVED TIME   RECORD YEAR NORMAL DEPARTURE LAST
                VALUE   (LST)  VALUE       VALUE  FROM      YEAR
                                                  NORMAL
..................................................................
TEMPERATURE (F)
 YESTERDAY
  MAXIMUM         94    446 PM 107    1934  96     -2       89
  MINIMUM         72    335 AM  57    1956  71      1       65
                                      1950
  AVERAGE         83                        84     -1       77

PRECIPITATION (IN)
  YESTERDAY        0.00          1.17 1991   0.08  -0.08     0.00
  MONTH TO DATE    3.74                      1.61   2.13     0.74
  SINCE JUN 1      9.34                      7.35   1.99     5.85
  SINCE JAN 1     19.66                     18.84   0.82    22.34

SNOWFALL (IN)
  YESTERDAY        0.0

DEGREE DAYS
 HEATING
  YESTERDAY        0                         0      0        0
  MONTH TO DATE    0                         0      0        0
  SINCE JUN 1      0                         1     -1        0
  SINCE JUL 1      0                         0      0        0

 COOLING
  YESTERDAY       18                        19     -1       12
  MONTH TO DATE  356                       414    -58      396
  SINCE JUN 1   1372                      1451    -79     1505
  SINCE JAN 1   1721                      1770    -49     1758
..................................................................


WIND (MPH)
  HIGHEST WIND SPEED    17   HIGHEST WIND DIRECTION    SE (130)
  HIGHEST GUST SPEED    25   HIGHEST GUST DIRECTION    SW (220)
  AVERAGE WIND SPEED    11.2


SKY COVER
  AVERAGE SKY COVER 0.1


WEATHER CONDITIONS
 THE FOLLOWING WEATHER WAS RECORDED YESTERDAY.
  NO SIGNIFICANT WEATHER WAS OBSERVED.


RELATIVE HUMIDITY (PERCENT)
 HIGHEST    87           200 AM
 LOWEST     41           300 PM
 AVERAGE    64

..........................................................


THE WICHITA FALLS CLIMATE NORMALS FOR TODAY
                         NORMAL    RECORD    YEAR
 MAXIMUM TEMPERATURE (F)   96       108      1980
 MINIMUM TEMPERATURE (F)   71        60      1949


SUNRISE AND SUNSET
AUGUST 22 2017........SUNRISE   701 AM CDT   SUNSET   812 PM CDT
AUGUST 23 2017........SUNRISE   701 AM CDT   SUNSET   811 PM CDT


-  INDICATES NEGATIVE NUMBERS.
R  INDICATES RECORD WAS SET OR TIED.
MM INDICATES DATA IS MISSING.
T  INDICATES TRACE AMOUNT.




$$
