000
CDUS42 KTBW 272213
CLISRQ


CLIMATE REPORT
NATIONAL WEATHER SERVICE TAMPA BAY FL
510 PM EST TUE JAN 27 2015


...................................

...THE SARASOTA BRADENTON CLIMATE SUMMARY FOR JANUARY 27 2015...
VALID TODAY AS OF 0500 PM LOCAL TIME.

CLIMATE NORMAL PERIOD 1981 TO 2010
CLIMATE RECORD PERIOD 1911 TO 2015


WEATHER ITEM   OBSERVED TIME   RECORD YEAR NORMAL DEPARTURE LAST
                VALUE   (LST)  VALUE       VALUE  FROM      YEAR
                                                  NORMAL
..................................................................
TEMPERATURE (F)
 TODAY
  MAXIMUM         66    459 PM  84    1984  71     -5       72
  MINIMUM         45    739 AM  30    1985  52     -7       60
  AVERAGE         56                        62     -6       66

PRECIPITATION (IN)
  TODAY            0.00          1.83 1980   0.06  -0.06     0.05
  MONTH TO DATE    1.07                      2.27  -1.20     0.98
  SINCE DEC 1      1.54                      4.80  -3.26     1.19
  SINCE JAN 1      1.07                      2.27  -1.20     0.98

DEGREE DAYS
 HEATING
  TODAY            9                         5      4        0
  MONTH TO DATE   91                       144    -53      185
  SINCE DEC 1    190                       266    -76      209
  SINCE JUL 1    275                       299    -24      227

 COOLING
  TODAY            0                         2     -2        1
  MONTH TO DATE   59                        54      5       31
  SINCE DEC 1    148                       128     20      188
  SINCE JAN 1     59                        54      5       31
..................................................................


WIND (MPH)
  RESULTANT WIND SPEED   8   RESULTANT WIND DIRECTION  NW (300)
  HIGHEST WIND SPEED    18   HIGHEST WIND DIRECTION    NW (300)
  HIGHEST GUST SPEED    25   HIGHEST GUST DIRECTION    NW (310)
  AVERAGE WIND SPEED     8.7


SKY COVER
  POSSIBLE SUNSHINE  MM
  AVERAGE SKY COVER 0.1


WEATHER CONDITIONS
 THE FOLLOWING WEATHER WAS RECORDED TODAY.
  NO SIGNIFICANT WEATHER WAS OBSERVED.


RELATIVE HUMIDITY (PERCENT)
 HIGHEST    86           700 AM
 LOWEST     48          1000 AM

..........................................................


THE SARASOTA BRADENTON CLIMATE NORMALS FOR TOMORROW
                         NORMAL    RECORD    YEAR
 MAXIMUM TEMPERATURE (F)   71        84      1975
 MINIMUM TEMPERATURE (F)   52        26      1986


SUNRISE AND SUNSET
JANUARY 27 2015.......SUNRISE   719 AM EST   SUNSET   607 PM EST
JANUARY 28 2015.......SUNRISE   718 AM EST   SUNSET   608 PM EST


-  INDICATES NEGATIVE NUMBERS.
R  INDICATES RECORD WAS SET OR TIED.
MM INDICATES DATA IS MISSING.
T  INDICATES TRACE AMOUNT.




$$


&&
------------------------------------------------------------------
******************** SUPPLEMENTAL DATA ***************************

...GULF WATER TEMPERATURE AT NEW PASS 62
