000
CDUS42 KTBW 150932
CLISRQ


CLIMATE REPORT
NATIONAL WEATHER SERVICE TAMPA BAY FL
430 AM EST FRI DEC 15 2017


...................................

...THE SARASOTA BRADENTON CLIMATE SUMMARY FOR DECEMBER 14 2017...

CLIMATE NORMAL PERIOD 1981 TO 2010
CLIMATE RECORD PERIOD 1911 TO 2017


WEATHER ITEM   OBSERVED TIME   RECORD YEAR NORMAL DEPARTURE LAST
                VALUE   (LST)  VALUE       VALUE  FROM      YEAR
                                                  NORMAL
..................................................................
TEMPERATURE (F)
 YESTERDAY
  MAXIMUM         72   1246 PM  90    1971  73     -1       77
  MINIMUM         46    219 AM  23    1962  54     -8       63
  AVERAGE         59                        64     -5       70

PRECIPITATION (IN)
  YESTERDAY        0.00          3.07 2003   0.08  -0.08     0.00
  MONTH TO DATE    1.04                      1.02   0.02     1.22
  SINCE DEC 1      1.04                      1.02   0.02     1.22
  SINCE JAN 1     65.23                     51.50  13.73    49.08

DEGREE DAYS
 HEATING
  YESTERDAY        6                         4      2        0
  MONTH TO DATE   51                        43      8        9
  SINCE DEC 1     51                        43      8        9
  SINCE JUL 1     64                        76    -12       20

 COOLING
  YESTERDAY        0                         3     -3        5
  MONTH TO DATE   54                        42     12       67
  SINCE DEC 1     54                        42     12       67
  SINCE JAN 1   3757                      3342    415     4093
..................................................................


WIND (MPH)
  HIGHEST WIND SPEED    20   HIGHEST WIND DIRECTION     S (180)
  HIGHEST GUST SPEED    25   HIGHEST GUST DIRECTION     S (180)
  AVERAGE WIND SPEED     8.9


SKY COVER
  POSSIBLE SUNSHINE  MM
  AVERAGE SKY COVER 0.3


WEATHER CONDITIONS
 THE FOLLOWING WEATHER WAS RECORDED YESTERDAY.
  NO SIGNIFICANT WEATHER WAS OBSERVED.


RELATIVE HUMIDITY (PERCENT)
 HIGHEST    96           600 AM
 LOWEST     57          1200 PM

..........................................................


THE SARASOTA BRADENTON CLIMATE NORMALS FOR TODAY
                         NORMAL    RECORD    YEAR
 MAXIMUM TEMPERATURE (F)   73        86      1923
 MINIMUM TEMPERATURE (F)   54        31      2010
                                             1915


SUNRISE AND SUNSET
DECEMBER 15 2017......SUNRISE   713 AM EST   SUNSET   538 PM EST
DECEMBER 16 2017......SUNRISE   713 AM EST   SUNSET   539 PM EST


-  INDICATES NEGATIVE NUMBERS.
R  INDICATES RECORD WAS SET OR TIED.
MM INDICATES DATA IS MISSING.
T  INDICATES TRACE AMOUNT.




$$


&&
------------------------------------------------------------------
******************** SUPPLEMENTAL DATA ***************************

...GULF WATER TEMPERATURE AT VENICE 67 DEGREES
