000
CDUS42 KTBW 022216
CLISRQ


CLIMATE REPORT
NATIONAL WEATHER SERVICE TAMPA BAY FL
515 PM EST FRI DEC 2 2016


...................................

...THE SARASOTA BRADENTON CLIMATE SUMMARY FOR DECEMBER 2 2016...
VALID TODAY AS OF 0500 PM LOCAL TIME.

CLIMATE NORMAL PERIOD 1981 TO 2010
CLIMATE RECORD PERIOD 1911 TO 2016


WEATHER ITEM   OBSERVED TIME   RECORD YEAR NORMAL DEPARTURE LAST
                VALUE   (LST)  VALUE       VALUE  FROM      YEAR
                                                  NORMAL
..................................................................
TEMPERATURE (F)
 TODAY
  MAXIMUM         79    309 PM  88    1991  76      3       82
  MINIMUM         60    741 AM  35    1963  56      4       69
  AVERAGE         70                        66      4       76

PRECIPITATION (IN)
  TODAY            0.00          1.29 1996   0.06  -0.06      T
  MONTH TO DATE    0.00                      0.13  -0.13      T
  SINCE DEC 1      0.00                      0.13  -0.13      T
  SINCE JAN 1     47.86                     50.61  -2.75    38.36

DEGREE DAYS
 HEATING
  TODAY            0                         2     -2        0
  MONTH TO DATE    0                         4     -4        0
  SINCE DEC 1      0                         4     -4        0
  SINCE JUL 1     11                        37    -26        4

 COOLING
  TODAY            5                         3      2       11
  MONTH TO DATE   13                         6      7       22
  SINCE DEC 1     13                         6      7       22
  SINCE JAN 1   4039                      3306    733     3866
..................................................................


WIND (MPH)
  RESULTANT WIND SPEED   9   RESULTANT WIND DIRECTION  NE (40)
  HIGHEST WIND SPEED    15   HIGHEST WIND DIRECTION    NE (40)
  HIGHEST GUST SPEED    19   HIGHEST GUST DIRECTION    NE (40)
  AVERAGE WIND SPEED     8.8


SKY COVER
  POSSIBLE SUNSHINE  MM
  AVERAGE SKY COVER 0.0


WEATHER CONDITIONS
 THE FOLLOWING WEATHER WAS RECORDED TODAY.
  NO SIGNIFICANT WEATHER WAS OBSERVED.


RELATIVE HUMIDITY (PERCENT)
 HIGHEST    81          1200 AM
 LOWEST     28           400 PM

..........................................................


THE SARASOTA BRADENTON CLIMATE NORMALS FOR TOMORROW
                         NORMAL    RECORD    YEAR
 MAXIMUM TEMPERATURE (F)   75        87      1991
 MINIMUM TEMPERATURE (F)   56        36      1935


SUNRISE AND SUNSET
DECEMBER  2 2016......SUNRISE   704 AM EST   SUNSET   535 PM EST
DECEMBER  3 2016......SUNRISE   705 AM EST   SUNSET   536 PM EST


-  INDICATES NEGATIVE NUMBERS.
R  INDICATES RECORD WAS SET OR TIED.
MM INDICATES DATA IS MISSING.
T  INDICATES TRACE AMOUNT.




$$


&&
------------------------------------------------------------------
******************** SUPPLEMENTAL DATA ***************************

...GULF WATER TEMPERATURE AT VENICE 71 DEGREES
