798
CDUS42 KTBW 190934
CLISRQ


CLIMATE REPORT
NATIONAL WEATHER SERVICE TAMPA BAY FL
432 AM EST THU JAN 19 2017


...................................

...THE SARASOTA BRADENTON CLIMATE SUMMARY FOR JANUARY 18 2017...

CLIMATE NORMAL PERIOD 1981 TO 2010
CLIMATE RECORD PERIOD 1911 TO 2017


WEATHER ITEM   OBSERVED TIME   RECORD YEAR NORMAL DEPARTURE LAST
                VALUE   (LST)  VALUE       VALUE  FROM      YEAR
                                                  NORMAL
..................................................................
TEMPERATURE (F)
 YESTERDAY
  MAXIMUM         77    154 PM  84    1990  71      6       61
  MINIMUM         56    620 AM  29    1977  52      4       45
  AVERAGE         67                        61      6       53

PRECIPITATION (IN)
  YESTERDAY        T             1.16 1930   0.06  -0.06     0.00
  MONTH TO DATE    1.31                      1.75  -0.44     2.47
  SINCE DEC 1      2.56                      4.28  -1.72     3.76
  SINCE JAN 1      1.31                      1.75  -0.44     2.47

DEGREE DAYS
 HEATING
  YESTERDAY        0                         5     -5       12
  MONTH TO DATE   41                        99    -58       71
  SINCE DEC 1     65                       221   -156       78
  SINCE JUL 1     76                       254   -178       82

 COOLING
  YESTERDAY        2                         2      0        0
  MONTH TO DATE   58                        36     22       22
  SINCE DEC 1    221                       110    111      281
  SINCE JAN 1     58                        36     22       22
..................................................................


WIND (MPH)
  HIGHEST WIND SPEED    10   HIGHEST WIND DIRECTION    SW (220)
  HIGHEST GUST SPEED    13   HIGHEST GUST DIRECTION    SW (220)
  AVERAGE WIND SPEED     3.2


SKY COVER
  POSSIBLE SUNSHINE  MM
  AVERAGE SKY COVER 0.1


WEATHER CONDITIONS
 THE FOLLOWING WEATHER WAS RECORDED YESTERDAY.
  FOG


RELATIVE HUMIDITY (PERCENT)
 HIGHEST    97          1100 PM
 LOWEST     60           200 PM

..........................................................


THE SARASOTA BRADENTON CLIMATE NORMALS FOR TODAY
                         NORMAL    RECORD    YEAR
 MAXIMUM TEMPERATURE (F)   71        85      1937
 MINIMUM TEMPERATURE (F)   52        26      1997


SUNRISE AND SUNSET
JANUARY 19 2017.......SUNRISE   721 AM EST   SUNSET   601 PM EST
JANUARY 20 2017.......SUNRISE   721 AM EST   SUNSET   602 PM EST


-  INDICATES NEGATIVE NUMBERS.
R  INDICATES RECORD WAS SET OR TIED.
MM INDICATES DATA IS MISSING.
T  INDICATES TRACE AMOUNT.




$$


&&
------------------------------------------------------------------
******************** SUPPLEMENTAL DATA ***************************

...GULF WATER TEMPERATURE AT VENICE 67 DEGREES
