000
CDUS42 KJAX 130532
CLISSI


CLIMATE REPORT
NATIONAL WEATHER SERVICE JACKSONVILLE FL
132 AM EDT SUN JUL 13 2014


...................................

...THE ST SIMONS ISLAND CLIMATE SUMMARY FOR JULY 12 2014...

CLIMATE NORMAL PERIOD 1981 TO 2010
CLIMATE RECORD PERIOD 1948 TO 2014


WEATHER ITEM   OBSERVED TIME   RECORD YEAR NORMAL DEPARTURE LAST
                VALUE   (LST)  VALUE       VALUE  FROM      YEAR
                                                  NORMAL
..................................................................
TEMPERATURE (F)
 YESTERDAY
  MAXIMUM         80    331 PM  98    1981  91    -11       87
  MINIMUM         74   1212 PM  68    1951  75     -1       74
  AVERAGE         77                        83     -6       81

PRECIPITATION (IN)
  YESTERDAY        0.24          3.32 1978   0.14   0.10     1.81
  MONTH TO DATE    0.55                      1.58  -1.03     2.34
  SINCE JUN 1      5.31                      6.42  -1.11    10.65
  SINCE JAN 1     23.80                     21.34   2.46    23.07

SNOWFALL (IN)
  YESTERDAY        0.0           0.0    MM                   0.0
  MONTH TO DATE    0.0                                       0.0
  SINCE JUN 1      0.0                                       0.0
  SINCE JUL 1      0.0                                       0.0
  SNOW DEPTH       0

DEGREE DAYS
 HEATING
  YESTERDAY        0                         0      0        0
  MONTH TO DATE    0                         0      0        0
  SINCE JUN 1      0                         0      0        0
  SINCE JUL 1      0                         0      0        0

 COOLING
  YESTERDAY       12                        18     -6       16
  MONTH TO DATE  202                       211     -9      198
  SINCE JUN 1    669                       670     -1      693
  SINCE JAN 1   1112                      1112      0     1094
..................................................................


WIND (MPH)
  HIGHEST WIND SPEED    14   HIGHEST WIND DIRECTION     E (100)
  HIGHEST GUST SPEED    18   HIGHEST GUST DIRECTION     E (110)
  AVERAGE WIND SPEED     4.7


SKY COVER
  POSSIBLE SUNSHINE  MM
  AVERAGE SKY COVER 0.5


WEATHER CONDITIONS
 THE FOLLOWING WEATHER WAS RECORDED YESTERDAY.
  RAIN
  LIGHT RAIN
  FOG


RELATIVE HUMIDITY (PERCENT)
 HIGHEST    94           300 AM
 LOWEST     79           500 PM
 AVERAGE    87

..........................................................


THE ST SIMONS ISLAND CLIMATE NORMALS FOR TODAY
                         NORMAL    RECORD    YEAR
 MAXIMUM TEMPERATURE (F)   91       103      1980
 MINIMUM TEMPERATURE (F)   75        69      1963


SUNRISE AND SUNSET
JULY 13 2014..........SUNRISE   631 AM EDT   SUNSET   831 PM EDT
JULY 14 2014..........SUNRISE   632 AM EDT   SUNSET   831 PM EDT


-  INDICATES NEGATIVE NUMBERS.
R  INDICATES RECORD WAS SET OR TIED.
MM INDICATES DATA IS MISSING.
T  INDICATES TRACE AMOUNT.




$$
