000
CDUS42 KJAX 250530
CLISSI


CLIMATE REPORT
NATIONAL WEATHER SERVICE JACKSONVILLE FL
130 AM EDT SAT MAR 25 2017


...................................

...THE ST SIMONS ISLAND CLIMATE SUMMARY FOR MARCH 24 2017...

CLIMATE NORMAL PERIOD 1981 TO 2010
CLIMATE RECORD PERIOD 1948 TO 2017


WEATHER ITEM   OBSERVED TIME   RECORD YEAR NORMAL DEPARTURE LAST
                VALUE   (LST)  VALUE       VALUE  FROM      YEAR
                                                  NORMAL
..................................................................
TEMPERATURE (F)
 YESTERDAY
  MAXIMUM         73    130 PM  88    2011  71      2       75
  MINIMUM         53    620 AM  34    1968  53      0       54
  AVERAGE         63                        62      1       65

PRECIPITATION (IN)
  YESTERDAY        0.00          3.53 1983   0.11  -0.11     0.11
  MONTH TO DATE    0.66                      3.03  -2.37     0.78
  SINCE MAR 1      0.66                      3.03  -2.37     0.78
  SINCE JAN 1      6.52                      9.72  -3.20     7.92

SNOWFALL (IN)
  YESTERDAY        0.0           0.0    MM                   0.0
  MONTH TO DATE    0.0                                       0.0
  SINCE MAR 1      0.0                                       0.0
  SINCE JUL 1      0.0                                       0.0
  SNOW DEPTH       0

DEGREE DAYS
 HEATING
  YESTERDAY        2                         4     -2        0
  MONTH TO DATE  154                       151      3       81
  SINCE MAR 1    154                       151      3       81
  SINCE JUL 1    769                      1402   -633      987

 COOLING
  YESTERDAY        0                         1     -1        0
  MONTH TO DATE   34                        23     11       54
  SINCE MAR 1     34                        23     11       54
  SINCE JAN 1     86                        32     54       58
..................................................................


WIND (MPH)
  HIGHEST WIND SPEED    14   HIGHEST WIND DIRECTION     E (110)
  HIGHEST GUST SPEED    28   HIGHEST GUST DIRECTION    SE (130)
  AVERAGE WIND SPEED     7.6


SKY COVER
  POSSIBLE SUNSHINE  MM
  AVERAGE SKY COVER 0.3


WEATHER CONDITIONS
 THE FOLLOWING WEATHER WAS RECORDED YESTERDAY.
  NO SIGNIFICANT WEATHER WAS OBSERVED.


RELATIVE HUMIDITY (PERCENT)
 HIGHEST    93           500 AM
 LOWEST     57          1200 PM
 AVERAGE    75

..........................................................


THE ST SIMONS ISLAND CLIMATE NORMALS FOR TODAY
                         NORMAL    RECORD    YEAR
 MAXIMUM TEMPERATURE (F)   71        84      1984
 MINIMUM TEMPERATURE (F)   54        34      1968


SUNRISE AND SUNSET
MARCH 25 2017.........SUNRISE   723 AM EDT   SUNSET   741 PM EDT
MARCH 26 2017.........SUNRISE   722 AM EDT   SUNSET   741 PM EDT


-  INDICATES NEGATIVE NUMBERS.
R  INDICATES RECORD WAS SET OR TIED.
MM INDICATES DATA IS MISSING.
T  INDICATES TRACE AMOUNT.




$$
