000
CDUS42 KJAX 040534
CLISSI


CLIMATE REPORT
NATIONAL WEATHER SERVICE JACKSONVILLE FL
133 AM EDT SAT JUL 4 2015


...................................

...THE ST SIMONS ISLAND CLIMATE SUMMARY FOR JULY 3 2015...

CLIMATE NORMAL PERIOD 1981 TO 2010
CLIMATE RECORD PERIOD 1948 TO 2015


WEATHER ITEM   OBSERVED TIME   RECORD YEAR NORMAL DEPARTURE LAST
                VALUE   (LST)  VALUE       VALUE  FROM      YEAR
                                                  NORMAL
..................................................................
TEMPERATURE (F)
 YESTERDAY
  MAXIMUM         93    336 PM  97    2014  90      3       97
                                      1978
  MINIMUM         72   1239 AM  67    1975  75     -3       74
  AVERAGE         83                        82      1       86

PRECIPITATION (IN)
  YESTERDAY        0.00          5.77 1974   0.12  -0.12      T
  MONTH TO DATE    0.27                      0.38  -0.11      T
  SINCE JUN 1      4.29                      5.22  -0.93     4.76
  SINCE JAN 1     18.41                     20.14  -1.73    23.25

SNOWFALL (IN)
  YESTERDAY        0.0           0.0    MM                   0.0
  MONTH TO DATE    0.0                                       0.0
  SINCE JUN 1      0.0                                       0.0
  SINCE JUL 1      0.0                                       0.0
  SNOW DEPTH       0

DEGREE DAYS
 HEATING
  YESTERDAY        0                         0      0        0
  MONTH TO DATE    0                         0      0        0
  SINCE JUN 1      0                         0      0        0
  SINCE JUL 1      0                         0      0        0

 COOLING
  YESTERDAY       18                        17      1       21
  MONTH TO DATE   53                        51      2       55
  SINCE JUN 1    548                       510     38      522
  SINCE JAN 1   1096                       952    144      965
..................................................................


WIND (MPH)
  HIGHEST WIND SPEED    17   HIGHEST WIND DIRECTION     S (180)
  HIGHEST GUST SPEED    27   HIGHEST GUST DIRECTION     S (180)
  AVERAGE WIND SPEED     9.6


SKY COVER
  POSSIBLE SUNSHINE  MM
  AVERAGE SKY COVER 0.0


WEATHER CONDITIONS
 THE FOLLOWING WEATHER WAS RECORDED YESTERDAY.
  NO SIGNIFICANT WEATHER WAS OBSERVED.


RELATIVE HUMIDITY (PERCENT)
 HIGHEST    93           200 AM
 LOWEST     46           300 PM
 AVERAGE    70

..........................................................


THE ST SIMONS ISLAND CLIMATE NORMALS FOR TODAY
                         NORMAL    RECORD    YEAR
 MAXIMUM TEMPERATURE (F)   90        99      1979
 MINIMUM TEMPERATURE (F)   75        69      1952


SUNRISE AND SUNSET
JULY  4 2015..........SUNRISE   626 AM EDT   SUNSET   833 PM EDT
JULY  5 2015..........SUNRISE   627 AM EDT   SUNSET   833 PM EDT


-  INDICATES NEGATIVE NUMBERS.
R  INDICATES RECORD WAS SET OR TIED.
MM INDICATES DATA IS MISSING.
T  INDICATES TRACE AMOUNT.




$$
