424
CDUS42 KJAX 060545
CLISSI


CLIMATE REPORT
NATIONAL WEATHER SERVICE JACKSONVILLE FL
144 AM EDT FRI MAY 6 2016


...................................

...THE ST SIMONS ISLAND CLIMATE SUMMARY FOR MAY 5 2016...

CLIMATE NORMAL PERIOD 1981 TO 2010
CLIMATE RECORD PERIOD 1948 TO 2016


WEATHER ITEM   OBSERVED TIME   RECORD YEAR NORMAL DEPARTURE LAST
                VALUE   (LST)  VALUE       VALUE  FROM      YEAR
                                                  NORMAL
..................................................................
TEMPERATURE (F)
 YESTERDAY
  MAXIMUM         73        MM  93    1952  80     -7       79
  MINIMUM         57        MM  50    1957  64     -7       66
  AVERAGE         65                        72     -7       73

PRECIPITATION (IN)
  YESTERDAY        0.00          2.24 2013   0.06  -0.06     0.00
  MONTH TO DATE    0.09                      0.26  -0.17     0.00
  SINCE MAR 1      4.30                      6.63  -2.33     5.80
  SINCE JAN 1     11.44                     13.32  -1.88    11.52

SNOWFALL (IN)
  YESTERDAY        0.0           0.0    MM                   0.0
  MONTH TO DATE    0.0                                       0.0
  SINCE MAR 1      0.0                                       0.0
  SINCE JUL 1      0.0                                       0.0
  SNOW DEPTH       0

DEGREE DAYS
 HEATING
  YESTERDAY        0                         0      0        0
  MONTH TO DATE    0                         2     -2        1
  SINCE MAR 1    111                       235   -124      115
  SINCE JUL 1   1017                      1486   -469     1495

 COOLING
  YESTERDAY        0                         7     -7        8
  MONTH TO DATE   48                        33     15       16
  SINCE MAR 1    251                       167     84      221
  SINCE JAN 1    255                       176     79      227
..................................................................


WIND (MPH)
  HIGHEST WIND SPEED    21   HIGHEST WIND DIRECTION     W (280)
  HIGHEST GUST SPEED    33   HIGHEST GUST DIRECTION     W (270)
  AVERAGE WIND SPEED    11.3


SKY COVER
  POSSIBLE SUNSHINE  MM
  AVERAGE SKY COVER 0.0


WEATHER CONDITIONS
 THE FOLLOWING WEATHER WAS RECORDED YESTERDAY.
  NO SIGNIFICANT WEATHER WAS OBSERVED.


RELATIVE HUMIDITY (PERCENT)
 HIGHEST    75           600 AM
 LOWEST     27           500 PM
 AVERAGE    51

..........................................................


THE ST SIMONS ISLAND CLIMATE NORMALS FOR TODAY
                         NORMAL    RECORD    YEAR
 MAXIMUM TEMPERATURE (F)   80        95      1952
 MINIMUM TEMPERATURE (F)   64        50      1973


SUNRISE AND SUNSET
MAY  6 2016...........SUNRISE   636 AM EDT   SUNSET   808 PM EDT
MAY  7 2016...........SUNRISE   635 AM EDT   SUNSET   809 PM EDT


-  INDICATES NEGATIVE NUMBERS.
R  INDICATES RECORD WAS SET OR TIED.
MM INDICATES DATA IS MISSING.
T  INDICATES TRACE AMOUNT.




$$
