000
CDUS42 KJAX 280527
CLISSI


CLIMATE REPORT
NATIONAL WEATHER SERVICE JACKSONVILLE FL
126 AM EDT FRI APR 28 2017


...................................

...THE ST SIMONS ISLAND CLIMATE SUMMARY FOR APRIL 27 2017...

CLIMATE NORMAL PERIOD 1981 TO 2010
CLIMATE RECORD PERIOD 1948 TO 2017


WEATHER ITEM   OBSERVED TIME   RECORD YEAR NORMAL DEPARTURE LAST
                VALUE   (LST)  VALUE       VALUE  FROM      YEAR
                                                  NORMAL
..................................................................
TEMPERATURE (F)
 YESTERDAY
  MAXIMUM         84    208 PM  94    1986  78      6       79
  MINIMUM         67    437 AM  48    2001  61      6       68
  AVERAGE         76                        69      7       74

PRECIPITATION (IN)
  YESTERDAY        0.00          1.12 1964   0.07  -0.07      T
  MONTH TO DATE    1.59                      2.30  -0.71     2.48
  SINCE MAR 1      2.25                      6.18  -3.93     4.04
  SINCE JAN 1      8.11                     12.87  -4.76    11.18

SNOWFALL (IN)
  YESTERDAY        0.0           0.0    MM                   0.0
  MONTH TO DATE    0.0                                       0.0
  SINCE MAR 1      0.0                                       0.0
  SINCE JUL 1      0.0                                       0.0
  SNOW DEPTH       0

DEGREE DAYS
 HEATING
  YESTERDAY        0                         1     -1        0
  MONTH TO DATE   12                        54    -42       30
  SINCE MAR 1    166                       231    -65      111
  SINCE JUL 1    781                      1482   -701     1017

 COOLING
  YESTERDAY       11                         5      6        9
  MONTH TO DATE  161                        87     74       81
  SINCE MAR 1    246                       118    128      169
  SINCE JAN 1    298                       127    171      173
..................................................................


WIND (MPH)
  HIGHEST WIND SPEED    17   HIGHEST WIND DIRECTION     S (160)
  HIGHEST GUST SPEED    24   HIGHEST GUST DIRECTION    SE (150)
  AVERAGE WIND SPEED     8.5


SKY COVER
  POSSIBLE SUNSHINE  MM
  AVERAGE SKY COVER 0.2


WEATHER CONDITIONS
 THE FOLLOWING WEATHER WAS RECORDED YESTERDAY.
  NO SIGNIFICANT WEATHER WAS OBSERVED.


RELATIVE HUMIDITY (PERCENT)
 HIGHEST    87           700 PM
 LOWEST     55           100 PM
 AVERAGE    71

..........................................................


THE ST SIMONS ISLAND CLIMATE NORMALS FOR TODAY
                         NORMAL    RECORD    YEAR
 MAXIMUM TEMPERATURE (F)   78        92      1985
 MINIMUM TEMPERATURE (F)   61        48      1993


SUNRISE AND SUNSET
APRIL 28 2017.........SUNRISE   644 AM EDT   SUNSET   803 PM EDT
APRIL 29 2017.........SUNRISE   643 AM EDT   SUNSET   804 PM EDT


-  INDICATES NEGATIVE NUMBERS.
R  INDICATES RECORD WAS SET OR TIED.
MM INDICATES DATA IS MISSING.
T  INDICATES TRACE AMOUNT.




$$
