000
CDUS42 KJAX 272127
CLISSI


CLIMATE REPORT
NATIONAL WEATHER SERVICE JACKSONVILLE FL
526 PM EDT TUE SEP 27 2016


...................................

...THE ST SIMONS ISLAND CLIMATE SUMMARY FOR SEPTEMBER 27 2016...
VALID TODAY AS OF 0500 PM LOCAL TIME.

CLIMATE NORMAL PERIOD 1981 TO 2010
CLIMATE RECORD PERIOD 1948 TO 2016


WEATHER ITEM   OBSERVED TIME   RECORD YEAR NORMAL DEPARTURE LAST
                VALUE   (LST)  VALUE       VALUE  FROM      YEAR
                                                  NORMAL
..................................................................
TEMPERATURE (F)
 TODAY
  MAXIMUM         86   1155 AM  94    1958  83      3       80
  MINIMUM         72    719 AM  56    1983  69      3       73
  AVERAGE         79                        76      3       77

PRECIPITATION (IN)
  TODAY            0.00          2.88 1965   0.18  -0.18      T
  MONTH TO DATE    8.21                      5.22   2.99     8.81
  SINCE SEP 1      8.21                      5.22   2.99     8.81
  SINCE JAN 1     32.02                     35.33  -3.31    42.93

SNOWFALL (IN)
  TODAY            0.0           0.0    MM                   0.0
  MONTH TO DATE    0.0                                       0.0
  SINCE SEP 1      0.0                                       0.0
  SINCE JUL 1      0.0                                       0.0

DEGREE DAYS
 HEATING
  TODAY            0                         0      0        0
  MONTH TO DATE    0                         0      0        0
  SINCE SEP 1      0                         0      0        0
  SINCE JUL 1      0                         0      0        0

 COOLING
  TODAY           14                        11      3       12
  MONTH TO DATE  394                       365     29      341
  SINCE SEP 1    394                       365     29      341
  SINCE JAN 1   2665                      2341    324     2468
..................................................................


WIND (MPH)
  HIGHEST WIND SPEED    13   HIGHEST WIND DIRECTION     E (100)
  HIGHEST GUST SPEED    17   HIGHEST GUST DIRECTION    NW (300)
  AVERAGE WIND SPEED     7.1


SKY COVER
  POSSIBLE SUNSHINE  MM
  AVERAGE SKY COVER 0.3


WEATHER CONDITIONS
 THE FOLLOWING WEATHER WAS RECORDED TODAY.
  NO SIGNIFICANT WEATHER WAS OBSERVED.


RELATIVE HUMIDITY (PERCENT)
 HIGHEST   100           500 AM
 LOWEST     61          1200 PM
 AVERAGE    81

..........................................................


THE ST SIMONS ISLAND CLIMATE NORMALS FOR TOMORROW
                         NORMAL    RECORD    YEAR
 MAXIMUM TEMPERATURE (F)   82        91      1986
 MINIMUM TEMPERATURE (F)   69        54      1962


SUNRISE AND SUNSET
SEPTEMBER 27 2016.....SUNRISE   717 AM EDT   SUNSET   715 PM EDT
SEPTEMBER 28 2016.....SUNRISE   718 AM EDT   SUNSET   714 PM EDT


-  INDICATES NEGATIVE NUMBERS.
R  INDICATES RECORD WAS SET OR TIED.
MM INDICATES DATA IS MISSING.
T  INDICATES TRACE AMOUNT.




$$
