000
CDUS42 KJAX 260531
CLISSI


CLIMATE REPORT
NATIONAL WEATHER SERVICE JACKSONVILLE FL
130 AM EDT TUE JUL 26 2016


...................................

...THE ST SIMONS ISLAND CLIMATE SUMMARY FOR JULY 25 2016...

CLIMATE NORMAL PERIOD 1981 TO 2010
CLIMATE RECORD PERIOD 1948 TO 2016


WEATHER ITEM   OBSERVED TIME   RECORD YEAR NORMAL DEPARTURE LAST
                VALUE   (LST)  VALUE       VALUE  FROM      YEAR
                                                  NORMAL
..................................................................
TEMPERATURE (F)
 YESTERDAY
  MAXIMUM         91    253 PM  99    1983  91      0       86
  MINIMUM         79    628 AM  69    1957  76      3       73
  AVERAGE         85                        83      2       80

PRECIPITATION (IN)
  YESTERDAY        0.00          2.03 1957   0.14  -0.14     0.03
  MONTH TO DATE    0.45                      3.25  -2.80     5.15
  SINCE JUN 1      6.14                      8.09  -1.95     9.17
  SINCE JAN 1     19.17                     23.01  -3.84    23.29

SNOWFALL (IN)
  YESTERDAY        0.0           0.0    MM                   0.0
  MONTH TO DATE    0.0                                       0.0
  SINCE JUN 1      0.0                                       0.0
  SINCE JUL 1      0.0                                       0.0
  SNOW DEPTH       0

DEGREE DAYS
 HEATING
  YESTERDAY        0                         0      0        0
  MONTH TO DATE    0                         0      0        0
  SINCE JUN 1      0                         0      0        0
  SINCE JUL 1      0                         0      0        0

 COOLING
  YESTERDAY       20                        18      2       15
  MONTH TO DATE  512                       445     67      455
  SINCE JUN 1   1026                       904    122      950
  SINCE JAN 1   1550                      1346    204     1498
..................................................................


WIND (MPH)
  HIGHEST WIND SPEED    16   HIGHEST WIND DIRECTION    SE (130)
  HIGHEST GUST SPEED    23   HIGHEST GUST DIRECTION    SE (130)
  AVERAGE WIND SPEED     8.4


SKY COVER
  POSSIBLE SUNSHINE  MM
  AVERAGE SKY COVER 0.0


WEATHER CONDITIONS
 THE FOLLOWING WEATHER WAS RECORDED YESTERDAY.
  NO SIGNIFICANT WEATHER WAS OBSERVED.


RELATIVE HUMIDITY (PERCENT)
 HIGHEST    85           500 AM
 LOWEST     52           300 PM
 AVERAGE    69

..........................................................


THE ST SIMONS ISLAND CLIMATE NORMALS FOR TODAY
                         NORMAL    RECORD    YEAR
 MAXIMUM TEMPERATURE (F)   91        97      1993
 MINIMUM TEMPERATURE (F)   76        71      1956


SUNRISE AND SUNSET
JULY 26 2016..........SUNRISE   639 AM EDT   SUNSET   825 PM EDT
JULY 27 2016..........SUNRISE   640 AM EDT   SUNSET   824 PM EDT


-  INDICATES NEGATIVE NUMBERS.
R  INDICATES RECORD WAS SET OR TIED.
MM INDICATES DATA IS MISSING.
T  INDICATES TRACE AMOUNT.




$$
