000
CDUS43 KMPX 280631
CLISTC


CLIMATE REPORT
NATIONAL WEATHER SERVICE CHANHASSEN MN
1230 AM CST TUE FEB 28 2017


...................................

...THE ST CLOUD MN CLIMATE SUMMARY FOR FEBRUARY 27 2017...

CLIMATE NORMAL PERIOD 1981 TO 2010
CLIMATE RECORD PERIOD 1893 TO 2017


WEATHER ITEM   OBSERVED TIME   RECORD YEAR NORMAL DEPARTURE LAST
                VALUE   (LST)  VALUE       VALUE  FROM      YEAR
                                                  NORMAL
..................................................................
TEMPERATURE (F)
 YESTERDAY
  MAXIMUM         42    336 PM  59    2016  31     11       59
  MINIMUM         21    730 AM -20    2014  12      9       30
                                      1962
                                      1919
  AVERAGE         32                        22     10       45

PRECIPITATION (IN)
  YESTERDAY        T             0.99 1948   0.03  -0.03     0.00
  MONTH TO DATE    0.64                      0.56   0.08     0.63
  SINCE DEC 1      2.73                      2.03   0.70     1.96
  SINCE JAN 1      1.18                      1.21  -0.03     0.94

SNOWFALL (IN)
  YESTERDAY        T             3.6  1959   0.3   -0.3      0.0
  MONTH TO DATE    0.3                       6.7   -6.4      7.2
  SINCE DEC 1     19.1                      24.7   -5.6     20.0
  SINCE JUL 1     26.4                      33.9   -7.5     25.7
  SNOW DEPTH       0

DEGREE DAYS
 HEATING
  YESTERDAY       33                        43    -10       20
  MONTH TO DATE 1009                      1300   -291     1158
  SINCE DEC 1   3951                      4477   -526     3921
  SINCE JUL 1   5325                      6402  -1077     5380

 COOLING
  YESTERDAY        0                         0      0        0
  MONTH TO DATE    0                         0      0        0
  SINCE DEC 1      0                         0      0        0
  SINCE JAN 1      0                         0      0        0
..................................................................


WIND (MPH)
  HIGHEST WIND SPEED    17   HIGHEST WIND DIRECTION     S (160)
  HIGHEST GUST SPEED    21   HIGHEST GUST DIRECTION     S (160)
  AVERAGE WIND SPEED     8.0


SKY COVER
  POSSIBLE SUNSHINE  MM
  AVERAGE SKY COVER 0.6


WEATHER CONDITIONS
 THE FOLLOWING WEATHER WAS RECORDED YESTERDAY.
  NO SIGNIFICANT WEATHER WAS OBSERVED.


RELATIVE HUMIDITY (PERCENT)
 HIGHEST    92           600 AM
 LOWEST     50           100 PM
 AVERAGE    71

..........................................................


THE ST CLOUD MN CLIMATE NORMALS FOR TODAY
                         NORMAL    RECORD    YEAR
 MAXIMUM TEMPERATURE (F)   32        56      1932
 MINIMUM TEMPERATURE (F)   13       -29      1962


SUNRISE AND SUNSET
FEBRUARY 28 2017......SUNRISE   656 AM CST   SUNSET   602 PM CST
MARCH  1 2017.........SUNRISE   654 AM CST   SUNSET   604 PM CST


-  INDICATES NEGATIVE NUMBERS.
R  INDICATES RECORD WAS SET OR TIED.
MM INDICATES DATA IS MISSING.
T  INDICATES TRACE AMOUNT.




$$
