122
CDUS43 KMPX 010629
CLISTC


CLIMATE REPORT
NATIONAL WEATHER SERVICE CHANHASSEN MN
126 AM CDT SUN MAY 1 2016


...................................

...THE ST CLOUD MN CLIMATE SUMMARY FOR APRIL 30 2016...

CLIMATE NORMAL PERIOD 1981 TO 2010
CLIMATE RECORD PERIOD 1893 TO 2016


WEATHER ITEM   OBSERVED TIME   RECORD YEAR NORMAL DEPARTURE LAST
                VALUE   (LST)  VALUE       VALUE  FROM      YEAR
                                                  NORMAL
..................................................................
TEMPERATURE (F)
 YESTERDAY
  MAXIMUM         58    308 PM  91    1934  64     -6       68
  MINIMUM         38    617 AM  21    1966  39     -1       44
                                      1903
  AVERAGE         48                        51     -3       56

PRECIPITATION (IN)
  YESTERDAY        0.00          1.43 1954   0.10  -0.10     0.00
  MONTH TO DATE    1.74                      2.57  -0.83     1.67
  SINCE MAR 1      3.24                      4.12  -0.88     2.05
  SINCE JAN 1      4.18                      5.36  -1.18     2.64

SNOWFALL (IN)
  YESTERDAY        0.0           2.0  1909   0.0    0.0      0.0
  MONTH TO DATE    1.6                       3.0   -1.4      1.0
  SINCE MAR 1      4.6                      11.5   -6.9      4.3
  SINCE JUL 1     30.3                      45.7  -15.4     31.1
  SNOW DEPTH       0

DEGREE DAYS
 HEATING
  YESTERDAY       17                        14      3        9
  MONTH TO DATE  605                       618    -13      551
  SINCE MAR 1   1422                      1721   -299     1552
  SINCE JUL 1   6873                      8167  -1294     7810

 COOLING
  YESTERDAY        0                         0      0        0
  MONTH TO DATE    5                         2      3        0
  SINCE MAR 1      5                         2      3        0
  SINCE JAN 1      5                         2      3        0
..................................................................


WIND (MPH)
  HIGHEST WIND SPEED    22   HIGHEST WIND DIRECTION    NE (40)
  HIGHEST GUST SPEED    32   HIGHEST GUST DIRECTION    NE (40)
  AVERAGE WIND SPEED    12.9


SKY COVER
  POSSIBLE SUNSHINE  MM
  AVERAGE SKY COVER 0.0


WEATHER CONDITIONS
 THE FOLLOWING WEATHER WAS RECORDED YESTERDAY.
  NO SIGNIFICANT WEATHER WAS OBSERVED.


RELATIVE HUMIDITY (PERCENT)
 HIGHEST    76           600 AM
 LOWEST     40           200 PM
 AVERAGE    58

..........................................................


THE ST CLOUD MN CLIMATE NORMALS FOR TODAY
                         NORMAL    RECORD    YEAR
 MAXIMUM TEMPERATURE (F)   64        94      1959
 MINIMUM TEMPERATURE (F)   39        22      1966


SUNRISE AND SUNSET
MAY  1 2016...........SUNRISE   603 AM CDT   SUNSET   824 PM CDT
MAY  2 2016...........SUNRISE   602 AM CDT   SUNSET   825 PM CDT


-  INDICATES NEGATIVE NUMBERS.
R  INDICATES RECORD WAS SET OR TIED.
MM INDICATES DATA IS MISSING.
T  INDICATES TRACE AMOUNT.




$$
