000
CDUS43 KMPX 282255
CLISTC


CLIMATE REPORT
NATIONAL WEATHER SERVICE CHANHASSEN MN
455 PM CST FRI NOV 28 2014


...................................

...THE ST CLOUD MN CLIMATE SUMMARY FOR NOVEMBER 28 2014...
VALID AS OF 0400 PM LOCAL TIME.

CLIMATE NORMAL PERIOD 1981 TO 2010
CLIMATE RECORD PERIOD 1893 TO 2014


WEATHER ITEM   OBSERVED TIME   RECORD YEAR NORMAL DEPARTURE LAST
                VALUE   (LST)  VALUE       VALUE  FROM      YEAR
                                                  NORMAL
..................................................................
TEMPERATURE (F)
 TODAY
  MAXIMUM         21    357 PM  54    1899  31    -10       25
  MINIMUM          7    148 AM -14    1897  15     -8        3
  AVERAGE         14                        23     -9       14

PRECIPITATION (IN)
  TODAY            0.12          1.24 1960   0.04   0.08      T
  MONTH TO DATE    1.89                      1.31   0.58     0.53
  SINCE SEP 1      6.60                      7.26  -0.66     6.74
  SINCE JAN 1     35.97                     26.84   9.13    27.07

SNOWFALL (IN)
  TODAY           MM             9.1  1983   0.4   MM         T
  MONTH TO DATE   16.7                       7.7    9.0      2.8
  SINCE SEP 1     16.7                       8.5    8.2      3.6
  SINCE JUL 1     16.7                       8.5    8.2      3.6
  SNOW DEPTH       4

DEGREE DAYS
 HEATING
  TODAY           51                        42      9       51
  MONTH TO DATE 1166                       954    212      994
  SINCE SEP 1   1833                      1781     52     1737
  SINCE JUL 1   1842                      1839      3     1786

 COOLING
  TODAY            0                         0      0        0
  MONTH TO DATE    0                         0      0        0
  SINCE SEP 1     43                        36      7       74
  SINCE JAN 1    597                       465    132      578
..................................................................


WIND (MPH)
  HIGHEST WIND SPEED    14   HIGHEST WIND DIRECTION    SE (150)
  HIGHEST GUST SPEED    16   HIGHEST GUST DIRECTION    SE (130)
  AVERAGE WIND SPEED     6.8


SKY COVER
  POSSIBLE SUNSHINE  MM
  AVERAGE SKY COVER 1.0


WEATHER CONDITIONS
 THE FOLLOWING WEATHER WAS RECORDED TODAY.
  SNOW
  LIGHT SNOW
  HAZE


RELATIVE HUMIDITY (PERCENT)
 HIGHEST    80          1200 AM
 LOWEST     67          1200 PM
 AVERAGE    74

..........................................................


THE ST CLOUD MN CLIMATE NORMALS FOR TOMORROW
                         NORMAL    RECORD    YEAR
 MAXIMUM TEMPERATURE (F)   31        59      1998
 MINIMUM TEMPERATURE (F)   14       -16      1985


SUNRISE AND SUNSET
NOVEMBER 28 2014......SUNRISE   733 AM CST   SUNSET   436 PM CST
NOVEMBER 29 2014......SUNRISE   734 AM CST   SUNSET   435 PM CST


-  INDICATES NEGATIVE NUMBERS.
R  INDICATES RECORD WAS SET OR TIED.
MM INDICATES DATA IS MISSING.
T  INDICATES TRACE AMOUNT.




$$
