000
CDUS43 KMPX 220628
CLISTC


CLIMATE REPORT
NATIONAL WEATHER SERVICE CHANHASSEN MN
127 AM CDT FRI AUG 22 2014


...................................

...THE ST CLOUD MN CLIMATE SUMMARY FOR AUGUST 21 2014...

CLIMATE NORMAL PERIOD 1981 TO 2010
CLIMATE RECORD PERIOD 1893 TO 2014


WEATHER ITEM   OBSERVED TIME   RECORD YEAR NORMAL DEPARTURE LAST
                VALUE   (LST)  VALUE       VALUE  FROM      YEAR
                                                  NORMAL
..................................................................
TEMPERATURE (F)
 YESTERDAY
  MAXIMUM         79    527 PM  98    1921  79      0       91
                                      1901
  MINIMUM         67    533 AM  33    2004  56     11       66
  AVERAGE         73                        67      6       79

PRECIPITATION (IN)
  YESTERDAY        1.47          2.81 1999   0.13   1.34     0.00
  MONTH TO DATE    2.73                      2.47   0.26     0.58
  SINCE JUN 1     10.16                      9.95   0.21     7.77
  SINCE JAN 1     26.51                     18.26   8.25    20.06

SNOWFALL (IN)
  YESTERDAY        0.0           0.0    MM   0.0    0.0      0.0
  MONTH TO DATE    0.0                       0.0    0.0      0.0
  SINCE JUN 1      0.0                       0.0    0.0      0.0
  SINCE JUL 1      0.0                       0.0    0.0      0.0
  SNOW DEPTH       0

DEGREE DAYS
 HEATING
  YESTERDAY        0                         1     -1        0
  MONTH TO DATE    0                        21    -21       23
  SINCE JUN 1     33                       116    -83      136
  SINCE JUL 1      7                        38    -31       49

 COOLING
  YESTERDAY        8                         4      4       14
  MONTH TO DATE  150                        97     53       55
  SINCE JUN 1    458                       374     84      371
  SINCE JAN 1    502                       399    103      382
..................................................................


WIND (MPH)
  HIGHEST WIND SPEED    15   HIGHEST WIND DIRECTION    SE (120)
  HIGHEST GUST SPEED    21   HIGHEST GUST DIRECTION    SE (120)
  AVERAGE WIND SPEED     5.7


SKY COVER
  POSSIBLE SUNSHINE  MM
  AVERAGE SKY COVER 0.8


WEATHER CONDITIONS
 THE FOLLOWING WEATHER WAS RECORDED YESTERDAY.
  THUNDERSTORM
  HEAVY RAIN
  RAIN
  LIGHT RAIN
  FOG


RELATIVE HUMIDITY (PERCENT)
 HIGHEST    93           500 AM
 LOWEST     76           300 PM
 AVERAGE    85

..........................................................


THE ST CLOUD MN CLIMATE NORMALS FOR TODAY
                         NORMAL    RECORD    YEAR
 MAXIMUM TEMPERATURE (F)   79        97      1971
 MINIMUM TEMPERATURE (F)   55        42      1950
                                             1945
                                             1908


SUNRISE AND SUNSET
AUGUST 22 2014........SUNRISE   625 AM CDT   SUNSET   812 PM CDT
AUGUST 23 2014........SUNRISE   627 AM CDT   SUNSET   810 PM CDT


-  INDICATES NEGATIVE NUMBERS.
R  INDICATES RECORD WAS SET OR TIED.
MM INDICATES DATA IS MISSING.
T  INDICATES TRACE AMOUNT.




$$
