143
CDUS43 KMPX 012145
CLISTC


CLIMATE REPORT
NATIONAL WEATHER SERVICE CHANHASSEN MN
445 PM CDT SAT OCT 1 2016


...................................

...THE ST CLOUD MN CLIMATE SUMMARY FOR OCTOBER 1 2016...
VALID AS OF 0400 PM LOCAL TIME.

CLIMATE NORMAL PERIOD 1981 TO 2010
CLIMATE RECORD PERIOD 1893 TO 2016


WEATHER ITEM   OBSERVED TIME   RECORD YEAR NORMAL DEPARTURE LAST
                VALUE   (LST)  VALUE       VALUE  FROM      YEAR
                                                  NORMAL
..................................................................
TEMPERATURE (F)
 TODAY
  MAXIMUM         71    259 PM  86    1992  64      7       63
                                      1963
  MINIMUM         51    714 AM  18    1974  40     11       39
  AVERAGE         61                        52      9       51

PRECIPITATION (IN)
  TODAY            0.00          3.21 1950   0.10  -0.10     0.00
  MONTH TO DATE    0.00                      0.10  -0.10     0.00
  SINCE SEP 1      3.08                      3.56  -0.48     2.24
  SINCE JAN 1     27.90                     23.14   4.76    25.85

SNOWFALL (IN)
  TODAY            0.0           T    1974   0.0    0.0      0.0
  MONTH TO DATE    0.0                       0.0    0.0      0.0
  SINCE SEP 1      0.0                       T      0.0      0.0
  SINCE JUL 1      0.0                       T      0.0      0.0
  SNOW DEPTH       0

DEGREE DAYS
 HEATING
  TODAY            4                        13     -9       14
  MONTH TO DATE    4                        13     -9       14
  SINCE SEP 1    122                       241   -119      120
  SINCE JUL 1    144                       299   -155      172

 COOLING
  TODAY            0                         0      0        0
  MONTH TO DATE    0                         0      0        0
  SINCE SEP 1     28                        34     -6      106
  SINCE JAN 1    506                       463     43      492
..................................................................


WIND (MPH)
  HIGHEST WIND SPEED    10   HIGHEST WIND DIRECTION    NE (60)
  HIGHEST GUST SPEED    13   HIGHEST GUST DIRECTION     E (90)
  AVERAGE WIND SPEED     4.9


SKY COVER
  POSSIBLE SUNSHINE  MM
  AVERAGE SKY COVER 0.6


WEATHER CONDITIONS
 THE FOLLOWING WEATHER WAS RECORDED TODAY.
  NO SIGNIFICANT WEATHER WAS OBSERVED.


RELATIVE HUMIDITY (PERCENT)
 HIGHEST   100          1200 AM
 LOWEST     59           100 PM
 AVERAGE    80

..........................................................


THE ST CLOUD MN CLIMATE NORMALS FOR TOMORROW
                         NORMAL    RECORD    YEAR
 MAXIMUM TEMPERATURE (F)   63        90      1992
                                             1953
 MINIMUM TEMPERATURE (F)   40        11      1974


SUNRISE AND SUNSET
OCTOBER  1 2016.......SUNRISE   715 AM CDT   SUNSET   655 PM CDT
OCTOBER  2 2016.......SUNRISE   716 AM CDT   SUNSET   654 PM CDT


-  INDICATES NEGATIVE NUMBERS.
R  INDICATES RECORD WAS SET OR TIED.
MM INDICATES DATA IS MISSING.
T  INDICATES TRACE AMOUNT.




$$
