000
CDUS43 KEAX 240632
CLISTJ


CLIMATE REPORT
NATIONAL WEATHER SERVICE KANSAS CITY/PLEASANT HILL MO
131 AM CDT SAT JUN 24 2017


...................................

...THE ST. JOSEPH MO CLIMATE SUMMARY FOR JUNE 23 2017...

CLIMATE NORMAL PERIOD 1981 TO 2010
CLIMATE RECORD PERIOD 1892 TO 2017


WEATHER ITEM   OBSERVED TIME   RECORD YEAR NORMAL DEPARTURE LAST
                VALUE   (LST)  VALUE       VALUE  FROM      YEAR
                                                  NORMAL
..................................................................
TEMPERATURE (F)
 YESTERDAY
  MAXIMUM         80   1245 PM 102    1937  85     -5       90
  MINIMUM         58   1059 PM  50    1972  65     -7       69
  AVERAGE         69                        75     -6       80

PRECIPITATION (IN)
  YESTERDAY        0.17          2.07 1976   0.12   0.05     0.00
  MONTH TO DATE    1.29                      3.45  -2.16     0.37
  SINCE JUN 1      1.29                      3.45  -2.16     0.37
  SINCE JAN 1     13.37                     16.40  -3.03    14.50

DEGREE DAYS
 HEATING
  YESTERDAY        0                         0      0        0
  MONTH TO DATE    0                         6     -6        0
  SINCE JUN 1      0                         6     -6        0
  SINCE JUL 1   4260                      5456  -1196     4519

 COOLING
  YESTERDAY        4                        10     -6       15
  MONTH TO DATE  280                       191     89      328
  SINCE JUN 1    280                       191     89      328
  SINCE JAN 1    399                       304     95      411
..................................................................


WIND (MPH)
  HIGHEST WIND SPEED    28   HIGHEST WIND DIRECTION     N (340)
  HIGHEST GUST SPEED    35   HIGHEST GUST DIRECTION    NW (330)
  AVERAGE WIND SPEED    11.7


SKY COVER
  POSSIBLE SUNSHINE  MM
  AVERAGE SKY COVER 0.2


WEATHER CONDITIONS
 THE FOLLOWING WEATHER WAS RECORDED YESTERDAY.
  THUNDERSTORM
  HEAVY RAIN
  LIGHT RAIN
  FOG


RELATIVE HUMIDITY (PERCENT)
 HIGHEST    94          1200 AM
 LOWEST     39           300 PM
 AVERAGE    67

..........................................................


THE ST. JOSEPH MO CLIMATE NORMALS FOR TODAY
                         NORMAL    RECORD    YEAR
 MAXIMUM TEMPERATURE (F)   86       103      1937
 MINIMUM TEMPERATURE (F)   65        49      1974


SUNRISE AND SUNSET
JUNE 24 2017..........SUNRISE   553 AM CDT   SUNSET   852 PM CDT
JUNE 25 2017..........SUNRISE   553 AM CDT   SUNSET   852 PM CDT


-  INDICATES NEGATIVE NUMBERS.
R  INDICATES RECORD WAS SET OR TIED.
MM INDICATES DATA IS MISSING.
T  INDICATES TRACE AMOUNT.




$$
