000
CDUS43 KEAX 220034
CLISTJ


CLIMATE REPORT
NATIONAL WEATHER SERVICE KANSAS CITY/PLEASANT HILL MO
633 PM CST TUE FEB 21 2017


...................................

...THE ST. JOSEPH MO CLIMATE SUMMARY FOR FEBRUARY 21 2017...
VALID TODAY AS OF 0600 PM LOCAL TIME.

CLIMATE NORMAL PERIOD 1981 TO 2010
CLIMATE RECORD PERIOD 1892 TO 2017


WEATHER ITEM   OBSERVED TIME   RECORD YEAR NORMAL DEPARTURE LAST
                VALUE   (LST)  VALUE       VALUE  FROM      YEAR
                                                  NORMAL
..................................................................
TEMPERATURE (F)
 TODAY
  MAXIMUM         70    427 PM  74    1922  44     26       54
  MINIMUM         32    743 AM  -1    1918  23      9       28
  AVERAGE         51                        34     17       41

PRECIPITATION (IN)
  TODAY            0.00          0.72 1997   0.03  -0.03     0.00
  MONTH TO DATE    0.04                      0.66  -0.62     0.32
  SINCE DEC 1      2.11                      2.74  -0.63     3.16
  SINCE JAN 1      1.01                      1.22  -0.21     0.91

DEGREE DAYS
 HEATING
  TODAY           14                        31    -17       24
  MONTH TO DATE  517                       714   -197      609
  SINCE DEC 1   2474                      2986   -512     2598
  SINCE JUL 1   3149                      4097   -948     3434

 COOLING
  TODAY            0                         0      0        0
  MONTH TO DATE    0                         0      0        0
  SINCE DEC 1      0                         0      0        0
  SINCE JAN 1      0                         0      0        0
..................................................................


WIND (MPH)
  HIGHEST WIND SPEED    10   HIGHEST WIND DIRECTION     N (350)
  HIGHEST GUST SPEED    14   HIGHEST GUST DIRECTION    NE (30)
  AVERAGE WIND SPEED     5.2


SKY COVER
  AVERAGE SKY COVER 0.1


WEATHER CONDITIONS
 THE FOLLOWING WEATHER WAS RECORDED TODAY.
  FOG
  FOG W/VISIBILITY <= 1/4 MILE
  HAZE


RELATIVE HUMIDITY (PERCENT)
 HIGHEST   100           300 AM
 LOWEST     23           400 PM
 AVERAGE    62

..........................................................


THE ST. JOSEPH MO CLIMATE NORMALS FOR TOMORROW
                         NORMAL    RECORD    YEAR
 MAXIMUM TEMPERATURE (F)   44        70      1982
 MINIMUM TEMPERATURE (F)   23        -7      1978


SUNRISE AND SUNSET
FEBRUARY 21 2017......SUNRISE   704 AM CST   SUNSET   603 PM CST
FEBRUARY 22 2017......SUNRISE   702 AM CST   SUNSET   604 PM CST


-  INDICATES NEGATIVE NUMBERS.
R  INDICATES RECORD WAS SET OR TIED.
MM INDICATES DATA IS MISSING.
T  INDICATES TRACE AMOUNT.




$$
