814
CDUS43 KEAX 270632
CLISTJ


CLIMATE REPORT
NATIONAL WEATHER SERVICE KANSAS CITY/PLEASANT HILL MO
132 AM CDT TUE SEP 27 2016


...................................

...THE ST. JOSEPH MO CLIMATE SUMMARY FOR SEPTEMBER 26 2016...

CLIMATE NORMAL PERIOD 1981 TO 2010
CLIMATE RECORD PERIOD 1892 TO 2016


WEATHER ITEM   OBSERVED TIME   RECORD YEAR NORMAL DEPARTURE LAST
                VALUE   (LST)  VALUE       VALUE  FROM      YEAR
                                                  NORMAL
..................................................................
TEMPERATURE (F)
 YESTERDAY
  MAXIMUM         76    412 PM  95    1938  75      1       82
  MINIMUM         46    542 AM  32    1912  50     -4       55
  AVERAGE         61                        62     -1       69

PRECIPITATION (IN)
  YESTERDAY        0.00          2.17 1936   0.10  -0.10     0.00
  MONTH TO DATE    8.66                      3.08   5.58     2.02
  SINCE SEP 1      8.66                      3.08   5.58     2.02
  SINCE JAN 1     38.78                     29.38   9.40    30.62

DEGREE DAYS
 HEATING
  YESTERDAY        4                         5     -1        0
  MONTH TO DATE    9                        54    -45       21
  SINCE SEP 1      9                        54    -45       21
  SINCE JUL 1     11                        59    -48       25

 COOLING
  YESTERDAY        0                         2     -2        4
  MONTH TO DATE  221                       112    109      229
  SINCE SEP 1    221                       112    109      229
  SINCE JAN 1   1493                      1189    304     1256
..................................................................


WIND (MPH)
  HIGHEST WIND SPEED    20   HIGHEST WIND DIRECTION    NW (300)
  HIGHEST GUST SPEED    25   HIGHEST GUST DIRECTION    NW (300)
  AVERAGE WIND SPEED     6.0


SKY COVER
  POSSIBLE SUNSHINE  MM
  AVERAGE SKY COVER 0.0


WEATHER CONDITIONS
 THE FOLLOWING WEATHER WAS RECORDED YESTERDAY.
  NO SIGNIFICANT WEATHER WAS OBSERVED.


RELATIVE HUMIDITY (PERCENT)
 HIGHEST    93          1200 AM
 LOWEST     27          1200 PM
 AVERAGE    60

..........................................................


THE ST. JOSEPH MO CLIMATE NORMALS FOR TODAY
                         NORMAL    RECORD    YEAR
 MAXIMUM TEMPERATURE (F)   75        93      1956
 MINIMUM TEMPERATURE (F)   49        33      1942


SUNRISE AND SUNSET
SEPTEMBER 27 2016.....SUNRISE   713 AM CDT   SUNSET   708 PM CDT
SEPTEMBER 28 2016.....SUNRISE   713 AM CDT   SUNSET   706 PM CDT


-  INDICATES NEGATIVE NUMBERS.
R  INDICATES RECORD WAS SET OR TIED.
MM INDICATES DATA IS MISSING.
T  INDICATES TRACE AMOUNT.




$$
