000
CDUS43 KEAX 210632
CLISTJ


CLIMATE REPORT
NATIONAL WEATHER SERVICE KANSAS CITY/PLEASANT HILL MO
132 AM CDT THU AUG 21 2014


...................................

...THE ST. JOSEPH MO CLIMATE SUMMARY FOR AUGUST 20 2014...

CLIMATE NORMAL PERIOD 1981 TO 2010
CLIMATE RECORD PERIOD 1892 TO 2014


WEATHER ITEM   OBSERVED TIME   RECORD YEAR NORMAL DEPARTURE LAST
                VALUE   (LST)  VALUE       VALUE  FROM      YEAR
                                                  NORMAL
..................................................................
TEMPERATURE (F)
 YESTERDAY
  MAXIMUM         92    323 PM 103    2003  86      6       89
  MINIMUM         72    248 AM  43    1967  64      8       65
  AVERAGE         82                        75      7       77

PRECIPITATION (IN)
  YESTERDAY        0.00          2.43 2010   0.14  -0.14     0.00
  MONTH TO DATE    1.14                      2.44  -1.30     1.26
  SINCE JUN 1     13.46                     11.81   1.65     5.62
  SINCE JAN 1     21.23                     24.76  -3.53    19.67

DEGREE DAYS
 HEATING
  YESTERDAY        0                         0      0        0
  MONTH TO DATE    0                         0      0        0
  SINCE JUN 1      7                         9     -2       17
  SINCE JUL 1      6                         1      5        2

 COOLING
  YESTERDAY       17                        10      7       12
  MONTH TO DATE  183                       227    -44      153
  SINCE JUN 1    721                       868   -147      774
  SINCE JAN 1    882                       981    -99      900
..................................................................


WIND (MPH)
  HIGHEST WIND SPEED    16   HIGHEST WIND DIRECTION     S (160)
  HIGHEST GUST SPEED    21   HIGHEST GUST DIRECTION     S (160)
  AVERAGE WIND SPEED     8.3


SKY COVER
  POSSIBLE SUNSHINE  MM
  AVERAGE SKY COVER 0.2


WEATHER CONDITIONS
 THE FOLLOWING WEATHER WAS RECORDED YESTERDAY.
  NO SIGNIFICANT WEATHER WAS OBSERVED.


RELATIVE HUMIDITY (PERCENT)
 HIGHEST    93           100 AM
 LOWEST     56           300 PM
 AVERAGE    75

..........................................................


THE ST. JOSEPH MO CLIMATE NORMALS FOR TODAY
                         NORMAL    RECORD    YEAR
 MAXIMUM TEMPERATURE (F)   86       103      2003
 MINIMUM TEMPERATURE (F)   64        45      1923


SUNRISE AND SUNSET
AUGUST 21 2014........SUNRISE   637 AM CDT   SUNSET   807 PM CDT
AUGUST 22 2014........SUNRISE   638 AM CDT   SUNSET   806 PM CDT


-  INDICATES NEGATIVE NUMBERS.
R  INDICATES RECORD WAS SET OR TIED.
MM INDICATES DATA IS MISSING.
T  INDICATES TRACE AMOUNT.




$$
