831
CDUS43 KEAX 300642
CLISTJ


CLIMATE REPORT
NATIONAL WEATHER SERVICE KANSAS CITY/PLEASANT HILL MO
141 AM CDT SUN APR 30 2017


...................................

...THE ST. JOSEPH MO CLIMATE SUMMARY FOR APRIL 29 2017...

CLIMATE NORMAL PERIOD 1981 TO 2010
CLIMATE RECORD PERIOD 1892 TO 2017


WEATHER ITEM   OBSERVED TIME   RECORD YEAR NORMAL DEPARTURE LAST
                VALUE   (LST)  VALUE       VALUE  FROM      YEAR
                                                  NORMAL
..................................................................
TEMPERATURE (F)
 YESTERDAY
  MAXIMUM         47    434 PM  94    1987  70    -23       55
  MINIMUM         42   1159 PM  31    1958  47     -5       46
  AVERAGE         45                        58    -13       51

PRECIPITATION (IN)
  YESTERDAY        0.70          1.53 1974   0.19   0.51     0.52
  MONTH TO DATE    4.01                      3.61   0.40     6.04
  SINCE MAR 1      6.58                      5.86   0.72     6.91
  SINCE JAN 1      7.60                      7.35   0.25     7.82

DEGREE DAYS
 HEATING
  YESTERDAY       20                         7     13       14
  MONTH TO DATE  265                       337    -72      265
  SINCE MAR 1    832                      1022   -190      768
  SINCE JUL 1   4129                      5330  -1201     4386

 COOLING
  YESTERDAY        0                         1     -1        0
  MONTH TO DATE   14                        22     -8       17
  SINCE MAR 1     18                        24     -6       19
  SINCE JAN 1     18                        24     -6       19
..................................................................


WIND (MPH)
  HIGHEST WIND SPEED    41   HIGHEST WIND DIRECTION     E (70)
  HIGHEST GUST SPEED    54   HIGHEST GUST DIRECTION     E (70)
  AVERAGE WIND SPEED    16.4


SKY COVER
  POSSIBLE SUNSHINE  MM
  AVERAGE SKY COVER 1.0


WEATHER CONDITIONS
 THE FOLLOWING WEATHER WAS RECORDED YESTERDAY.
  HEAVY RAIN
  RAIN
  LIGHT RAIN
  FOG


RELATIVE HUMIDITY (PERCENT)
 HIGHEST   100          1200 AM
 LOWEST     93          1100 AM
 AVERAGE    97

..........................................................


THE ST. JOSEPH MO CLIMATE NORMALS FOR TODAY
                         NORMAL    RECORD    YEAR
 MAXIMUM TEMPERATURE (F)   70        90      1967
 MINIMUM TEMPERATURE (F)   47        33      1960


SUNRISE AND SUNSET
APRIL 30 2017.........SUNRISE   621 AM CDT   SUNSET   813 PM CDT
MAY  1 2017...........SUNRISE   620 AM CDT   SUNSET   814 PM CDT


-  INDICATES NEGATIVE NUMBERS.
R  INDICATES RECORD WAS SET OR TIED.
MM INDICATES DATA IS MISSING.
T  INDICATES TRACE AMOUNT.




$$
