000
CDUS43 KEAX 290658
CLISTJ


CLIMATE REPORT
NATIONAL WEATHER SERVICE KANSAS CITY/PLEASANT HILL MO
154 AM CDT FRI MAY 29 2015


...................................

...THE ST. JOSEPH MO CLIMATE SUMMARY FOR MAY 28 2015...

CLIMATE NORMAL PERIOD 1981 TO 2010
CLIMATE RECORD PERIOD 1892 TO 2015


WEATHER ITEM   OBSERVED TIME   RECORD YEAR NORMAL DEPARTURE LAST
                VALUE   (LST)  VALUE       VALUE  FROM      YEAR
                                                  NORMAL
..................................................................
TEMPERATURE (F)
 YESTERDAY
  MAXIMUM         74    613 PM  94    1998  80     -6       90
  MINIMUM         60    137 AM  37    1947  58      2       64
  AVERAGE         67                        69     -2       77

PRECIPITATION (IN)
  YESTERDAY        0.19          3.42 1962   0.16   0.03      T
  MONTH TO DATE    9.32                      4.91   4.41     2.53
  SINCE MAR 1     13.50                     10.95   2.55     6.92
  SINCE JAN 1     15.25                     12.44   2.81     7.74

DEGREE DAYS
 HEATING
  YESTERDAY        0                         1     -1        0
  MONTH TO DATE   91                       109    -18      122
  SINCE MAR 1    970                      1139   -169     1329
  SINCE JUL 1   5494                      5447     47     6269

 COOLING
  YESTERDAY        2                         5     -3       12
  MONTH TO DATE   60                        75    -15      120
  SINCE MAR 1     65                        96    -31      128
  SINCE JAN 1     65                        96    -31      128
..................................................................


WIND (MPH)
  HIGHEST WIND SPEED    16   HIGHEST WIND DIRECTION    SW (220)
  HIGHEST GUST SPEED    19   HIGHEST GUST DIRECTION     S (200)
  AVERAGE WIND SPEED     7.4


SKY COVER
  POSSIBLE SUNSHINE  MM
  AVERAGE SKY COVER 0.4


WEATHER CONDITIONS
 THE FOLLOWING WEATHER WAS RECORDED YESTERDAY.
  THUNDERSTORM
  RAIN
  LIGHT RAIN
  FOG


RELATIVE HUMIDITY (PERCENT)
 HIGHEST    93           800 AM
 LOWEST     68           400 AM
 AVERAGE    81

..........................................................


THE ST. JOSEPH MO CLIMATE NORMALS FOR TODAY
                         NORMAL    RECORD    YEAR
 MAXIMUM TEMPERATURE (F)   80        98      1934
 MINIMUM TEMPERATURE (F)   58        35      1947


SUNRISE AND SUNSET
MAY 29 2015...........SUNRISE   555 AM CDT   SUNSET   839 PM CDT
MAY 30 2015...........SUNRISE   555 AM CDT   SUNSET   840 PM CDT


-  INDICATES NEGATIVE NUMBERS.
R  INDICATES RECORD WAS SET OR TIED.
MM INDICATES DATA IS MISSING.
T  INDICATES TRACE AMOUNT.




$$
