000
CDUS43 KEAX 300633
CLISTJ


CLIMATE REPORT
NATIONAL WEATHER SERVICE KANSAS CITY/PLEASANT HILL MO
133 AM CDT SUN AUG 30 2015


...................................

...THE ST. JOSEPH MO CLIMATE SUMMARY FOR AUGUST 29 2015...

CLIMATE NORMAL PERIOD 1981 TO 2010
CLIMATE RECORD PERIOD 1892 TO 2015


WEATHER ITEM   OBSERVED TIME   RECORD YEAR NORMAL DEPARTURE LAST
                VALUE   (LST)  VALUE       VALUE  FROM      YEAR
                                                  NORMAL
..................................................................
TEMPERATURE (F)
 YESTERDAY
  MAXIMUM         76    307 PM 106    1984  85     -9       82
  MINIMUM         61   1114 PM  45    1988  61      0       68
  AVERAGE         69                        73     -4       75

PRECIPITATION (IN)
  YESTERDAY        0.00          2.02 1989   0.14  -0.14     0.03
  MONTH TO DATE    0.22                      3.69  -3.47     1.52
  SINCE JUN 1     12.91                     13.06  -0.15    13.84
  SINCE JAN 1     28.60                     26.01   2.59    21.61

DEGREE DAYS
 HEATING
  YESTERDAY        0                         0      0        0
  MONTH TO DATE    4                         0      4        0
  SINCE JUN 1      5                         9     -4        7
  SINCE JUL 1      4                         1      3        6

 COOLING
  YESTERDAY        4                         8     -4       10
  MONTH TO DATE  242                       308    -66      326
  SINCE JUN 1    941                       949     -8      864
  SINCE JAN 1   1009                      1062    -53     1025
..................................................................


WIND (MPH)
  HIGHEST WIND SPEED    13   HIGHEST WIND DIRECTION     N (350)
  HIGHEST GUST SPEED    15   HIGHEST GUST DIRECTION     N (350)
  AVERAGE WIND SPEED     6.0


SKY COVER
  POSSIBLE SUNSHINE  MM
  AVERAGE SKY COVER 0.8


WEATHER CONDITIONS
 THE FOLLOWING WEATHER WAS RECORDED YESTERDAY.
  FOG


RELATIVE HUMIDITY (PERCENT)
 HIGHEST   100          1000 PM
 LOWEST     74           300 PM
 AVERAGE    87

..........................................................


THE ST. JOSEPH MO CLIMATE NORMALS FOR TODAY
                         NORMAL    RECORD    YEAR
 MAXIMUM TEMPERATURE (F)   84       103      1947
 MINIMUM TEMPERATURE (F)   61        46      1915


SUNRISE AND SUNSET
AUGUST 30 2015........SUNRISE   646 AM CDT   SUNSET   754 PM CDT
AUGUST 31 2015........SUNRISE   647 AM CDT   SUNSET   753 PM CDT


-  INDICATES NEGATIVE NUMBERS.
R  INDICATES RECORD WAS SET OR TIED.
MM INDICATES DATA IS MISSING.
T  INDICATES TRACE AMOUNT.




$$
