000
CDUS43 KEAX 260635
CLISTJ


CLIMATE REPORT
NATIONAL WEATHER SERVICE KANSAS CITY/PLEASANT HILL MO
135 AM CDT FRI AUG 26 2016


...................................

...THE ST. JOSEPH MO CLIMATE SUMMARY FOR AUGUST 25 2016...

CLIMATE NORMAL PERIOD 1981 TO 2010
CLIMATE RECORD PERIOD 1892 TO 2016


WEATHER ITEM   OBSERVED TIME   RECORD YEAR NORMAL DEPARTURE LAST
                VALUE   (LST)  VALUE       VALUE  FROM      YEAR
                                                  NORMAL
..................................................................
TEMPERATURE (F)
 YESTERDAY
  MAXIMUM         80    221 PM 108    1936  85     -5       81
  MINIMUM         66   1159 PM  49    1958  62      4       50
  AVERAGE         73                        74     -1       66

PRECIPITATION (IN)
  YESTERDAY        1.03          2.80 1987   0.14   0.89     0.00
  MONTH TO DATE    4.71                      3.12   1.59     0.18
  SINCE JUN 1     13.96                     12.49   1.47    12.87
  SINCE JAN 1     28.09                     25.44   2.65    28.56

DEGREE DAYS
 HEATING
  YESTERDAY        0                         0      0        0
  MONTH TO DATE    0                         0      0        4
  SINCE JUN 1      2                         9     -7        5
  SINCE JUL 1      2                         1      1        4

 COOLING
  YESTERDAY        8                         9     -1        1
  MONTH TO DATE  280                       274      6      219
  SINCE JUN 1   1122                       915    207      918
  SINCE JAN 1   1205                      1028    177      986
..................................................................


WIND (MPH)
  HIGHEST WIND SPEED    20   HIGHEST WIND DIRECTION    NW (330)
  HIGHEST GUST SPEED    26   HIGHEST GUST DIRECTION    NW (320)
  AVERAGE WIND SPEED     7.9


SKY COVER
  POSSIBLE SUNSHINE  MM
  AVERAGE SKY COVER 0.7


WEATHER CONDITIONS
 THE FOLLOWING WEATHER WAS RECORDED YESTERDAY.
  HEAVY RAIN
  RAIN
  LIGHT RAIN
  FOG
  HAZE


RELATIVE HUMIDITY (PERCENT)
 HIGHEST    97           200 AM
 LOWEST     69           400 PM
 AVERAGE    83

..........................................................


THE ST. JOSEPH MO CLIMATE NORMALS FOR TODAY
                         NORMAL    RECORD    YEAR
 MAXIMUM TEMPERATURE (F)   85       105      1936
 MINIMUM TEMPERATURE (F)   62        46      1910


SUNRISE AND SUNSET
AUGUST 26 2016........SUNRISE   643 AM CDT   SUNSET   759 PM CDT
AUGUST 27 2016........SUNRISE   643 AM CDT   SUNSET   758 PM CDT


-  INDICATES NEGATIVE NUMBERS.
R  INDICATES RECORD WAS SET OR TIED.
MM INDICATES DATA IS MISSING.
T  INDICATES TRACE AMOUNT.




$$
