000
CDUS43 KEAX 031236
CLISTJ


CLIMATE REPORT
NATIONAL WEATHER SERVICE KANSAS CITY/PLEASANT HILL MO
635 AM CST TUE MAR 3 2015


...................................

...THE ST. JOSEPH MO CLIMATE SUMMARY FOR MARCH 3 2015...
VALID AS OF 0600 AM LOCAL TIME.

CLIMATE NORMAL PERIOD 1981 TO 2010
CLIMATE RECORD PERIOD 1892 TO 2015


WEATHER ITEM   OBSERVED TIME   RECORD YEAR NORMAL DEPARTURE LAST
                VALUE   (LST)  VALUE       VALUE  FROM      YEAR
                                                  NORMAL
..................................................................
TEMPERATURE (F)
 TODAY
  MAXIMUM         35    559 AM  80    1983  48    -13       17
  MINIMUM         34    458 AM  -7    2014  26      8       -7
  AVERAGE         35                        37     -2        5

PRECIPITATION (IN)
  TODAY            0.00          0.80 1985   0.06  -0.06      T
  MONTH TO DATE    T                         0.17  -0.17     0.01
  SINCE MAR 1      T                         0.17  -0.17     0.01
  SINCE JAN 1      1.75                      1.66   0.09     0.83

DEGREE DAYS
 HEATING
  TODAY           30                        28      2       60
  MONTH TO DATE  101                        84     17      171
  SINCE MAR 1    101                        84     17      171
  SINCE JUL 1   4625                      4392    233     5111

 COOLING
  TODAY            0                         0      0        0
  MONTH TO DATE    0                         0      0        0
  SINCE MAR 1      0                         0      0        0
  SINCE JAN 1      0                         0      0        0
..................................................................


WIND (MPH)
  HIGHEST WIND SPEED    18   HIGHEST WIND DIRECTION     S (160)
  HIGHEST GUST SPEED    22   HIGHEST GUST DIRECTION     S (160)
  AVERAGE WIND SPEED    11.3


SKY COVER
  AVERAGE SKY COVER 1.0


WEATHER CONDITIONS
 THE FOLLOWING WEATHER WAS RECORDED TODAY.
  FOG


RELATIVE HUMIDITY (PERCENT)
 HIGHEST   100           500 AM
 LOWEST     64          1200 AM
 AVERAGE    82

..........................................................


THE ST. JOSEPH MO CLIMATE NORMALS FOR TOMORROW
                         NORMAL    RECORD    YEAR
 MAXIMUM TEMPERATURE (F)   49        76      1921
 MINIMUM TEMPERATURE (F)   27       -13      1978


SUNRISE AND SUNSET
MARCH  3 2015.........SUNRISE   650 AM CST   SUNSET   614 PM CST
MARCH  4 2015.........SUNRISE   649 AM CST   SUNSET   615 PM CST


-  INDICATES NEGATIVE NUMBERS.
R  INDICATES RECORD WAS SET OR TIED.
MM INDICATES DATA IS MISSING.
T  INDICATES TRACE AMOUNT.




$$
