000
CDUS43 KEAX 180632
CLISTJ


CLIMATE REPORT
NATIONAL WEATHER SERVICE KANSAS CITY/PLEASANT HILL MO
1231 AM CST SUN FEB 18 2018


...................................

...THE ST. JOSEPH MO CLIMATE SUMMARY FOR FEBRUARY 17 2018...

CLIMATE NORMAL PERIOD 1981 TO 2010
CLIMATE RECORD PERIOD 1892 TO 2018


WEATHER ITEM   OBSERVED TIME   RECORD YEAR NORMAL DEPARTURE LAST
                VALUE   (LST)  VALUE       VALUE  FROM      YEAR
                                                  NORMAL
..................................................................
TEMPERATURE (F)
 YESTERDAY
  MAXIMUM         52    437 PM  74    2017  43      9       74
  MINIMUM         21   1141 PM -14    1978  22     -1       42
  AVERAGE         37                        32      5       58

PRECIPITATION (IN)
  YESTERDAY        0.00          1.19 1961   0.03  -0.03     0.00
  MONTH TO DATE    0.02                      0.52  -0.50      T
  SINCE DEC 1      0.93                      2.60  -1.67     2.07
  SINCE JAN 1      0.79                      1.08  -0.29     0.97

DEGREE DAYS
 HEATING
  YESTERDAY       28                        33     -5        7
  MONTH TO DATE  667                       587     80      474
  SINCE DEC 1   2588                      2859   -271     2431
  SINCE JUL 1   3563                      3970   -407     3106

 COOLING
  YESTERDAY        0                         0      0        0
  MONTH TO DATE    0                         0      0        0
  SINCE DEC 1      0                         0      0        0
  SINCE JAN 1      0                         0      0        0
..................................................................


WIND (MPH)
  HIGHEST WIND SPEED    23   HIGHEST WIND DIRECTION    NW (310)
  HIGHEST GUST SPEED    27   HIGHEST GUST DIRECTION    NW (300)
  AVERAGE WIND SPEED     9.2


SKY COVER
  POSSIBLE SUNSHINE  MM
  AVERAGE SKY COVER 0.4


WEATHER CONDITIONS
 THE FOLLOWING WEATHER WAS RECORDED YESTERDAY.
  NO SIGNIFICANT WEATHER WAS OBSERVED.


RELATIVE HUMIDITY (PERCENT)
 HIGHEST    84          1100 PM
 LOWEST     30           400 PM
 AVERAGE    57

..........................................................


THE ST. JOSEPH MO CLIMATE NORMALS FOR TODAY
                         NORMAL    RECORD    YEAR
 MAXIMUM TEMPERATURE (F)   43        75      1930
 MINIMUM TEMPERATURE (F)   22       -16      1978


SUNRISE AND SUNSET
FEBRUARY 18 2018......SUNRISE   708 AM CST   SUNSET   559 PM CST
FEBRUARY 19 2018......SUNRISE   707 AM CST   SUNSET   601 PM CST


-  INDICATES NEGATIVE NUMBERS.
R  INDICATES RECORD WAS SET OR TIED.
MM INDICATES DATA IS MISSING.
T  INDICATES TRACE AMOUNT.




$$
