000
CDUS43 KEAX 060037
CLISTJ


CLIMATE REPORT
NATIONAL WEATHER SERVICE KANSAS CITY/PLEASANT HILL MO
737 PM CDT THU MAY 5 2016


...................................

...THE ST. JOSEPH MO CLIMATE SUMMARY FOR MAY 5 2016...
VALID TODAY AS OF 0700 PM LOCAL TIME.

CLIMATE NORMAL PERIOD 1981 TO 2010
CLIMATE RECORD PERIOD 1892 TO 2016


WEATHER ITEM   OBSERVED TIME   RECORD YEAR NORMAL DEPARTURE LAST
                VALUE   (LST)  VALUE       VALUE  FROM      YEAR
                                                  NORMAL
..................................................................
TEMPERATURE (F)
 TODAY
  MAXIMUM         74    502 PM  92    1971  72      2       80
  MINIMUM         41    538 AM  32    1944  49     -8       56
  AVERAGE         58                        60     -2       68

PRECIPITATION (IN)
  TODAY            0.00          1.42 1961   0.18  -0.18     0.07
  MONTH TO DATE    0.04                      0.94  -0.90     1.79
  SINCE MAR 1      7.34                      6.98   0.36     5.97
  SINCE JAN 1      8.25                      8.47  -0.22     7.72

DEGREE DAYS
 HEATING
  TODAY            7                         6      1        0
  MONTH TO DATE   45                        32     13        4
  SINCE MAR 1    820                      1062   -242      883
  SINCE JUL 1   4438                      5370   -932     5407

 COOLING
  TODAY            0                         1     -1        3
  MONTH TO DATE    0                         5     -5       17
  SINCE MAR 1     19                        26     -7       22
  SINCE JAN 1     19                        26     -7       22
..................................................................


WIND (MPH)
  HIGHEST WIND SPEED    10   HIGHEST WIND DIRECTION     E (90)
  HIGHEST GUST SPEED    14   HIGHEST GUST DIRECTION     E (90)
  AVERAGE WIND SPEED     2.4


SKY COVER
  AVERAGE SKY COVER 0.0


WEATHER CONDITIONS
 THE FOLLOWING WEATHER WAS RECORDED TODAY.
  NO SIGNIFICANT WEATHER WAS OBSERVED.


RELATIVE HUMIDITY (PERCENT)
 HIGHEST    96           100 AM
 LOWEST     23           200 PM
 AVERAGE    60

..........................................................


THE ST. JOSEPH MO CLIMATE NORMALS FOR TOMORROW
                         NORMAL    RECORD    YEAR
 MAXIMUM TEMPERATURE (F)   72        92      2004
 MINIMUM TEMPERATURE (F)   50        32      1944


SUNRISE AND SUNSET
MAY  5 2016...........SUNRISE   615 AM CDT   SUNSET   818 PM CDT
MAY  6 2016...........SUNRISE   614 AM CDT   SUNSET   819 PM CDT


-  INDICATES NEGATIVE NUMBERS.
R  INDICATES RECORD WAS SET OR TIED.
MM INDICATES DATA IS MISSING.
T  INDICATES TRACE AMOUNT.




$$
