000
CDUS43 KEAX 160635
CLISTJ


CLIMATE REPORT
NATIONAL WEATHER SERVICE KANSAS CITY/PLEASANT HILL MO
134 AM CDT WED AUG 16 2017


...................................

...THE ST. JOSEPH MO CLIMATE SUMMARY FOR AUGUST 15 2017...

CLIMATE NORMAL PERIOD 1981 TO 2010
CLIMATE RECORD PERIOD 1892 TO 2017


WEATHER ITEM   OBSERVED TIME   RECORD YEAR NORMAL DEPARTURE LAST
                VALUE   (LST)  VALUE       VALUE  FROM      YEAR
                                                  NORMAL
..................................................................
TEMPERATURE (F)
 YESTERDAY
  MAXIMUM         89    321 PM 108    1936  87      2       84
  MINIMUM         65    602 AM  47    2004  65      0       64
                                      1994
  AVERAGE         77                        76      1       74

PRECIPITATION (IN)
  YESTERDAY        0.00          3.29 1934   0.13  -0.13     0.00
  MONTH TO DATE    0.27                      1.76  -1.49     1.58
  SINCE JUN 1      4.76                     11.13  -6.37    10.83
  SINCE JAN 1     16.84                     24.08  -7.24    24.96

DEGREE DAYS
 HEATING
  YESTERDAY        0                         0      0        0
  MONTH TO DATE    6                         0      6        0
  SINCE JUN 1     10                         9      1        2
  SINCE JUL 1      6                         1      5        2

 COOLING
  YESTERDAY       12                        11      1        9
  MONTH TO DATE   81                       175    -94      194
  SINCE JUN 1    822                       816      6     1036
  SINCE JAN 1    941                       929     12     1119
..................................................................


WIND (MPH)
  HIGHEST WIND SPEED    14   HIGHEST WIND DIRECTION    SE (140)
  HIGHEST GUST SPEED    20   HIGHEST GUST DIRECTION    SE (150)
  AVERAGE WIND SPEED     6.0


SKY COVER
  POSSIBLE SUNSHINE  MM
  AVERAGE SKY COVER 0.2


WEATHER CONDITIONS
 THE FOLLOWING WEATHER WAS RECORDED YESTERDAY.
  FOG
  FOG W/VISIBILITY <= 1/4 MILE


RELATIVE HUMIDITY (PERCENT)
 HIGHEST   100          1200 AM
 LOWEST     59           100 PM
 AVERAGE    80

..........................................................


THE ST. JOSEPH MO CLIMATE NORMALS FOR TODAY
                         NORMAL    RECORD    YEAR
 MAXIMUM TEMPERATURE (F)   87       105      1936
 MINIMUM TEMPERATURE (F)   65        52      2012
                                             1992


SUNRISE AND SUNSET
AUGUST 16 2017........SUNRISE   633 AM CDT   SUNSET   814 PM CDT
AUGUST 17 2017........SUNRISE   634 AM CDT   SUNSET   813 PM CDT


-  INDICATES NEGATIVE NUMBERS.
R  INDICATES RECORD WAS SET OR TIED.
MM INDICATES DATA IS MISSING.
T  INDICATES TRACE AMOUNT.




$$
