000
CDUS43 KLSX 251223 CCA
CLISTL

CLIMATE REPORT
NATIONAL WEATHER SERVICE ST LOUIS MO
126 AM CST SUN FEB 25 2018


...................................

...THE ST. LOUIS CLIMATE SUMMARY FOR FEBRUARY 24 2018...

CLIMATE NORMAL PERIOD 1981 TO 2010
CLIMATE RECORD PERIOD 1874 TO 2018


WEATHER ITEM   OBSERVED TIME   RECORD YEAR NORMAL DEPARTURE LAST
                VALUE   (LST)  VALUE       VALUE  FROM      YEAR
                                                  NORMAL
..................................................................
TEMPERATURE (F)
 YESTERDAY
  MAXIMUM         55    906 PM  81    1930  48      7       67
  MINIMUM         39    332 AM   4    1910  30      9       35
  AVERAGE         47                        39      8       51

PRECIPITATION (IN)
  YESTERDAY        1.73R         1.49 2001   0.08   1.65      T
  MONTH TO DATE    5.05                      1.92   3.13     0.47
  SINCE DEC 1      7.12                      7.16  -0.04     3.40
  SINCE JAN 1      6.28                      4.32   1.96     2.27

SNOWFALL (IN)
  YESTERDAY        0.0           6.2  1975   0.2    0.0      0.0
  MONTH TO DATE    0.8                       3.8   -3.0      0.2
  SINCE DEC 1      5.5                      13.8   -8.3      1.4
  SINCE JUL 1      5.5                      14.5   -9.0      1.4
  SNOW DEPTH       0

DEGREE DAYS
 HEATING
  YESTERDAY       18                        26     -8       14
  MONTH TO DATE  693                       704    -11      412
  SINCE DEC 1   2712                      2672     40     2173
  SINCE JUL 1   3414                      3498    -84     2664

 COOLING
  YESTERDAY        0                         0      0        0
  MONTH TO DATE    0                         0      0        1
  SINCE DEC 1      0                         0      0        1
  SINCE JAN 1      0                         0      0        1
..................................................................


WIND (MPH)
  HIGHEST WIND SPEED    32   HIGHEST WIND DIRECTION     W (270)
  HIGHEST GUST SPEED    43   HIGHEST GUST DIRECTION     W (270)
  AVERAGE WIND SPEED    11.5


SKY COVER
  AVERAGE SKY COVER 1.0


WEATHER CONDITIONS
 THE FOLLOWING WEATHER WAS RECORDED YESTERDAY.
  HEAVY RAIN
  RAIN
  LIGHT RAIN
  FOG
  FOG W/VISIBILITY <= 1/4 MILE


RELATIVE HUMIDITY (PERCENT)
 HIGHEST   100          1200 AM
 LOWEST     92          1100 AM
 AVERAGE    96

..........................................................


THE ST. LOUIS CLIMATE NORMALS FOR TODAY
                         NORMAL    RECORD    YEAR
 MAXIMUM TEMPERATURE (F)   48        76      1996
 MINIMUM TEMPERATURE (F)   30         1      1967


SUNRISE AND SUNSET
FEBRUARY 25 2018......SUNRISE   639 AM CST   SUNSET   550 PM CST
FEBRUARY 26 2018......SUNRISE   638 AM CST   SUNSET   551 PM CST


-  INDICATES NEGATIVE NUMBERS.
R  INDICATES RECORD WAS SET OR TIED.
MM INDICATES DATA IS MISSING.
T  INDICATES TRACE AMOUNT.




$$
