000
CDUS43 KLSX 020745
CLISTL


CLIMATE REPORT
NATIONAL WEATHER SERVICE ST LOUIS MO
245 AM CDT TUE JUN 2 2015


...................................

...THE ST. LOUIS CLIMATE SUMMARY FOR JUNE 1 2015...

CLIMATE NORMAL PERIOD 1981 TO 2010
CLIMATE RECORD PERIOD 1874 TO 2015


WEATHER ITEM   OBSERVED TIME   RECORD YEAR NORMAL DEPARTURE LAST
                VALUE   (LST)  VALUE       VALUE  FROM      YEAR
                                                  NORMAL
..................................................................
TEMPERATURE (F)
 YESTERDAY
  MAXIMUM         67    729 PM 100    1934  81    -14       90
  MINIMUM         57    720 AM  45    1972  62     -5       71
  AVERAGE         62                        72    -10       81

PRECIPITATION (IN)
  YESTERDAY        T             3.55 1903   0.16  -0.16      T
  MONTH TO DATE    T                         0.16  -0.16      T
  SINCE JUN 1      T                         0.16  -0.16      T
  SINCE JAN 1     14.99                     16.53  -1.54    17.06

SNOWFALL (IN)
  YESTERDAY        0.0           0.0  2014   0.0    0.0      0.0
  MONTH TO DATE    0.0                       0.0    0.0      0.0
  SINCE JUN 1      0.0                       0.0    0.0      0.0
  SINCE JUL 1     16.8                      17.7   -0.9     28.8
  SNOW DEPTH       0

DEGREE DAYS
 HEATING
  YESTERDAY        3                         1      2        0
  MONTH TO DATE    3                         1      2        0
  SINCE JUN 1      3                         1      2        0
  SINCE JUL 1   4585                      4531     54     5027

 COOLING
  YESTERDAY        0                         7     -7       16
  MONTH TO DATE    0                         7     -7       16
  SINCE JUN 1      0                         7     -7       16
  SINCE JAN 1    224                       181     43      278
..................................................................


WIND (MPH)
  HIGHEST WIND SPEED    13   HIGHEST WIND DIRECTION    NE (40)
  HIGHEST GUST SPEED    15   HIGHEST GUST DIRECTION    NE (30)
  AVERAGE WIND SPEED     6.3


SKY COVER
  AVERAGE SKY COVER 1.0


WEATHER CONDITIONS
 THE FOLLOWING WEATHER WAS RECORDED YESTERDAY.
  LIGHT RAIN
  FOG
  HAZE


RELATIVE HUMIDITY (PERCENT)
 HIGHEST    86           500 AM
 LOWEST     67          1200 PM
 AVERAGE    77

..........................................................


THE ST. LOUIS CLIMATE NORMALS FOR TODAY
                         NORMAL    RECORD    YEAR
 MAXIMUM TEMPERATURE (F)   81       100      1934
 MINIMUM TEMPERATURE (F)   63        48      1956


SUNRISE AND SUNSET
JUNE  2 2015..........SUNRISE   538 AM CDT   SUNSET   821 PM CDT
JUNE  3 2015..........SUNRISE   538 AM CDT   SUNSET   822 PM CDT


-  INDICATES NEGATIVE NUMBERS.
R  INDICATES RECORD WAS SET OR TIED.
MM INDICATES DATA IS MISSING.
T  INDICATES TRACE AMOUNT.




$$
