000
CDUS46 KMTR 220826
CLISTS


CLIMATE REPORT
NATIONAL WEATHER SERVICE SAN FRANCISCO BAY AREA
126 AM PDT WED OCT 22 2014


...................................

...THE SANTA ROSA AIRPORT CLIMATE SUMMARY FOR OCTOBER 21 2014...

CLIMATE NORMAL PERIOD 1981 TO 2010
CLIMATE RECORD PERIOD 1998 TO 2014


WEATHER ITEM   OBSERVED TIME   RECORD YEAR NORMAL DEPARTURE LAST
                VALUE   (LST)  VALUE       VALUE  FROM      YEAR
                                                  NORMAL
..................................................................
TEMPERATURE (F)
 YESTERDAY
  MAXIMUM         74    232 PM  88    1999  75     -1       74
  MINIMUM         44    654 AM  38    2002  44      0       45
  AVERAGE         59                        60     -1       60

PRECIPITATION (IN)
  YESTERDAY        0.00          0.06 2012   0.08  -0.08     0.00
  MONTH TO DATE    0.11                      1.03  -0.92     0.00
  SINCE JUL 1      0.95                      1.47  -0.52     0.52
  SINCE JAN 1     13.52                     23.56 -10.04     7.04

DEGREE DAYS
 HEATING
  YESTERDAY        6                                         5
  MONTH TO DATE   31                                        85
  SINCE SEP 1     40                                       115
  SINCE JUL 1     45                                       152

 COOLING
  YESTERDAY        0                                         0
  MONTH TO DATE   64                                         4
  SINCE SEP 1    148                                        72
  SINCE JAN 1    497                                       415
..................................................................


WIND (MPH)
  RESULTANT WIND SPEED   2   RESULTANT WIND DIRECTION  NW (300)
  HIGHEST WIND SPEED    13   HIGHEST WIND DIRECTION     N (340)
  HIGHEST GUST SPEED    16   HIGHEST GUST DIRECTION    NW (330)
  AVERAGE WIND SPEED     3.6


SKY COVER
  POSSIBLE SUNSHINE  MM
  AVERAGE SKY COVER 0.2


WEATHER CONDITIONS
 THE FOLLOWING WEATHER WAS RECORDED YESTERDAY.
  NO SIGNIFICANT WEATHER WAS OBSERVED.


RELATIVE HUMIDITY (PERCENT)
 HIGHEST   100           200 AM
 LOWEST     29           200 PM
 AVERAGE    65

..........................................................


THE SANTA ROSA AIRPORT CLIMATE NORMALS FOR TODAY
                         NORMAL    RECORD    YEAR
 MAXIMUM TEMPERATURE (F)   75        88      2008
 MINIMUM TEMPERATURE (F)   44        38      2008


SUNRISE AND SUNSET
OCTOBER 22 2014.......SUNRISE   727 AM PDT   SUNSET   623 PM PDT
OCTOBER 23 2014.......SUNRISE   728 AM PDT   SUNSET   622 PM PDT


-  INDICATES NEGATIVE NUMBERS.
R  INDICATES RECORD WAS SET OR TIED.
MM INDICATES DATA IS MISSING.
T  INDICATES TRACE AMOUNT.




$$
