000
CDUS46 KMTR 300826
CLISTS


CLIMATE REPORT
NATIONAL WEATHER SERVICE SAN FRANCISCO BAY AREA
126 AM PDT THU OCT 30 2014


...................................

...THE SANTA ROSA AIRPORT CLIMATE SUMMARY FOR OCTOBER 29 2014...

CLIMATE NORMAL PERIOD 1981 TO 2010
CLIMATE RECORD PERIOD 1998 TO 2014


WEATHER ITEM   OBSERVED TIME   RECORD YEAR NORMAL DEPARTURE LAST
                VALUE   (LST)  VALUE       VALUE  FROM      YEAR
                                                  NORMAL
..................................................................
TEMPERATURE (F)
 YESTERDAY
  MAXIMUM         85R   230 PM  84    2003  72     13       66
  MINIMUM         48    657 AM  34    2002  43      5       40
  AVERAGE         67                        58      9       53

PRECIPITATION (IN)
  YESTERDAY        0.00          0.57 2010   0.11  -0.11     0.00
  MONTH TO DATE    0.26                      1.81  -1.55     0.01
  SINCE JUL 1      1.10                      2.25  -1.15     0.53
  SINCE JAN 1     13.67                     24.34 -10.67     7.05

DEGREE DAYS
 HEATING
  YESTERDAY        0                                        12
  MONTH TO DATE   65                                       152
  SINCE SEP 1     74                                       182
  SINCE JUL 1     79                                       219

 COOLING
  YESTERDAY        2                                         0
  MONTH TO DATE   66                                         4
  SINCE SEP 1    150                                        72
  SINCE JAN 1    499                                       415
..................................................................


WIND (MPH)
  RESULTANT WIND SPEED   1   RESULTANT WIND DIRECTION  SW (210)
  HIGHEST WIND SPEED     7   HIGHEST WIND DIRECTION     W (270)
  HIGHEST GUST SPEED     8   HIGHEST GUST DIRECTION     W (260)
  AVERAGE WIND SPEED     1.2


SKY COVER
  POSSIBLE SUNSHINE  MM
  AVERAGE SKY COVER 0.2


WEATHER CONDITIONS
 THE FOLLOWING WEATHER WAS RECORDED YESTERDAY.
  NO SIGNIFICANT WEATHER WAS OBSERVED.


RELATIVE HUMIDITY (PERCENT)
 HIGHEST   100           100 AM
 LOWEST     34           400 PM
 AVERAGE    67

..........................................................


THE SANTA ROSA AIRPORT CLIMATE NORMALS FOR TODAY
                         NORMAL    RECORD    YEAR
 MAXIMUM TEMPERATURE (F)   71        81      2011
 MINIMUM TEMPERATURE (F)   43        34      2013


SUNRISE AND SUNSET
OCTOBER 30 2014.......SUNRISE   736 AM PDT   SUNSET   614 PM PDT
OCTOBER 31 2014.......SUNRISE   737 AM PDT   SUNSET   612 PM PDT


-  INDICATES NEGATIVE NUMBERS.
R  INDICATES RECORD WAS SET OR TIED.
MM INDICATES DATA IS MISSING.
T  INDICATES TRACE AMOUNT.




$$
