000
CDUS46 KMTR 230829
CLISTS


CLIMATE REPORT
NATIONAL WEATHER SERVICE SAN FRANCISCO BAY AREA
1229 AM PST SUN NOV 23 2014


...................................

...THE SANTA ROSA AIRPORT CLIMATE SUMMARY FOR NOVEMBER 22 2014...

CLIMATE NORMAL PERIOD 1981 TO 2010
CLIMATE RECORD PERIOD 1998 TO 2014


WEATHER ITEM   OBSERVED TIME   RECORD YEAR NORMAL DEPARTURE LAST
                VALUE   (LST)  VALUE       VALUE  FROM      YEAR
                                                  NORMAL
..................................................................
TEMPERATURE (F)
 YESTERDAY
  MAXIMUM         69    148 PM  76    2013  61      8       76
  MINIMUM         50   1159 PM  30    2007  39     11       44
  AVERAGE         60                        50     10       60

PRECIPITATION (IN)
  YESTERDAY        0.10          0.14 2010   0.17  -0.07     0.00
  MONTH TO DATE    0.86                      3.28  -2.42     1.08
  SINCE JUL 1      2.20                      5.75  -3.55     1.61
  SINCE JAN 1     14.77                     27.84 -13.07     8.13

DEGREE DAYS
 HEATING
  YESTERDAY        5                                         5
  MONTH TO DATE  184                                       210
  SINCE SEP 1    266                                       416
  SINCE JUL 1    271                                       453

 COOLING
  YESTERDAY        0                                         0
  MONTH TO DATE    0                                         0
  SINCE SEP 1    150                                        72
  SINCE JAN 1    499                                       415
..................................................................


WIND (MPH)
  RESULTANT WIND SPEED   4   RESULTANT WIND DIRECTION  NW (300)
  HIGHEST WIND SPEED    23   HIGHEST WIND DIRECTION    NW (320)
  HIGHEST GUST SPEED    29   HIGHEST GUST DIRECTION    NW (320)
  AVERAGE WIND SPEED     8.9


SKY COVER
  POSSIBLE SUNSHINE  MM
  AVERAGE SKY COVER 0.6


WEATHER CONDITIONS
 THE FOLLOWING WEATHER WAS RECORDED YESTERDAY.
  RAIN
  LIGHT RAIN
  FOG


RELATIVE HUMIDITY (PERCENT)
 HIGHEST   100           100 AM
 LOWEST     45           200 PM
 AVERAGE    73

..........................................................


THE SANTA ROSA AIRPORT CLIMATE NORMALS FOR TODAY
                         NORMAL    RECORD    YEAR
 MAXIMUM TEMPERATURE (F)   61        75      2007
 MINIMUM TEMPERATURE (F)   39        26      2003


SUNRISE AND SUNSET
NOVEMBER 23 2014......SUNRISE   702 AM PST   SUNSET   453 PM PST
NOVEMBER 24 2014......SUNRISE   703 AM PST   SUNSET   453 PM PST


-  INDICATES NEGATIVE NUMBERS.
R  INDICATES RECORD WAS SET OR TIED.
MM INDICATES DATA IS MISSING.
T  INDICATES TRACE AMOUNT.




$$
