000
CDUS46 KMTR 260038
CLISTS


CLIMATE REPORT
NATIONAL WEATHER SERVICE SAN FRANCISCO BAY AREA
537 PM PDT SAT OCT 25 2014


...................................

...THE SANTA ROSA AIRPORT CLIMATE SUMMARY FOR OCTOBER 25 2014...
VALID TODAY AS OF 0500 PM LOCAL TIME.

CLIMATE NORMAL PERIOD 1981 TO 2010
CLIMATE RECORD PERIOD 1998 TO 2014


WEATHER ITEM   OBSERVED TIME   RECORD YEAR NORMAL DEPARTURE LAST
                VALUE   (LST)  VALUE       VALUE  FROM      YEAR
                                                  NORMAL
..................................................................
TEMPERATURE (F)
 TODAY
  MAXIMUM         68   1146 AM  96    2003  74     -6       72
  MINIMUM         57    509 AM  37    2013  44     13       37
  AVERAGE         63                        59      4       55

PRECIPITATION (IN)
  TODAY            0.15          0.81 2004   0.10   0.05     0.00
  MONTH TO DATE    0.26                      1.39  -1.13     0.00
  SINCE JUL 1      1.10                      1.83  -0.73     0.52
  SINCE JAN 1     13.67                     23.92 -10.25     7.04

DEGREE DAYS
 HEATING
  TODAY            2                                        10
  MONTH TO DATE   43                                       111
  SINCE SEP 1     52                                       141
  SINCE JUL 1     57                                       178

 COOLING
  TODAY            0                                         0
  MONTH TO DATE   64                                         4
  SINCE SEP 1    148                                        72
  SINCE JAN 1    497                                       415
..................................................................


WIND (MPH)
  RESULTANT WIND SPEED   8   RESULTANT WIND DIRECTION   S (190)
  HIGHEST WIND SPEED    20   HIGHEST WIND DIRECTION     W (250)
  HIGHEST GUST SPEED    29   HIGHEST GUST DIRECTION    SW (230)
  AVERAGE WIND SPEED    10.0


SKY COVER
  POSSIBLE SUNSHINE  MM
  AVERAGE SKY COVER 0.9


WEATHER CONDITIONS
 THE FOLLOWING WEATHER WAS RECORDED TODAY.
  RAIN
  LIGHT RAIN
  FOG
  HAZE


RELATIVE HUMIDITY (PERCENT)
 HIGHEST    97           800 AM
 LOWEST     63           300 PM
 AVERAGE    80

..........................................................


THE SANTA ROSA AIRPORT CLIMATE NORMALS FOR TOMORROW
                         NORMAL    RECORD    YEAR
 MAXIMUM TEMPERATURE (F)   73        96      2003
 MINIMUM TEMPERATURE (F)   44        35      2013


SUNRISE AND SUNSET
OCTOBER 25 2014.......SUNRISE   731 AM PDT   SUNSET   620 PM PDT
OCTOBER 26 2014.......SUNRISE   732 AM PDT   SUNSET   618 PM PDT


-  INDICATES NEGATIVE NUMBERS.
R  INDICATES RECORD WAS SET OR TIED.
MM INDICATES DATA IS MISSING.
T  INDICATES TRACE AMOUNT.




$$
