000
CDUS46 KMTR 220825
CLISTS


CLIMATE REPORT
NATIONAL WEATHER SERVICE SAN FRANCISCO BAY AREA
125 AM PDT MON SEP 22 2014


...................................

...THE SANTA ROSA AIRPORT CLIMATE SUMMARY FOR SEPTEMBER 21 2014...

CLIMATE NORMAL PERIOD 1981 TO 2010
CLIMATE RECORD PERIOD 1998 TO 2014


WEATHER ITEM   OBSERVED TIME   RECORD YEAR NORMAL DEPARTURE LAST
                VALUE   (LST)  VALUE       VALUE  FROM      YEAR
                                                  NORMAL
..................................................................
TEMPERATURE (F)
 YESTERDAY
  MAXIMUM         78    248 PM 103    2003  83     -5       71
  MINIMUM         58   1159 PM  40    2012  49      9       51
  AVERAGE         68                        66      2       61

PRECIPITATION (IN)
  YESTERDAY        0.00          0.24 2013   0.02  -0.02     0.24
  MONTH TO DATE    0.11                      0.15  -0.04     0.41
  SINCE JUL 1      0.11                      0.24  -0.13     0.44
  SINCE JAN 1     12.68                     22.33  -9.65     6.96

DEGREE DAYS
 HEATING
  YESTERDAY        0                                         4
  MONTH TO DATE    5                                        10
  SINCE SEP 1      5                                        10
  SINCE JUL 1     10                                        47

 COOLING
  YESTERDAY        3                                         0
  MONTH TO DATE   75                                        64
  SINCE SEP 1     75                                        64
  SINCE JAN 1    424                                       407
..................................................................


WIND (MPH)
  RESULTANT WIND SPEED   3   RESULTANT WIND DIRECTION  SW (210)
  HIGHEST WIND SPEED    15   HIGHEST WIND DIRECTION     S (180)
  HIGHEST GUST SPEED    20   HIGHEST GUST DIRECTION     S (180)
  AVERAGE WIND SPEED     4.3


SKY COVER
  POSSIBLE SUNSHINE  MM
  AVERAGE SKY COVER 0.5


WEATHER CONDITIONS
 THE FOLLOWING WEATHER WAS RECORDED YESTERDAY.
  NO SIGNIFICANT WEATHER WAS OBSERVED.


RELATIVE HUMIDITY (PERCENT)
 HIGHEST    93          1100 PM
 LOWEST     50           300 PM
 AVERAGE    72

..........................................................


THE SANTA ROSA AIRPORT CLIMATE NORMALS FOR TODAY
                         NORMAL    RECORD    YEAR
 MAXIMUM TEMPERATURE (F)   83       103      2003
 MINIMUM TEMPERATURE (F)   49        41      2012


SUNRISE AND SUNSET
SEPTEMBER 22 2014.....SUNRISE   659 AM PDT   SUNSET   708 PM PDT
SEPTEMBER 23 2014.....SUNRISE   700 AM PDT   SUNSET   706 PM PDT


-  INDICATES NEGATIVE NUMBERS.
R  INDICATES RECORD WAS SET OR TIED.
MM INDICATES DATA IS MISSING.
T  INDICATES TRACE AMOUNT.




$$
