000
CDUS43 KFSD 290657
CLISUX


CLIMATE REPORT
NATIONAL WEATHER SERVICE SIOUX FALLS SD
156 AM CDT SUN MAR 29 2015


...................................

...THE SIOUX CITY IA CLIMATE SUMMARY FOR MARCH 28 2015...

CLIMATE NORMAL PERIOD 1981 TO 2010
CLIMATE RECORD PERIOD 1889 TO 2015


WEATHER ITEM   OBSERVED TIME   RECORD YEAR NORMAL DEPARTURE LAST
                VALUE   (LST)  VALUE       VALUE  FROM      YEAR
                                                  NORMAL
..................................................................
TEMPERATURE (F)
 YESTERDAY
  MAXIMUM         56    321 PM  83    1986  54      2       37
  MINIMUM         30    700 AM   9    1969  30      0       20
  AVERAGE         43                        42      1       29

PRECIPITATION (IN)
  YESTERDAY        0.00          1.68 1940   0.09  -0.09     0.00
  MONTH TO DATE    0.88                      1.73  -0.85     0.38
  SINCE MAR 1      0.88                      1.73  -0.85     0.38
  SINCE JAN 1      1.84                      3.02  -1.18     1.15

SNOWFALL (IN)
  YESTERDAY        0.0          16.0  1890   0.1   -0.1      0.0
  MONTH TO DATE    T                         6.0   -6.0      4.7
  SINCE MAR 1      T                         6.0   -6.0      4.7
  SINCE JUL 1     21.5                      32.5  -11.0     18.5
  SNOW DEPTH       0

DEGREE DAYS
 HEATING
  YESTERDAY       22                        23     -1       36
  MONTH TO DATE  671                       817   -146      926
  SINCE MAR 1    671                       817   -146      926
  SINCE JUL 1   5837                      6111   -274     6530

 COOLING
  YESTERDAY        0                         0      0        0
  MONTH TO DATE    0                         0      0        0
  SINCE MAR 1      0                         0      0        0
  SINCE JAN 1      0                         0      0        0
..................................................................


WIND (MPH)
  HIGHEST WIND SPEED    23   HIGHEST WIND DIRECTION     S (160)
  HIGHEST GUST SPEED    31   HIGHEST GUST DIRECTION     S (160)
  AVERAGE WIND SPEED    13.8


SKY COVER
  POSSIBLE SUNSHINE  MM
  AVERAGE SKY COVER 0.3


WEATHER CONDITIONS
 THE FOLLOWING WEATHER WAS RECORDED YESTERDAY.
  NO SIGNIFICANT WEATHER WAS OBSERVED.


RELATIVE HUMIDITY (PERCENT)
 HIGHEST    78           500 AM
 LOWEST     32           300 PM
 AVERAGE    55

..........................................................


THE SIOUX CITY IA CLIMATE NORMALS FOR TODAY
                         NORMAL    RECORD    YEAR
 MAXIMUM TEMPERATURE (F)   54        89      1986
 MINIMUM TEMPERATURE (F)   30         5      1969


SUNRISE AND SUNSET
MARCH 29 2015.........SUNRISE   714 AM CDT   SUNSET   748 PM CDT
MARCH 30 2015.........SUNRISE   712 AM CDT   SUNSET   749 PM CDT


-  INDICATES NEGATIVE NUMBERS.
R  INDICATES RECORD WAS SET OR TIED.
MM INDICATES DATA IS MISSING.
T  INDICATES TRACE AMOUNT.




$$
