000
CDUS43 KFSD 302223
CLISUX


CLIMATE REPORT
NATIONAL WEATHER SERVICE SIOUX FALLS SD
522 PM CDT WED JUL 30 2014


...................................

...THE SIOUX CITY IA CLIMATE SUMMARY FOR JULY 30 2014...
VALID TODAY AS OF 0500 PM LOCAL TIME.

CLIMATE NORMAL PERIOD 1981 TO 2010
CLIMATE RECORD PERIOD 1889 TO 2014


WEATHER ITEM   OBSERVED TIME   RECORD YEAR NORMAL DEPARTURE LAST
                VALUE   (LST)  VALUE       VALUE  FROM      YEAR
                                                  NORMAL
..................................................................
TEMPERATURE (F)
 TODAY
  MAXIMUM         82    156 PM 104    1955  85     -3       75
  MINIMUM         51    541 AM  42    1971  63    -12       60
  AVERAGE         67                        74     -7       68

PRECIPITATION (IN)
  TODAY            0.00          1.23 1964   0.11  -0.11     0.00
  MONTH TO DATE    3.60                      3.34   0.26     0.60
  SINCE JUN 1     20.25                      7.23  13.02     3.73
  SINCE JAN 1     25.50                     17.21   8.29    16.96

SNOWFALL (IN)
  TODAY            0.0           0.0    MM   0.0    0.0      0.0
  MONTH TO DATE    0.0                       0.0    0.0      0.0
  SINCE JUN 1      0.0                       0.0    0.0      0.0
  SINCE JUL 1      0.0                       0.0    0.0      0.0
  SNOW DEPTH       0

DEGREE DAYS
 HEATING
  TODAY            0                         0      0        0
  MONTH TO DATE    6                         0      6       15
  SINCE JUN 1     26                        27     -1       55
  SINCE JUL 1      6                         0      6       15

 COOLING
  TODAY            2                         9     -7        3
  MONTH TO DATE  192                       287    -95      279
  SINCE JUN 1    387                       475    -88      474
  SINCE JAN 1    508                       539    -31      530
..................................................................


WIND (MPH)
  HIGHEST WIND SPEED     7   HIGHEST WIND DIRECTION    NE (60)
  HIGHEST GUST SPEED    11   HIGHEST GUST DIRECTION    NE (60)
  AVERAGE WIND SPEED     1.9


SKY COVER
  POSSIBLE SUNSHINE  MM
  AVERAGE SKY COVER 0.2


WEATHER CONDITIONS
 THE FOLLOWING WEATHER WAS RECORDED TODAY.
  FOG


RELATIVE HUMIDITY (PERCENT)
 HIGHEST   100           400 AM
 LOWEST     39           300 PM
 AVERAGE    70

..........................................................


THE SIOUX CITY IA CLIMATE NORMALS FOR TOMORROW
                         NORMAL    RECORD    YEAR
 MAXIMUM TEMPERATURE (F)   85       107      1955
 MINIMUM TEMPERATURE (F)   63        49      2009
                                             1971


SUNRISE AND SUNSET
JULY 30 2014..........SUNRISE   616 AM CDT   SUNSET   847 PM CDT
JULY 31 2014..........SUNRISE   617 AM CDT   SUNSET   846 PM CDT


-  INDICATES NEGATIVE NUMBERS.
R  INDICATES RECORD WAS SET OR TIED.
MM INDICATES DATA IS MISSING.
T  INDICATES TRACE AMOUNT.




$$
