000
CDUS43 KFSD 102227
CLISUX


CLIMATE REPORT
NATIONAL WEATHER SERVICE SIOUX FALLS SD
426 PM CST SAT DEC 10 2016


...................................

...THE SIOUX CITY IA CLIMATE SUMMARY FOR DECEMBER 10 2016...
VALID TODAY AS OF 0400 PM LOCAL TIME.

CLIMATE NORMAL PERIOD 1981 TO 2010
CLIMATE RECORD PERIOD 1889 TO 2016


WEATHER ITEM   OBSERVED TIME   RECORD YEAR NORMAL DEPARTURE LAST
                VALUE   (LST)  VALUE       VALUE  FROM      YEAR
                                                  NORMAL
..................................................................
TEMPERATURE (F)
 TODAY
  MAXIMUM         27    325 PM  68    1890  33     -6       58
  MINIMUM         20    606 AM -16    1919  14      6       33
  AVERAGE         24                        24      0       46

PRECIPITATION (IN)
  TODAY            0.08          0.94 1970   0.03   0.05     0.04
  MONTH TO DATE    0.13                      0.31  -0.18     0.25
  SINCE DEC 1      0.13                      0.31  -0.18     0.25
  SINCE JAN 1     30.90                     27.25   3.65    32.53

SNOWFALL (IN)
  TODAY           MM             5.4  1970   0.3   MM        0.0
  MONTH TO DATE    0.2                       2.6   -2.4      3.2
  SINCE DEC 1      0.2                       2.6   -2.4      3.2
  SINCE JUL 1      1.2                       8.0   -6.8     15.7
  SNOW DEPTH       T

DEGREE DAYS
 HEATING
  TODAY           41                        41      0       19
  MONTH TO DATE  372                       397    -25      299
  SINCE DEC 1    372                       397    -25      299
  SINCE JUL 1   1316                      1873   -557     1405

 COOLING
  TODAY            0                         0      0        0
  MONTH TO DATE    0                         0      0        0
  SINCE DEC 1      0                         0      0        0
  SINCE JAN 1   1165                       869    296      889
..................................................................


WIND (MPH)
  HIGHEST WIND SPEED    23   HIGHEST WIND DIRECTION    SE (130)
  HIGHEST GUST SPEED    28   HIGHEST GUST DIRECTION    SE (130)
  AVERAGE WIND SPEED     8.6


SKY COVER
  POSSIBLE SUNSHINE  MM
  AVERAGE SKY COVER 1.0


WEATHER CONDITIONS
 THE FOLLOWING WEATHER WAS RECORDED TODAY.
  SNOW
  LIGHT SNOW
  FOG


RELATIVE HUMIDITY (PERCENT)
 HIGHEST    84           900 AM
 LOWEST     67          1200 AM
 AVERAGE    76

..........................................................


THE SIOUX CITY IA CLIMATE NORMALS FOR TOMORROW
                         NORMAL    RECORD    YEAR
 MAXIMUM TEMPERATURE (F)   33        60      1946
                                             1943
                                             1889
 MINIMUM TEMPERATURE (F)   14       -10      1989


SUNRISE AND SUNSET
DECEMBER 10 2016......SUNRISE   744 AM CST   SUNSET   453 PM CST
DECEMBER 11 2016......SUNRISE   745 AM CST   SUNSET   453 PM CST


-  INDICATES NEGATIVE NUMBERS.
R  INDICATES RECORD WAS SET OR TIED.
MM INDICATES DATA IS MISSING.
T  INDICATES TRACE AMOUNT.




$$
