000
CDUS41 KBGM 050558
CLISYR


CLIMATE REPORT
NATIONAL WEATHER SERVICE BINGHAMTON NY
158 AM EDT THU MAY 5 2016


...................................

...THE SYRACUSE NY CLIMATE SUMMARY FOR MAY 4 2016...

CLIMATE NORMAL PERIOD 1981 TO 2010
CLIMATE RECORD PERIOD 1902 TO 2016


WEATHER ITEM   OBSERVED TIME   RECORD YEAR NORMAL DEPARTURE LAST
                VALUE   (LST)  VALUE       VALUE  FROM      YEAR
                                                  NORMAL
..................................................................
TEMPERATURE (F)
 YESTERDAY
  MAXIMUM         61   1255 PM  88    2001  65     -4       84
                                      1949
                                      1944
  MINIMUM         45    527 AM  27    1986  43      2       52
  AVERAGE         53                        54     -1       68

PRECIPITATION (IN)
  YESTERDAY        0.06          2.19 1922   0.10  -0.04      T
  MONTH TO DATE    0.87                      0.39   0.48      T
  SINCE MAR 1      5.33                      6.53  -1.20     4.31
  SINCE JAN 1     11.85                     11.10   0.75     8.19

SNOWFALL (IN)
  YESTERDAY        0.0           T    1976   0.1   -0.1      0.0
  MONTH TO DATE    0.0                       0.1   -0.1      0.0
  SINCE MAR 1     13.5                      21.9   -8.4     12.9
  SINCE JUL 1     80.3                     123.8  -43.5    119.7
  SNOW DEPTH       0

DEGREE DAYS
 HEATING
  YESTERDAY       12                        11      1        0
  MONTH TO DATE   61                        47     14       19
  SINCE MAR 1   1499                      1551    -52     1737
  SINCE JUL 1   5598                      6382   -784     6961

 COOLING
  YESTERDAY        0                         0      0        3
  MONTH TO DATE    0                         0      0        3
  SINCE MAR 1      0                         4     -4        3
  SINCE JAN 1      0                         4     -4        3
..................................................................


WIND (MPH)
  HIGHEST WIND SPEED    18   HIGHEST WIND DIRECTION     E (90)
  HIGHEST GUST SPEED    26   HIGHEST GUST DIRECTION     E (90)
  AVERAGE WIND SPEED     7.2


SKY COVER
  POSSIBLE SUNSHINE  MM
  AVERAGE SKY COVER 0.9


WEATHER CONDITIONS
 THE FOLLOWING WEATHER WAS RECORDED YESTERDAY.
  LIGHT RAIN
  FOG


RELATIVE HUMIDITY (PERCENT)
 HIGHEST    93           600 AM
 LOWEST     63          1200 AM
 AVERAGE    78

..........................................................


THE SYRACUSE NY CLIMATE NORMALS FOR TODAY
                         NORMAL    RECORD    YEAR
 MAXIMUM TEMPERATURE (F)   65        90      1944
 MINIMUM TEMPERATURE (F)   43        30      2005
                                             1966


SUNRISE AND SUNSET
MAY  5 2016...........SUNRISE   552 AM EDT   SUNSET   811 PM EDT
MAY  6 2016...........SUNRISE   551 AM EDT   SUNSET   812 PM EDT


-  INDICATES NEGATIVE NUMBERS.
R  INDICATES RECORD WAS SET OR TIED.
MM INDICATES DATA IS MISSING.
T  INDICATES TRACE AMOUNT.




$$
