621
CDUS41 KBGM 180535
CLISYR


CLIMATE REPORT
NATIONAL WEATHER SERVICE BINGHAMTON NY
1235 AM EST WED JAN 18 2017


...................................

...THE SYRACUSE NY CLIMATE SUMMARY FOR JANUARY 17 2017...

CLIMATE NORMAL PERIOD 1981 TO 2010
CLIMATE RECORD PERIOD 1902 TO 2017


WEATHER ITEM   OBSERVED TIME   RECORD YEAR NORMAL DEPARTURE LAST
                VALUE   (LST)  VALUE       VALUE  FROM      YEAR
                                                  NORMAL
..................................................................
TEMPERATURE (F)
 YESTERDAY
  MAXIMUM         37   1159 PM  58    1990  31      6       32
  MINIMUM         23   1228 AM -16    1965  15      8       19
  AVERAGE         30                        23      7       26

PRECIPITATION (IN)
  YESTERDAY        0.91R         0.65 1932   0.08   0.83     0.06
  MONTH TO DATE    2.19                      1.45   0.74     1.39
  SINCE DEC 1      5.43                      4.67   0.76     6.22
  SINCE JAN 1      2.19                      1.45   0.74     1.39

SNOWFALL (IN)
  YESTERDAY        0.0           6.3  1978   1.2   -1.2      1.7
  MONTH TO DATE    4.8                      18.4  -13.6     22.0
  SINCE DEC 1     42.0                      51.1   -9.1     24.1
  SINCE JUL 1     67.4                      61.0    6.4     24.9
  SNOW DEPTH       0

DEGREE DAYS
 HEATING
  YESTERDAY       35                        42     -7       39
  MONTH TO DATE  660                       701    -41      652
  SINCE DEC 1   1751                      1805    -54     1383
  SINCE JUL 1   2945                      3154   -209     2468

 COOLING
  YESTERDAY        0                         0      0        0
  MONTH TO DATE    0                         0      0        0
  SINCE DEC 1      0                         0      0        0
  SINCE JAN 1      0                         0      0        0
..................................................................


WIND (MPH)
  HIGHEST WIND SPEED    17   HIGHEST WIND DIRECTION     E (90)
  HIGHEST GUST SPEED    22   HIGHEST GUST DIRECTION     E (90)
  AVERAGE WIND SPEED     8.1


SKY COVER
  POSSIBLE SUNSHINE  MM
  AVERAGE SKY COVER 1.0


WEATHER CONDITIONS
 THE FOLLOWING WEATHER WAS RECORDED YESTERDAY.
  HEAVY RAIN
  RAIN
  LIGHT RAIN
  LT FREEZING RAIN
  FOG


RELATIVE HUMIDITY (PERCENT)
 HIGHEST   100           200 PM
 LOWEST     81           100 AM
 AVERAGE    91

..........................................................


THE SYRACUSE NY CLIMATE NORMALS FOR TODAY
                         NORMAL    RECORD    YEAR
 MAXIMUM TEMPERATURE (F)   31        61      1973
 MINIMUM TEMPERATURE (F)   15       -15      1945


SUNRISE AND SUNSET
JANUARY 18 2017.......SUNRISE   731 AM EST   SUNSET   459 PM EST
JANUARY 19 2017.......SUNRISE   731 AM EST   SUNSET   500 PM EST


-  INDICATES NEGATIVE NUMBERS.
R  INDICATES RECORD WAS SET OR TIED.
MM INDICATES DATA IS MISSING.
T  INDICATES TRACE AMOUNT.




$$
