000
CDUS41 KBGM 280545
CLISYR


CLIMATE REPORT
NATIONAL WEATHER SERVICE BINGHAMTON NY
144 AM EDT FRI APR 28 2017


...................................

...THE SYRACUSE NY CLIMATE SUMMARY FOR APRIL 27 2017...

CLIMATE NORMAL PERIOD 1981 TO 2010
CLIMATE RECORD PERIOD 1902 TO 2017


WEATHER ITEM   OBSERVED TIME   RECORD YEAR NORMAL DEPARTURE LAST
                VALUE   (LST)  VALUE       VALUE  FROM      YEAR
                                                  NORMAL
..................................................................
TEMPERATURE (F)
 YESTERDAY
  MAXIMUM         82    404 PM  91    2009  62     20       54
  MINIMUM         55    416 AM  28    2016  41     14       28
                                      1993
                                      1972
  AVERAGE         69                        52     17       41

PRECIPITATION (IN)
  YESTERDAY        0.04          0.87 1943   0.10  -0.06     0.00
  MONTH TO DATE    4.84                      2.88   1.96     2.01
  SINCE MAR 1      8.69                      5.83   2.86     4.46
  SINCE JAN 1     15.27                     10.40   4.87    10.98

SNOWFALL (IN)
  YESTERDAY        0.0           T    2012   0.1   -0.1      0.0
                                      2010
                                      1976
  MONTH TO DATE    0.3                       3.7   -3.4      8.1
  SINCE MAR 1     31.2                      21.7    9.5     13.5
  SINCE JUL 1    134.9                     123.6   11.3     80.3
  SNOW DEPTH       0

DEGREE DAYS
 HEATING
  YESTERDAY        0                        14    -14       24
  MONTH TO DATE  400                       508   -108      611
  SINCE MAR 1   1472                      1465      7     1386
  SINCE JUL 1   5741                      6296   -555     5485

 COOLING
  YESTERDAY        4                         0      4        0
  MONTH TO DATE   12                         0     12        0
  SINCE MAR 1     12                         0     12        0
  SINCE JAN 1     12                         0     12        0
..................................................................


WIND (MPH)
  HIGHEST WIND SPEED    18   HIGHEST WIND DIRECTION     S (170)
  HIGHEST GUST SPEED    25   HIGHEST GUST DIRECTION     S (170)
  AVERAGE WIND SPEED    10.8


SKY COVER
  POSSIBLE SUNSHINE  MM
  AVERAGE SKY COVER 0.7


WEATHER CONDITIONS
 THE FOLLOWING WEATHER WAS RECORDED YESTERDAY.
  LIGHT RAIN


RELATIVE HUMIDITY (PERCENT)
 HIGHEST   100           300 AM
 LOWEST     45           300 PM
 AVERAGE    73

..........................................................


THE SYRACUSE NY CLIMATE NORMALS FOR TODAY
                         NORMAL    RECORD    YEAR
 MAXIMUM TEMPERATURE (F)   63        92      1990
 MINIMUM TEMPERATURE (F)   41        24      1947


SUNRISE AND SUNSET
APRIL 28 2017.........SUNRISE   602 AM EDT   SUNSET   803 PM EDT
APRIL 29 2017.........SUNRISE   601 AM EDT   SUNSET   804 PM EDT


-  INDICATES NEGATIVE NUMBERS.
R  INDICATES RECORD WAS SET OR TIED.
MM INDICATES DATA IS MISSING.
T  INDICATES TRACE AMOUNT.




$$
