303
CDKA40 PTYA 170700
CLIT11
DAILY CLIMATE REPORT
NATIONAL WEATHER SERVICE YAP FM
5PM LST TUE JAN 17 2017
THE YAP FM CLIMATE SUMMARY FOR JANUARY 17 2017
CLIMATE NORMAL PERIOD  1981  TO 2010
CLIMATE RECORD PERIOD  1951  TO 2017
WEATHER ITEM OBSERVED TIME  RECORD YEAR NORMAL DEPARTURE LAST
              VALUE   (LST) VALUE       VALUE    FROM    YEAR
                                                NORMAL
TEMPERATURE   (F)
TODAY
MAXIMUM       88  1145        97  2014     87       1        88
MINIMUM       78  0345        63  1999     78       0        77
AVERAGE       83                           83       0        83
PRECIPITATION INCHES
TODAY           0.03       164.24/1996     0.22    -0.19    0.05
MONTH TO DATE   5.25                       3.98     1.27    1.92
SINCE 01 DEC   13.84                      13.26     0.58    6.85
SINCE JAN 01    5.25                       3.98     1.27    1.92
