000
CDUS45 KPUB 191028
CLITAD


CLIMATE REPORT
NATIONAL WEATHER SERVICE PUEBLO
428 AM MDT TUE SEP 19 2017


...................................

...THE TRINIDAD CO CLIMATE SUMMARY FOR SEPTEMBER 18 2017...

CLIMATE NORMAL PERIOD 1981 TO 2010
CLIMATE RECORD PERIOD 9999 TO 9999


WEATHER ITEM   OBSERVED TIME   NORMAL DEPARTURE LAST
                VALUE   (LST)  VALUE  FROM      YEAR
                                      NORMAL
......................................................
TEMPERATURE (F)
 YESTERDAY
  MAXIMUM         81    429 PM  79      2       88
  MINIMUM         50    112 AM  48      2       48
  AVERAGE         66            63      3       68

PRECIPITATION (IN)
  YESTERDAY        0.00          0.04  -0.04     0.00
  MONTH TO DATE    0.97          0.84   0.13     1.01
  SINCE SEP 1      0.97          0.84   0.13     1.01
  SINCE JAN 1     17.17         11.30   5.87     7.24

DEGREE DAYS
 HEATING
  YESTERDAY        0             4     -4        0
  MONTH TO DATE    8            35    -27       16
  SINCE SEP 1      8            35    -27       16
  SINCE JUL 1     11            45    -34       23

 COOLING
  YESTERDAY        1             2     -1        3
  MONTH TO DATE   92            62     30       92
  SINCE SEP 1     92            62     30       92
  SINCE JAN 1    777           704     73      507
......................................................


WIND (MPH)
  HIGHEST WIND SPEED    16   HIGHEST WIND DIRECTION     W (250)
  HIGHEST GUST SPEED    19   HIGHEST GUST DIRECTION     W (260)
  AVERAGE WIND SPEED     8.4


SKY COVER
  POSSIBLE SUNSHINE  MM
  AVERAGE SKY COVER 0.1


WEATHER CONDITIONS
 THE FOLLOWING WEATHER WAS RECORDED YESTERDAY.
  NO SIGNIFICANT WEATHER WAS OBSERVED.


RELATIVE HUMIDITY (PERCENT)
 HIGHEST    96          1200 AM
 LOWEST     23           400 PM
 AVERAGE    60

..........................................................




SUNRISE AND SUNSET
SEPTEMBER 19 2017.....SUNRISE   643 AM MDT   SUNSET   658 PM MDT
SEPTEMBER 20 2017.....SUNRISE   644 AM MDT   SUNSET   657 PM MDT


-  INDICATES NEGATIVE NUMBERS.
R  INDICATES RECORD WAS SET OR TIED.
MM INDICATES DATA IS MISSING.
T  INDICATES TRACE AMOUNT.




$$
