000
CDUS45 KPUB 181133
CLITAD


CLIMATE REPORT
NATIONAL WEATHER SERVICE PUEBLO
431 AM MST MON DEC 18 2017


...................................

...THE TRINIDAD CO CLIMATE SUMMARY FOR DECEMBER 17 2017...

CLIMATE NORMAL PERIOD 1981 TO 2010
CLIMATE RECORD PERIOD 9999 TO 9999


WEATHER ITEM   OBSERVED TIME   NORMAL DEPARTURE LAST
                VALUE   (LST)  VALUE  FROM      YEAR
                                      NORMAL
......................................................
TEMPERATURE (F)
 YESTERDAY
  MAXIMUM         40    328 PM  45     -5       15
  MINIMUM         20    225 AM  17      3      -14
  AVERAGE         30            31     -1        1

PRECIPITATION (IN)
  YESTERDAY        0.00          0.02  -0.02     0.22
  MONTH TO DATE    0.01          0.31  -0.30     0.22
  SINCE DEC 1      0.01          0.31  -0.30     0.22
  SINCE JAN 1     20.65         13.61   7.04     7.92

DEGREE DAYS
 HEATING
  YESTERDAY       35            34      1       64
  MONTH TO DATE  445           561   -116      586
  SINCE DEC 1    445           561   -116      586
  SINCE JUL 1   1412          1794   -382     1352

 COOLING
  YESTERDAY        0             0      0        0
  MONTH TO DATE    0             0      0        0
  SINCE DEC 1      0             0      0        0
  SINCE JAN 1    796           719     77      564
......................................................


WIND (MPH)
  HIGHEST WIND SPEED    20   HIGHEST WIND DIRECTION     W (260)
  HIGHEST GUST SPEED    23   HIGHEST GUST DIRECTION     W (260)
  AVERAGE WIND SPEED     4.7


SKY COVER
  POSSIBLE SUNSHINE  MM
  AVERAGE SKY COVER 0.3


WEATHER CONDITIONS
 THE FOLLOWING WEATHER WAS RECORDED YESTERDAY.
  NO SIGNIFICANT WEATHER WAS OBSERVED.


RELATIVE HUMIDITY (PERCENT)
 HIGHEST    88           600 AM
 LOWEST     37          1100 PM
 AVERAGE    63

..........................................................




SUNRISE AND SUNSET
DECEMBER 18 2017......SUNRISE   706 AM MST   SUNSET   442 PM MST
DECEMBER 19 2017......SUNRISE   707 AM MST   SUNSET   443 PM MST


-  INDICATES NEGATIVE NUMBERS.
R  INDICATES RECORD WAS SET OR TIED.
MM INDICATES DATA IS MISSING.
T  INDICATES TRACE AMOUNT.




$$
