000
CDUS45 KPUB 261039
CLITAD


CLIMATE REPORT
NATIONAL WEATHER SERVICE PUEBLO
439 AM MDT SUN MAR 26 2017


...................................

...THE TRINIDAD CO CLIMATE SUMMARY FOR MARCH 25 2017...

CLIMATE NORMAL PERIOD 1981 TO 2010
CLIMATE RECORD PERIOD 9999 TO 9999


WEATHER ITEM   OBSERVED TIME   NORMAL DEPARTURE LAST
                VALUE   (LST)  VALUE  FROM      YEAR
                                      NORMAL
......................................................
TEMPERATURE (F)
 YESTERDAY
  MAXIMUM         64    319 PM  60      4       58
  MINIMUM         31    627 AM  29      2       25
  AVERAGE         48            44      4       42

PRECIPITATION (IN)
  YESTERDAY        0.00          0.03  -0.03     0.05
  MONTH TO DATE    0.52          0.70  -0.18     0.08
  SINCE MAR 1      0.52          0.70  -0.18     0.08
  SINCE JAN 1      2.08          1.59   0.49     0.49

DEGREE DAYS
 HEATING
  YESTERDAY       17            21     -4       23
  MONTH TO DATE  359           587   -228      499
  SINCE MAR 1    359           587   -228      499
  SINCE JUL 1   3815          4709   -894     3997

 COOLING
  YESTERDAY        0             0      0        0
  MONTH TO DATE    1             0      1        0
  SINCE MAR 1      1             0      1        0
  SINCE JAN 1      1             0      1        0
......................................................


WIND (MPH)
  HIGHEST WIND SPEED    18   HIGHEST WIND DIRECTION    SW (240)
  HIGHEST GUST SPEED    23   HIGHEST GUST DIRECTION    SW (240)
  AVERAGE WIND SPEED     9.8


SKY COVER
  POSSIBLE SUNSHINE  MM
  AVERAGE SKY COVER 0.0


WEATHER CONDITIONS
 THE FOLLOWING WEATHER WAS RECORDED YESTERDAY.
  NO SIGNIFICANT WEATHER WAS OBSERVED.


RELATIVE HUMIDITY (PERCENT)
 HIGHEST    85           500 AM
 LOWEST     23           300 PM
 AVERAGE    54

..........................................................




SUNRISE AND SUNSET
MARCH 26 2017.........SUNRISE   651 AM MDT   SUNSET   715 PM MDT
MARCH 27 2017.........SUNRISE   650 AM MDT   SUNSET   716 PM MDT


-  INDICATES NEGATIVE NUMBERS.
R  INDICATES RECORD WAS SET OR TIED.
MM INDICATES DATA IS MISSING.
T  INDICATES TRACE AMOUNT.




$$
