000
CDUS45 KPUB 211052
CLITAD


CLIMATE REPORT
NATIONAL WEATHER SERVICE PUEBLO
452 AM MDT FRI JUL 21 2017


...................................

...THE TRINIDAD CO CLIMATE SUMMARY FOR JULY 20 2017...

CLIMATE NORMAL PERIOD 1981 TO 2010
CLIMATE RECORD PERIOD 9999 TO 9999


WEATHER ITEM   OBSERVED TIME   NORMAL DEPARTURE LAST
                VALUE   (LST)  VALUE  FROM      YEAR
                                      NORMAL
......................................................
TEMPERATURE (F)
 YESTERDAY
  MAXIMUM         96    344 PM  89      7       MM
  MINIMUM         68    426 AM  59      9       MM
  AVERAGE         82            74      8       MM

PRECIPITATION (IN)
  YESTERDAY        0.00          0.08  -0.08    MM
  MONTH TO DATE    0.66          1.35  -0.69     0.21
  SINCE JUN 1      1.86          2.76  -0.90     1.94
  SINCE JAN 1     10.27          7.28   2.99     6.17

DEGREE DAYS
 HEATING
  YESTERDAY        0             0      0       MM
  MONTH TO DATE    0             0      0        0
  SINCE JUN 1      8            39    -31        4
  SINCE JUL 1      0             0      0        0

 COOLING
  YESTERDAY       17             9      8       MM
  MONTH TO DATE  210           174     36       98
  SINCE JUN 1    400           315     85      329
  SINCE JAN 1    415           343     72      341
......................................................


WIND (MPH)
  HIGHEST WIND SPEED    23   HIGHEST WIND DIRECTION     S (200)
  HIGHEST GUST SPEED    30   HIGHEST GUST DIRECTION    SW (210)
  AVERAGE WIND SPEED     9.4


SKY COVER
  POSSIBLE SUNSHINE  MM
  AVERAGE SKY COVER 0.0


WEATHER CONDITIONS
 THE FOLLOWING WEATHER WAS RECORDED YESTERDAY.
  NO SIGNIFICANT WEATHER WAS OBSERVED.


RELATIVE HUMIDITY (PERCENT)
 HIGHEST    44           400 AM
 LOWEST     11           200 PM
 AVERAGE    28

..........................................................




SUNRISE AND SUNSET
JULY 21 2017..........SUNRISE   553 AM MDT   SUNSET   814 PM MDT
JULY 22 2017..........SUNRISE   554 AM MDT   SUNSET   813 PM MDT


-  INDICATES NEGATIVE NUMBERS.
R  INDICATES RECORD WAS SET OR TIED.
MM INDICATES DATA IS MISSING.
T  INDICATES TRACE AMOUNT.




$$
