000
CDUS45 KPUB 191134
CLITAD


CLIMATE REPORT
NATIONAL WEATHER SERVICE PUEBLO
434 AM MST SUN FEB 19 2017


...................................

...THE TRINIDAD CO CLIMATE SUMMARY FOR FEBRUARY 18 2017...

CLIMATE NORMAL PERIOD 1981 TO 2010
CLIMATE RECORD PERIOD 9999 TO 9999


WEATHER ITEM   OBSERVED TIME   NORMAL DEPARTURE LAST
                VALUE   (LST)  VALUE  FROM      YEAR
                                      NORMAL
......................................................
TEMPERATURE (F)
 YESTERDAY
  MAXIMUM         67    129 PM  51     16       79
  MINIMUM         31    305 AM  21     10       51
  AVERAGE         49            36     13       65

PRECIPITATION (IN)
  YESTERDAY        0.00          0.02  -0.02     0.00
  MONTH TO DATE    0.06          0.29  -0.23     0.05
  SINCE DEC 1      1.86          1.23   0.63     0.56
  SINCE JAN 1      1.56          0.69   0.87     0.33

DEGREE DAYS
 HEATING
  YESTERDAY       16            30    -14        0
  MONTH TO DATE  355           560   -205      449
  SINCE DEC 1   2449          2609   -160     2334
  SINCE JUL 1   3215          3842   -627     3252

 COOLING
  YESTERDAY        0             0      0        0
  MONTH TO DATE    0             0      0        0
  SINCE DEC 1      0             0      0        0
  SINCE JAN 1      0             0      0        0
......................................................


WIND (MPH)
  HIGHEST WIND SPEED    28   HIGHEST WIND DIRECTION     S (180)
  HIGHEST GUST SPEED    36   HIGHEST GUST DIRECTION    SW (230)
  AVERAGE WIND SPEED    10.5


SKY COVER
  POSSIBLE SUNSHINE  MM
  AVERAGE SKY COVER 0.0


WEATHER CONDITIONS
 THE FOLLOWING WEATHER WAS RECORDED YESTERDAY.
  NO SIGNIFICANT WEATHER WAS OBSERVED.


RELATIVE HUMIDITY (PERCENT)
 HIGHEST    61           700 AM
 LOWEST     16           300 PM
 AVERAGE    39

..........................................................




SUNRISE AND SUNSET
FEBRUARY 19 2017......SUNRISE   641 AM MST   SUNSET   542 PM MST
FEBRUARY 20 2017......SUNRISE   640 AM MST   SUNSET   543 PM MST


-  INDICATES NEGATIVE NUMBERS.
R  INDICATES RECORD WAS SET OR TIED.
MM INDICATES DATA IS MISSING.
T  INDICATES TRACE AMOUNT.




$$
