470
CDUS45 KPUB 241100
CLITAD


CLIMATE REPORT
NATIONAL WEATHER SERVICE PUEBLO
500 AM MDT WED MAY 24 2017


...................................

...THE TRINIDAD CO CLIMATE SUMMARY FOR MAY 23 2017...

CLIMATE NORMAL PERIOD 1981 TO 2010
CLIMATE RECORD PERIOD 9999 TO 9999


WEATHER ITEM   OBSERVED TIME   NORMAL DEPARTURE LAST
                VALUE   (LST)  VALUE  FROM      YEAR
                                      NORMAL
......................................................
TEMPERATURE (F)
 YESTERDAY
  MAXIMUM         61    404 PM  77    -16       80
  MINIMUM         36   1259 AM  46    -10       42
  AVERAGE         49            61    -12       61

PRECIPITATION (IN)
  YESTERDAY        0.08          0.05   0.03     0.00
  MONTH TO DATE    2.27          1.13   1.14     0.32
  SINCE MAR 1      6.59          3.15   3.44     3.59
  SINCE JAN 1      8.15          4.04   4.11     4.00

DEGREE DAYS
 HEATING
  YESTERDAY       16             5     11        4
  MONTH TO DATE  223           173     50      211
  SINCE MAR 1   1109          1341   -232     1335
  SINCE JUL 1   4565          5463   -898     4833

 COOLING
  YESTERDAY        0             1     -1        0
  MONTH TO DATE    9            12     -3       10
  SINCE MAR 1     12            14     -2       11
  SINCE JAN 1     12            14     -2       11
......................................................


WIND (MPH)
  HIGHEST WIND SPEED    21   HIGHEST WIND DIRECTION     N (360)
  HIGHEST GUST SPEED    29   HIGHEST GUST DIRECTION     N (20)
  AVERAGE WIND SPEED    10.7


SKY COVER
  POSSIBLE SUNSHINE  MM
  AVERAGE SKY COVER 0.4


WEATHER CONDITIONS
 THE FOLLOWING WEATHER WAS RECORDED YESTERDAY.
  RAIN
  LIGHT RAIN
  FOG


RELATIVE HUMIDITY (PERCENT)
 HIGHEST    92           200 AM
 LOWEST     32           400 PM
 AVERAGE    62

..........................................................




SUNRISE AND SUNSET
MAY 24 2017...........SUNRISE   542 AM MDT   SUNSET   807 PM MDT
MAY 25 2017...........SUNRISE   542 AM MDT   SUNSET   807 PM MDT


-  INDICATES NEGATIVE NUMBERS.
R  INDICATES RECORD WAS SET OR TIED.
MM INDICATES DATA IS MISSING.
T  INDICATES TRACE AMOUNT.




$$
