000
CDUS44 KBMX 050841
CLITCL


CLIMATE REPORT
NATIONAL WEATHER SERVICE BIRMINGHAM, AL
240 AM CST MON DEC 5 2016


...................................

...THE TUSCALOOSA CLIMATE SUMMARY FOR DECEMBER 4 2016...

CLIMATE NORMAL PERIOD 1981 TO 2010
CLIMATE RECORD PERIOD 1948 TO 2016


WEATHER ITEM   OBSERVED TIME   RECORD YEAR NORMAL DEPARTURE LAST
                VALUE   (LST)  VALUE       VALUE  FROM      YEAR
                                                  NORMAL
..................................................................
TEMPERATURE (F)
 YESTERDAY
  MAXIMUM         55    411 PM  78    2013  61     -6       59
  MINIMUM         46    424 AM  21    1989  38      8       30
  AVERAGE         51                        49      2       45

PRECIPITATION (IN)
  YESTERDAY        0.35          2.09 1952   0.19   0.16     0.00
  MONTH TO DATE    0.57                      0.75  -0.18     2.33
  SINCE DEC 1      0.57                      0.75  -0.18     2.33
  SINCE JAN 1     35.17                     48.73 -13.56    47.02

SNOWFALL (IN)
  YESTERDAY        0.0                       0.0    0.0
  MONTH TO DATE    0.0                       0.0    0.0
  SINCE DEC 1      0.0                       0.0    0.0
  SINCE JUL 1      0.0                       0.0    0.0

DEGREE DAYS
 HEATING
  YESTERDAY       14                        16     -2
  MONTH TO DATE   67                        62      5
  SINCE DEC 1     67                        62      5
  SINCE JUL 1    326                       499   -173
..................................................................


WIND (MPH)
  HIGHEST WIND SPEED    12   HIGHEST WIND DIRECTION     E (70)
  HIGHEST GUST SPEED    16   HIGHEST GUST DIRECTION     E (70)
  AVERAGE WIND SPEED     4.3


SKY COVER
  AVERAGE SKY COVER 1.0


WEATHER CONDITIONS
 THE FOLLOWING WEATHER WAS RECORDED YESTERDAY.
  RAIN
  LIGHT RAIN
  FOG


RELATIVE HUMIDITY (PERCENT)
 HIGHEST   100           100 PM
 LOWEST     86          1200 AM
 AVERAGE    93

..........................................................


THE TUSCALOOSA CLIMATE NORMALS FOR TODAY
                         NORMAL    RECORD    YEAR
 MAXIMUM TEMPERATURE (F)   60        80      2013
 MINIMUM TEMPERATURE (F)   38        21      2006


SUNRISE AND SUNSET
DECEMBER  5 2016......SUNRISE   640 AM CST   SUNSET   443 PM CST
DECEMBER  6 2016......SUNRISE   640 AM CST   SUNSET   443 PM CST


-  INDICATES NEGATIVE NUMBERS.
R  INDICATES RECORD WAS SET OR TIED.
MM INDICATES DATA IS MISSING.
T  INDICATES TRACE AMOUNT.




$$
