000
CDUS44 KBMX 180734
CLITCL


CLIMATE REPORT
NATIONAL WEATHER SERVICE BIRMINGHAM, AL
234 AM CDT FRI AUG 18 2017


...................................

...THE TUSCALOOSA CLIMATE SUMMARY FOR AUGUST 17 2017...

CLIMATE NORMAL PERIOD 1981 TO 2010
CLIMATE RECORD PERIOD 1948 TO 2017


WEATHER ITEM   OBSERVED TIME   RECORD YEAR NORMAL DEPARTURE LAST
                VALUE   (LST)  VALUE       VALUE  FROM      YEAR
                                                  NORMAL
..................................................................
TEMPERATURE (F)
 YESTERDAY
  MAXIMUM         92    255 PM 104    2000  92      0       93
  MINIMUM         73    609 AM  59    2004  71      2       71
  AVERAGE         83                        82      1       82

PRECIPITATION (IN)
  YESTERDAY        0.00          0.85 2015   0.10  -0.10     0.11
  MONTH TO DATE    5.85                      1.89   3.96     2.14
  SINCE JUN 1     21.68                     11.06  10.62    10.59
  SINCE JAN 1     47.67                     34.46  13.21    31.00

..................................................................


WIND (MPH)
  HIGHEST WIND SPEED    15   HIGHEST WIND DIRECTION    SW (230)
  HIGHEST GUST SPEED    19   HIGHEST GUST DIRECTION    SW (230)
  AVERAGE WIND SPEED     4.5


SKY COVER
  AVERAGE SKY COVER 0.4


WEATHER CONDITIONS
 THE FOLLOWING WEATHER WAS RECORDED YESTERDAY.
  NO SIGNIFICANT WEATHER WAS OBSERVED.


RELATIVE HUMIDITY (PERCENT)
 HIGHEST   100           200 AM
 LOWEST     60           200 PM
 AVERAGE    80

..........................................................


THE TUSCALOOSA CLIMATE NORMALS FOR TODAY
                         NORMAL    RECORD    YEAR
 MAXIMUM TEMPERATURE (F)   92       105      2002
                                             2000
 MINIMUM TEMPERATURE (F)   71        62      2004


SUNRISE AND SUNSET
AUGUST 18 2017........SUNRISE   615 AM CDT   SUNSET   732 PM CDT
AUGUST 19 2017........SUNRISE   616 AM CDT   SUNSET   731 PM CDT


-  INDICATES NEGATIVE NUMBERS.
R  INDICATES RECORD WAS SET OR TIED.
MM INDICATES DATA IS MISSING.
T  INDICATES TRACE AMOUNT.




$$
