000
CDUS42 KTAE 120636
CLITLH


CLIMATE REPORT
NATIONAL WEATHER SERVICE TALLAHASSEE FL
135 AM EST FRI FEB 12 2016


...................................

...THE TALLAHASSEE CLIMATE SUMMARY FOR FEBRUARY 11 2016...

CLIMATE NORMAL PERIOD 1981 TO 2010
CLIMATE RECORD PERIOD 1896 TO 2016


WEATHER ITEM   OBSERVED TIME   RECORD YEAR NORMAL DEPARTURE LAST
                VALUE   (LST)  VALUE       VALUE  FROM      YEAR
                                                  NORMAL
..................................................................
TEMPERATURE (F)
 YESTERDAY
  MAXIMUM         73    409 PM  82    1932  67      6       68
  MINIMUM         28    633 AM  17    1971  41    -13       34
  AVERAGE         51                        54     -3       51

PRECIPITATION (IN)
  YESTERDAY        0.00          4.84 1981   0.16  -0.16     0.00
  MONTH TO DATE    2.76                      1.75   1.01     2.10
  SINCE DEC 1     11.78                      9.99   1.79    15.64
  SINCE JAN 1      7.01                      6.09   0.92     6.86

SNOWFALL (IN)
  YESTERDAY        0.0                       0.0    0.0

DEGREE DAYS
 HEATING
  YESTERDAY       14                                3
  MONTH TO DATE  148                               15
  SINCE DEC 1    655                             -288
  SINCE JUL 1    700                             -479

 COOLING
  YESTERDAY        0                                0
  MONTH TO DATE    1                                1
  SINCE DEC 1    111                               93
  SINCE JAN 1      1                               -4
..................................................................


WIND (MPH)
  HIGHEST WIND SPEED    21   HIGHEST WIND DIRECTION    SW (220)
  HIGHEST GUST SPEED    26   HIGHEST GUST DIRECTION    SW (240)
  AVERAGE WIND SPEED     6.2




RELATIVE HUMIDITY (PERCENT)
 HIGHEST    85
 LOWEST     33
 AVERAGE    59

..........................................................


THE TALLAHASSEE CLIMATE NORMALS FOR TODAY
                         NORMAL    RECORD    YEAR
 MAXIMUM TEMPERATURE (F)   67        81      1932
 MINIMUM TEMPERATURE (F)   41        17      1899


SUNRISE AND SUNSET
FEBRUARY 12 2016......SUNRISE   721 AM EST   SUNSET   623 PM EST
FEBRUARY 13 2016......SUNRISE   720 AM EST   SUNSET   624 PM EST


-  INDICATES NEGATIVE NUMBERS.
R  INDICATES RECORD WAS SET OR TIED.
MM INDICATES DATA IS MISSING.
T  INDICATES TRACE AMOUNT.




$$
