000
CDUS42 KTAE 240631
CLITLH


CLIMATE REPORT
NATIONAL WEATHER SERVICE TALLAHASSEE FL
230 AM EDT MON APR 24 2017


...................................

...THE TALLAHASSEE CLIMATE SUMMARY FOR APRIL 23 2017...

CLIMATE NORMAL PERIOD 1981 TO 2010
CLIMATE RECORD PERIOD 1896 TO 2017


WEATHER ITEM   OBSERVED TIME   RECORD YEAR NORMAL DEPARTURE LAST
                VALUE   (LST)  VALUE       VALUE  FROM      YEAR
                                                  NORMAL
..................................................................
TEMPERATURE (F)
 YESTERDAY
  MAXIMUM         84    410 PM  91    1999  82      2       86
                                      1968
                                      1967
  MINIMUM         57    417 AM  31    1993  54      3       60
  AVERAGE         71                        68      3       73

PRECIPITATION (IN)
  YESTERDAY        0.03          2.23 1977   0.09  -0.06     0.00
  MONTH TO DATE    3.17                      2.49   0.68     6.49
  SINCE MAR 1      4.36                      8.43  -4.07    12.99
  SINCE JAN 1     14.29                     17.62  -3.33    21.69

SNOWFALL (IN)
  YESTERDAY        0.0                       0.0    0.0

DEGREE DAYS
 HEATING
  YESTERDAY        0                               -1
  MONTH TO DATE   19                              -41
  SINCE MAR 1    147                              -94
  SINCE JUL 1    795                             -789

 COOLING
  YESTERDAY        6                                2
  MONTH TO DATE  122                               57
  SINCE MAR 1    202                               97
  SINCE JAN 1    262                              143
..................................................................


WIND (MPH)
  HIGHEST WIND SPEED    21   HIGHEST WIND DIRECTION     W (290)
  HIGHEST GUST SPEED    27   HIGHEST GUST DIRECTION    SE (140)
  AVERAGE WIND SPEED     6.2




RELATIVE HUMIDITY (PERCENT)
 HIGHEST   100
 LOWEST     47
 AVERAGE    74

..........................................................


THE TALLAHASSEE CLIMATE NORMALS FOR TODAY
                         NORMAL    RECORD    YEAR
 MAXIMUM TEMPERATURE (F)   82        95      1999
 MINIMUM TEMPERATURE (F)   54        33      1986


SUNRISE AND SUNSET
APRIL 24 2017.........SUNRISE   700 AM EDT   SUNSET   811 PM EDT
APRIL 25 2017.........SUNRISE   659 AM EDT   SUNSET   812 PM EDT


-  INDICATES NEGATIVE NUMBERS.
R  INDICATES RECORD WAS SET OR TIED.
MM INDICATES DATA IS MISSING.
T  INDICATES TRACE AMOUNT.




$$
