000
CDUS42 KTAE 290653
CLITLH


CLIMATE REPORT
NATIONAL WEATHER SERVICE TALLAHASSEE FL
252 AM EDT MON MAY 29 2017


...................................

...THE TALLAHASSEE CLIMATE SUMMARY FOR MAY 28 2017...

CLIMATE NORMAL PERIOD 1981 TO 2010
CLIMATE RECORD PERIOD 1896 TO 2017


WEATHER ITEM   OBSERVED TIME   RECORD YEAR NORMAL DEPARTURE LAST
                VALUE   (LST)  VALUE       VALUE  FROM      YEAR
                                                  NORMAL
..................................................................
TEMPERATURE (F)
 YESTERDAY
  MAXIMUM         94    316 PM 100    2000  89      5       93
  MINIMUM         73    403 AM  47    1988  66      7       71
  AVERAGE         84                        78      6       82

PRECIPITATION (IN)
  YESTERDAY        0.01          2.00 1919   0.16  -0.15     0.00
  MONTH TO DATE    5.51                      2.98   2.53     1.63
  SINCE MAR 1      9.87                     11.98  -2.11    14.62
  SINCE JAN 1     19.80                     21.17  -1.37    23.32

SNOWFALL (IN)
  YESTERDAY        0.0                       0.0    0.0

DEGREE DAYS
 HEATING
  YESTERDAY        0                                0
  MONTH TO DATE    5                                2
  SINCE MAR 1    157                              -93
  SINCE JUL 1    805                             -788

 COOLING
  YESTERDAY       19                                7
  MONTH TO DATE  260                                5
  SINCE MAR 1    516                              122
  SINCE JAN 1    576                              168
..................................................................


WIND (MPH)
  HIGHEST WIND SPEED    17   HIGHEST WIND DIRECTION     W (270)
  HIGHEST GUST SPEED    23   HIGHEST GUST DIRECTION     W (260)
  AVERAGE WIND SPEED     8.1




RELATIVE HUMIDITY (PERCENT)
 HIGHEST   100
 LOWEST     46
 AVERAGE    73

..........................................................


THE TALLAHASSEE CLIMATE NORMALS FOR TODAY
                         NORMAL    RECORD    YEAR
 MAXIMUM TEMPERATURE (F)   89       100      1937
 MINIMUM TEMPERATURE (F)   66        51      1988


SUNRISE AND SUNSET
MAY 29 2017...........SUNRISE   637 AM EDT   SUNSET   833 PM EDT
MAY 30 2017...........SUNRISE   636 AM EDT   SUNSET   834 PM EDT


-  INDICATES NEGATIVE NUMBERS.
R  INDICATES RECORD WAS SET OR TIED.
MM INDICATES DATA IS MISSING.
T  INDICATES TRACE AMOUNT.




$$
