000
CDUS42 KTAE 010624
CLITLH


CLIMATE REPORT
NATIONAL WEATHER SERVICE TALLAHASSEE FL
122 AM EST SUN FEB 1 2015

...................................

...THE TALLAHASSEE CLIMATE SUMMARY FOR JANUARY 31 2015...

CLIMATE NORMAL PERIOD 1981 TO 2010
CLIMATE RECORD PERIOD 1896 TO 2015


WEATHER ITEM   OBSERVED TIME   RECORD YEAR NORMAL DEPARTURE LAST
                VALUE   (LST)  VALUE       VALUE  FROM      YEAR
                                                  NORMAL
..................................................................
TEMPERATURE (F)
 YESTERDAY
  MAXIMUM         65    503 PM  81    1975  65      0
  MINIMUM         29    743 AM  14    1966  40    -11
  AVERAGE         47                        52     -5

PRECIPITATION (IN)
  YESTERDAY        0.00          0.99 1946   0.16  -0.16     0.00
  MONTH TO DATE    4.76                      4.34   0.42     3.67
  SINCE DEC 1     13.54                      8.24   5.30     8.56
  SINCE JAN 1      4.76                      4.34   0.42     3.67

SNOWFALL (IN)
  YESTERDAY        0.0                       0.0    0.0

DEGREE DAYS
 HEATING
  YESTERDAY       18                                5
  MONTH TO DATE  367                              -61
  SINCE DEC 1    617                             -193
  SINCE JUL 1    968                              -78

 COOLING
  YESTERDAY        0                                0
  MONTH TO DATE    7                                2
  SINCE DEC 1     20                                2
  SINCE JAN 1      7                                2
..................................................................


WIND (MPH)
  HIGHEST WIND SPEED    12   HIGHEST WIND DIRECTION    SE (130)
  HIGHEST GUST SPEED    16   HIGHEST GUST DIRECTION     E (110)
  AVERAGE WIND SPEED     4.1




RELATIVE HUMIDITY (PERCENT)
 HIGHEST    78
 LOWEST     23
 AVERAGE    51

..........................................................


THE TALLAHASSEE CLIMATE NORMALS FOR TODAY
                         NORMAL    RECORD    YEAR
 MAXIMUM TEMPERATURE (F)   65        83      1989
 MINIMUM TEMPERATURE (F)   40        20      1977


SUNRISE AND SUNSET
FEBRUARY  1 2015......SUNRISE   728 AM EST   SUNSET   614 PM EST
FEBRUARY  2 2015......SUNRISE   728 AM EST   SUNSET   615 PM EST


-  INDICATES NEGATIVE NUMBERS.
R  INDICATES RECORD WAS SET OR TIED.
MM INDICATES DATA IS MISSING.
T  INDICATES TRACE AMOUNT.

$$
