000
CDUS42 KTAE 200638
CLITLH


CLIMATE REPORT
NATIONAL WEATHER SERVICE TALLAHASSEE FL
237 AM EDT WED AUG 20 2014


...................................

...THE TALLAHASSEE CLIMATE SUMMARY FOR AUGUST 19 2014...

CLIMATE NORMAL PERIOD 1981 TO 2010
CLIMATE RECORD PERIOD 1896 TO 2014


WEATHER ITEM   OBSERVED TIME   RECORD YEAR NORMAL DEPARTURE LAST
                VALUE   (LST)  VALUE       VALUE  FROM      YEAR
                                                  NORMAL
..................................................................
TEMPERATURE (F)
 YESTERDAY
  MAXIMUM         93   1128 AM 101    1993  92      1
  MINIMUM         73    624 AM  64    1979  72      1
  AVERAGE         83                        82      1

PRECIPITATION (IN)
  YESTERDAY        1.14          1.75 1940   0.24   0.90     0.84
  MONTH TO DATE    1.93                      4.84  -2.91     6.18
  SINCE JUN 1      8.66                     19.74 -11.08    28.46
  SINCE JAN 1     40.75                     41.40  -0.65    50.85

SNOWFALL (IN)
  YESTERDAY        0.0                       0.0    0.0

DEGREE DAYS
 HEATING
  YESTERDAY        0                                0
  MONTH TO DATE    0                                0
  SINCE JUN 1      0                                0
  SINCE JUL 1      0                                0

 COOLING
  YESTERDAY       18                                1
  MONTH TO DATE  371                               48
  SINCE JUN 1   1437                              128
  SINCE JAN 1   1926                              171
..................................................................


WIND (MPH)
  HIGHEST WIND SPEED    28   HIGHEST WIND DIRECTION    SW (220)
  HIGHEST GUST SPEED    39   HIGHEST GUST DIRECTION    SW (220)
  AVERAGE WIND SPEED     5.0




RELATIVE HUMIDITY (PERCENT)
 HIGHEST    94
 LOWEST     56
 AVERAGE    75

..........................................................


THE TALLAHASSEE CLIMATE NORMALS FOR TODAY
                         NORMAL    RECORD    YEAR
 MAXIMUM TEMPERATURE (F)   91       100      1972
                                             1925
 MINIMUM TEMPERATURE (F)   72        66      1991


SUNRISE AND SUNSET
AUGUST 20 2014........SUNRISE   707 AM EDT   SUNSET   814 PM EDT
AUGUST 21 2014........SUNRISE   708 AM EDT   SUNSET   813 PM EDT


-  INDICATES NEGATIVE NUMBERS.
R  INDICATES RECORD WAS SET OR TIED.
MM INDICATES DATA IS MISSING.
T  INDICATES TRACE AMOUNT.




$$
