000
CDUS42 KTAE 060632
CLITLH


CLIMATE REPORT
NATIONAL WEATHER SERVICE TALLAHASSEE FL
132 AM EST TUE DEC 6 2016


...................................

...THE TALLAHASSEE CLIMATE SUMMARY FOR DECEMBER 5 2016...

CLIMATE NORMAL PERIOD 1981 TO 2010
CLIMATE RECORD PERIOD 1896 TO 2016


WEATHER ITEM   OBSERVED TIME   RECORD YEAR NORMAL DEPARTURE LAST
                VALUE   (LST)  VALUE       VALUE  FROM      YEAR
                                                  NORMAL
..................................................................
TEMPERATURE (F)
 YESTERDAY
  MAXIMUM         75   1038 PM  82    2013  67      8       73
  MINIMUM         69    734 AM  21    1974  43     26       50
  AVERAGE         72                        55     17       62

PRECIPITATION (IN)
  YESTERDAY        2.48R         2.10 1904   0.13   2.35     0.00
  MONTH TO DATE    2.51                      0.65   1.86     0.85
  SINCE DEC 1      2.51                      0.65   1.86     0.85
  SINCE JAN 1     58.13                     55.98   2.15    50.46

SNOWFALL (IN)
  YESTERDAY        0.0                       0.0    0.0

DEGREE DAYS
 HEATING
  YESTERDAY        0                              -10
  MONTH TO DATE   24                              -26
  SINCE DEC 1     24                              -26
  SINCE JUL 1    137                             -149

 COOLING
  YESTERDAY        7                                6
  MONTH TO DATE    9                                4
  SINCE DEC 1      9                                4
  SINCE JAN 1   3272                              687
..................................................................


WIND (MPH)
  HIGHEST WIND SPEED    25   HIGHEST WIND DIRECTION    SW (240)
  HIGHEST GUST SPEED    42   HIGHEST GUST DIRECTION     W (250)
  AVERAGE WIND SPEED     9.5




RELATIVE HUMIDITY (PERCENT)
 HIGHEST   100
 LOWEST     87
 AVERAGE    94

..........................................................


THE TALLAHASSEE CLIMATE NORMALS FOR TODAY
                         NORMAL    RECORD    YEAR
 MAXIMUM TEMPERATURE (F)   67        83      1942
 MINIMUM TEMPERATURE (F)   43        24      2000


SUNRISE AND SUNSET
DECEMBER  6 2016......SUNRISE   721 AM EST   SUNSET   537 PM EST
DECEMBER  7 2016......SUNRISE   722 AM EST   SUNSET   537 PM EST


-  INDICATES NEGATIVE NUMBERS.
R  INDICATES RECORD WAS SET OR TIED.
MM INDICATES DATA IS MISSING.
T  INDICATES TRACE AMOUNT.




$$
