000
CDUS42 KTAE 200633
CLITLH


CLIMATE REPORT
NATIONAL WEATHER SERVICE TALLAHASSEE FL
233 AM EDT THU JUL 20 2017


...................................

...THE TALLAHASSEE CLIMATE SUMMARY FOR JULY 19 2017...

CLIMATE NORMAL PERIOD 1981 TO 2010
CLIMATE RECORD PERIOD 1896 TO 2017


WEATHER ITEM   OBSERVED TIME   RECORD YEAR NORMAL DEPARTURE LAST
                VALUE   (LST)  VALUE       VALUE  FROM      YEAR
                                                  NORMAL
..................................................................
TEMPERATURE (F)
 YESTERDAY
  MAXIMUM         93    333 PM 103    2000  92      1       98
  MINIMUM         72    417 AM  62    1896  72      0       75
  AVERAGE         83                        82      1       87

PRECIPITATION (IN)
  YESTERDAY        0.00          1.76 1948   0.23  -0.23     0.00
  MONTH TO DATE    2.96                      4.33  -1.37     6.33
  SINCE JUN 1     15.70                     12.06   3.64    14.71
  SINCE JAN 1     35.50                     33.72   1.78    38.11

SNOWFALL (IN)
  YESTERDAY        0.0                       0.0    0.0

DEGREE DAYS
 HEATING
  YESTERDAY        0                                0
  MONTH TO DATE    0                                0
  SINCE JUN 1      0                                0
  SINCE JUL 1      0                                0

 COOLING
  YESTERDAY       18                                1
  MONTH TO DATE  342                               19
  SINCE JUN 1    780                                0
  SINCE JAN 1   1407                              181
..................................................................


WIND (MPH)
  HIGHEST WIND SPEED    12   HIGHEST WIND DIRECTION    SW (210)
  HIGHEST GUST SPEED    13   HIGHEST GUST DIRECTION     S (200)
  AVERAGE WIND SPEED     3.0




RELATIVE HUMIDITY (PERCENT)
 HIGHEST   100
 LOWEST     52
 AVERAGE    76

..........................................................


THE TALLAHASSEE CLIMATE NORMALS FOR TODAY
                         NORMAL    RECORD    YEAR
 MAXIMUM TEMPERATURE (F)   92       102      2007
 MINIMUM TEMPERATURE (F)   72        62      1923


SUNRISE AND SUNSET
JULY 20 2017..........SUNRISE   649 AM EDT   SUNSET   839 PM EDT
JULY 21 2017..........SUNRISE   649 AM EDT   SUNSET   838 PM EDT


-  INDICATES NEGATIVE NUMBERS.
R  INDICATES RECORD WAS SET OR TIED.
MM INDICATES DATA IS MISSING.
T  INDICATES TRACE AMOUNT.




$$
