000
CDUS42 KTAE 280636
CLITLH


CLIMATE REPORT
NATIONAL WEATHER SERVICE TALLAHASSEE FL
135 AM EST SUN DEC 28 2014


...................................

...THE TALLAHASSEE CLIMATE SUMMARY FOR DECEMBER 27 2014...

CLIMATE NORMAL PERIOD 1981 TO 2010
CLIMATE RECORD PERIOD 1896 TO 2014


WEATHER ITEM   OBSERVED TIME   RECORD YEAR NORMAL DEPARTURE LAST
                VALUE   (LST)  VALUE       VALUE  FROM      YEAR
                                                  NORMAL
..................................................................
TEMPERATURE (F)
 YESTERDAY
  MAXIMUM         76    334 PM  79    1942  64     12
  MINIMUM         43    122 AM  19    1970  40      3
  AVERAGE         60                        52      8

PRECIPITATION (IN)
  YESTERDAY        0.00          4.25 1920   0.12  -0.12     0.00
  MONTH TO DATE    8.61                      3.41   5.20     3.45
  SINCE DEC 1      8.61                      3.41   5.20     3.45
  SINCE JAN 1     68.30                     58.74   9.56    65.33

SNOWFALL (IN)
  YESTERDAY        0.0                       0.0    0.0

DEGREE DAYS
 HEATING
  YESTERDAY        5                               -9
  MONTH TO DATE  238                              -86
  SINCE DEC 1    238                              -86
  SINCE JUL 1    589                               29

 COOLING
  YESTERDAY        0                                0
  MONTH TO DATE   11                                3
  SINCE DEC 1     11                                3
  SINCE JAN 1   2803                              215
..................................................................


WIND (MPH)
  HIGHEST WIND SPEED    13   HIGHEST WIND DIRECTION    SE (120)
  HIGHEST GUST SPEED    15   HIGHEST GUST DIRECTION    SE (120)
  AVERAGE WIND SPEED     2.9




RELATIVE HUMIDITY (PERCENT)
 HIGHEST    89
 LOWEST     38
 AVERAGE    64

..........................................................


THE TALLAHASSEE CLIMATE NORMALS FOR TODAY
                         NORMAL    RECORD    YEAR
 MAXIMUM TEMPERATURE (F)   63        81      1971
 MINIMUM TEMPERATURE (F)   39        18      2010


SUNRISE AND SUNSET
DECEMBER 28 2014......SUNRISE   733 AM EST   SUNSET   545 PM EST
DECEMBER 29 2014......SUNRISE   733 AM EST   SUNSET   546 PM EST


-  INDICATES NEGATIVE NUMBERS.
R  INDICATES RECORD WAS SET OR TIED.
MM INDICATES DATA IS MISSING.
T  INDICATES TRACE AMOUNT.




$$
