000
CDUS44 KBMX 010953
CLITOI


CLIMATE REPORT
NATIONAL WEATHER SERVICE BIRMINGHAM, AL
453 AM CDT MON SEP 1 2014


...................................

...THE TROY CLIMATE SUMMARY FOR AUGUST 31 2014...

CLIMATE NORMAL PERIOD 1981 TO 2010
CLIMATE RECORD PERIOD 9999 TO 9999


WEATHER ITEM   OBSERVED TIME   RECORD YEAR NORMAL DEPARTURE LAST
                VALUE   (LST)  VALUE       VALUE  FROM      YEAR
                                                  NORMAL
..................................................................
TEMPERATURE (F)
 YESTERDAY
  MAXIMUM         95    324 PM  MM      MM  90      5       93
  MINIMUM         71    508 AM  MM      MM  68      3       73
  AVERAGE         83                        79      4       83

PRECIPITATION (IN)
  YESTERDAY        0.00                      0.10  -0.10     0.00
  MONTH TO DATE    3.03                      4.62  -1.59     3.13
  SINCE JUN 1      7.94                     15.12  -7.18    22.45
  SINCE JAN 1     38.00                     37.95   0.05    45.61

DEGREE DAYS
 COOLING
  YESTERDAY       18                        14      4       18
  MONTH TO DATE  497                       474     23      462
  SINCE JUN 1   1390                      1347     43     1355
  SINCE JAN 1   1712                      1634     78     1647
..................................................................


WIND (MPH)
  HIGHEST WIND SPEED    12   HIGHEST WIND DIRECTION    SW (240)
  HIGHEST GUST SPEED    16   HIGHEST GUST DIRECTION     W (250)
  AVERAGE WIND SPEED     2.1


SKY COVER
  AVERAGE SKY COVER 0.1


WEATHER CONDITIONS
 THE FOLLOWING WEATHER WAS RECORDED YESTERDAY.
  NO SIGNIFICANT WEATHER WAS OBSERVED.


RELATIVE HUMIDITY (PERCENT)
 HIGHEST    94           700 AM
 LOWEST     41           200 PM
 AVERAGE    68

..........................................................


THE TROY CLIMATE NORMALS FOR TODAY
                         NORMAL    RECORD    YEAR
 MAXIMUM TEMPERATURE (F)   90        MM        MM
 MINIMUM TEMPERATURE (F)   68        MM        MM


SUNRISE AND SUNSET
SEPTEMBER  1 2014.....SUNRISE   619 AM CDT   SUNSET   708 PM CDT
SEPTEMBER  2 2014.....SUNRISE   620 AM CDT   SUNSET   707 PM CDT


-  INDICATES NEGATIVE NUMBERS.
R  INDICATES RECORD WAS SET OR TIED.
MM INDICATES DATA IS MISSING.
T  INDICATES TRACE AMOUNT.




$$
