000
CDUS44 KBMX 190943
CLITOI


CLIMATE REPORT
NATIONAL WEATHER SERVICE BIRMINGHAM, AL
443 AM CDT SAT APR 19 2014


...................................

...THE TROY CLIMATE SUMMARY FOR APRIL 18 2014...

CLIMATE NORMAL PERIOD 1981 TO 2010
CLIMATE RECORD PERIOD 9999 TO 9999


WEATHER ITEM   OBSERVED TIME   RECORD YEAR NORMAL DEPARTURE LAST
                VALUE   (LST)  VALUE       VALUE  FROM      YEAR
                                                  NORMAL
..................................................................
TEMPERATURE (F)
 YESTERDAY
  MAXIMUM         61   1215 AM  MM      MM  77    -16       83
  MINIMUM         54   1159 PM  MM      MM  50      4       61
  AVERAGE         58                        64     -6       72

PRECIPITATION (IN)
  YESTERDAY        1.84                      0.13   1.71     0.00
  MONTH TO DATE    8.79                      2.79   6.00     2.07
  SINCE MAR 1     14.48                      8.82   5.66     5.85
  SINCE JAN 1     23.54                     17.95   5.59    21.14

SNOWFALL (IN)
  YESTERDAY        0.0                      MM     MM        0.0
  MONTH TO DATE    0.0                      MM     MM        0.0
  SINCE MAR 1      0.0                      MM     MM        0.0
  SINCE JUL 1      0.3                      MM     MM        0.0
  SNOW DEPTH       0

DEGREE DAYS
 HEATING
  YESTERDAY        7                         3      4        0
  MONTH TO DATE   73                        86    -13       74
  SINCE MAR 1    370                       368      2      503
  SINCE JUL 1   2310                      2287     23     2109

 COOLING
  YESTERDAY        0                         2     -2        7
  MONTH TO DATE   23                        27     -4       45
  SINCE MAR 1     24                        41    -17       50
  SINCE JAN 1     35                        46    -11       70
..................................................................


WIND (MPH)
  HIGHEST WIND SPEED    24   HIGHEST WIND DIRECTION    NE (50)
  HIGHEST GUST SPEED    38   HIGHEST GUST DIRECTION    NE (40)
  AVERAGE WIND SPEED    11.8


SKY COVER
  AVERAGE SKY COVER 1.0


WEATHER CONDITIONS
 THE FOLLOWING WEATHER WAS RECORDED YESTERDAY.
  HEAVY RAIN
  RAIN
  LIGHT RAIN
  FOG


RELATIVE HUMIDITY (PERCENT)
 HIGHEST    93           300 AM
 LOWEST     72          1200 AM
 AVERAGE    83

..........................................................


THE TROY CLIMATE NORMALS FOR TODAY
                         NORMAL    RECORD    YEAR
 MAXIMUM TEMPERATURE (F)   77        MM        MM
 MINIMUM TEMPERATURE (F)   51        MM        MM


SUNRISE AND SUNSET
APRIL 19 2014.........SUNRISE   611 AM CDT   SUNSET   716 PM CDT
APRIL 20 2014.........SUNRISE   610 AM CDT   SUNSET   717 PM CDT


-  INDICATES NEGATIVE NUMBERS.
R  INDICATES RECORD WAS SET OR TIED.
MM INDICATES DATA IS MISSING.
T  INDICATES TRACE AMOUNT.




$$
