000
CDUS45 KCYS 010734
CLITOR


CLIMATE REPORT
NATIONAL WEATHER SERVICE CHEYENNE WY
134 AM MDT WED JUL 1 2015


...................................

...THE TORRINGTON WY AIRPORT CLIMATE SUMMARY FOR JUNE 30 2015...

CLIMATE NORMAL PERIOD 1981 TO 2010
CLIMATE RECORD PERIOD 1998 TO 2015


WEATHER ITEM   OBSERVED TIME   RECORD YEAR NORMAL DEPARTURE LAST
                VALUE   (LST)  VALUE       VALUE  FROM      YEAR
                                                  NORMAL
..................................................................
TEMPERATURE (F)
 YESTERDAY
  MAXIMUM         97R   135 PM  97    2007  87     10       81
                                      2006
  MINIMUM         56    451 AM  46    2005  55      1       50
  AVERAGE         77                        71      6       66

PRECIPITATION (IN)
  YESTERDAY        0.00          0.26 2011   0.04  -0.04     0.00
  MONTH TO DATE    2.53                      2.41   0.12     2.13
  SINCE JAN 1     13.50                      7.89   5.61    10.11

DEGREE DAYS
 HEATING
  YESTERDAY        0                         1     -1        0
  MONTH TO DATE    3                        77    -74       78
  SINCE JUN 1      3                        75    -72       78
  SINCE JUL 1   6263                      6586   -323     6887

 COOLING
  YESTERDAY       12                         7      5        1
  MONTH TO DATE  151                       116     35       62
  SINCE JUN 1    151                       116     35       62
  SINCE JAN 1    151                       134     17       78
..................................................................


WIND (MPH)
  HIGHEST WIND SPEED    22   HIGHEST WIND DIRECTION     N (20)
  HIGHEST GUST SPEED    28   HIGHEST GUST DIRECTION    SW (240)
  AVERAGE WIND SPEED     6.1


SKY COVER
  AVERAGE SKY COVER 0.1


WEATHER CONDITIONS
 THE FOLLOWING WEATHER WAS RECORDED YESTERDAY.
  THUNDERSTORM


RELATIVE HUMIDITY (PERCENT)
 HIGHEST    87           400 AM
 LOWEST     20           400 PM
 AVERAGE    54

..........................................................


THE TORRINGTON WY AIRPORT CLIMATE NORMALS FOR TODAY
                         NORMAL    RECORD    YEAR
 MAXIMUM TEMPERATURE (F)   88       101      2002
 MINIMUM TEMPERATURE (F)   56        49      2014


SUNRISE AND SUNSET
JULY  1 2015..........SUNRISE   525 AM MDT   SUNSET   836 PM MDT
JULY  2 2015..........SUNRISE   525 AM MDT   SUNSET   836 PM MDT


-  INDICATES NEGATIVE NUMBERS.
R  INDICATES RECORD WAS SET OR TIED.
MM INDICATES DATA IS MISSING.
T  INDICATES TRACE AMOUNT.




$$
