000
CDUS45 KCYS 292157
CLITOR


CLIMATE REPORT
NATIONAL WEATHER SERVICE CHEYENNE WY
357 PM MDT SUN MAR 29 2015


...................................

...THE TORRINGTON WY AIRPORT CLIMATE SUMMARY FOR MARCH 29 2015...
VALID AS OF 0300 PM LOCAL TIME.

CLIMATE NORMAL PERIOD 1981 TO 2010
CLIMATE RECORD PERIOD 1998 TO 2015


WEATHER ITEM   OBSERVED TIME   RECORD YEAR NORMAL DEPARTURE LAST
                VALUE   (LST)  VALUE       VALUE  FROM      YEAR
                                                  NORMAL
..................................................................
TEMPERATURE (F)
 TODAY
  MAXIMUM         63    159 PM  70    2013  55      8       68
                                      2012
  MINIMUM         42    628 AM  16    2003  28     14       27
  AVERAGE         53                        41     12       48

PRECIPITATION (IN)
  TODAY            0.00          0.23 2006   0.04  -0.04     0.00
  MONTH TO DATE    0.08                      0.68  -0.60     0.64
  SINCE JAN 1      0.77                      1.28  -0.51     1.57

DEGREE DAYS
 HEATING
  TODAY           12                        24    -12       17
  MONTH TO DATE  618                       794   -176      808
  SINCE MAR 1    618                       794   -176      808
  SINCE JUL 1   5332                      5638   -306     5923

 COOLING
  TODAY            0                         0      0        0
  MONTH TO DATE    0                         0      0        0
  SINCE MAR 1      0                         0      0        0
  SINCE JAN 1      0                         0      0        0
..................................................................


WIND (MPH)
  HIGHEST WIND SPEED    36   HIGHEST WIND DIRECTION    NW (330)
  HIGHEST GUST SPEED    46   HIGHEST GUST DIRECTION    NW (330)
  AVERAGE WIND SPEED    16.1


SKY COVER
  AVERAGE SKY COVER 0.0


WEATHER CONDITIONS
 THE FOLLOWING WEATHER WAS RECORDED TODAY.
  NO SIGNIFICANT WEATHER WAS OBSERVED.


RELATIVE HUMIDITY (PERCENT)
 HIGHEST    53           600 AM
 LOWEST     22           200 PM
 AVERAGE    38

..........................................................


THE TORRINGTON WY AIRPORT CLIMATE NORMALS FOR TOMORROW
                         NORMAL    RECORD    YEAR
 MAXIMUM TEMPERATURE (F)   55        80      2010
 MINIMUM TEMPERATURE (F)   28        15      2007


SUNRISE AND SUNSET
MARCH 29 2015.........SUNRISE   645 AM MDT   SUNSET   719 PM MDT
MARCH 30 2015.........SUNRISE   643 AM MDT   SUNSET   720 PM MDT


-  INDICATES NEGATIVE NUMBERS.
R  INDICATES RECORD WAS SET OR TIED.
MM INDICATES DATA IS MISSING.
T  INDICATES TRACE AMOUNT.




$$
