000
CDUS45 KCYS 130731
CLITOR


CLIMATE REPORT
NATIONAL WEATHER SERVICE CHEYENNE WY
1229 AM MST SAT FEB 13 2016


...................................

...THE TORRINGTON WY AIRPORT CLIMATE SUMMARY FOR FEBRUARY 12 2016...

CLIMATE NORMAL PERIOD 1981 TO 2010
CLIMATE RECORD PERIOD 1998 TO 2016


WEATHER ITEM   OBSERVED TIME   RECORD YEAR NORMAL DEPARTURE LAST
                VALUE   (LST)  VALUE       VALUE  FROM      YEAR
                                                  NORMAL
..................................................................
TEMPERATURE (F)
 YESTERDAY
  MAXIMUM         46   1128 AM  62    2015  44      2       62
  MINIMUM         30   1159 PM  -4    2004  17     13       24
  AVERAGE         38                        30      8       43

PRECIPITATION (IN)
  YESTERDAY        0.00          0.07 2007   0.02  -0.02     0.00
  MONTH TO DATE    0.01                      0.14  -0.13     0.38
  SINCE JAN 1      0.15                      0.40  -0.25     0.62

DEGREE DAYS
 HEATING
  YESTERDAY       27                        35     -8       22
  MONTH TO DATE  399                       424    -25      294
  SINCE DEC 1   2627                      2736   -109     2587
  SINCE JUL 1   3918                      4319   -401     4119

 COOLING
  YESTERDAY        0                         0      0        0
  MONTH TO DATE    0                         0      0        0
  SINCE DEC 1      0                         0      0        0
  SINCE JAN 1      0                         0      0        0
..................................................................


WIND (MPH)
  HIGHEST WIND SPEED    21   HIGHEST WIND DIRECTION    SE (120)
  HIGHEST GUST SPEED    25   HIGHEST GUST DIRECTION    SE (130)
  AVERAGE WIND SPEED     9.7


SKY COVER
  AVERAGE SKY COVER 0.5


WEATHER CONDITIONS
 THE FOLLOWING WEATHER WAS RECORDED YESTERDAY.
  FOG


RELATIVE HUMIDITY (PERCENT)
 HIGHEST    92           900 PM
 LOWEST     58          1100 AM
 AVERAGE    75

..........................................................


THE TORRINGTON WY AIRPORT CLIMATE NORMALS FOR TODAY
                         NORMAL    RECORD    YEAR
 MAXIMUM TEMPERATURE (F)   45        63      2015
 MINIMUM TEMPERATURE (F)   17         2      2007
                                             2002


SUNRISE AND SUNSET
FEBRUARY 13 2016......SUNRISE   656 AM MST   SUNSET   526 PM MST
FEBRUARY 14 2016......SUNRISE   655 AM MST   SUNSET   528 PM MST


-  INDICATES NEGATIVE NUMBERS.
R  INDICATES RECORD WAS SET OR TIED.
MM INDICATES DATA IS MISSING.
T  INDICATES TRACE AMOUNT.




$$
