000
CDUS42 KTBW 102218
CLITPA


CLIMATE REPORT
NATIONAL WEATHER SERVICE TAMPA BAY FL
516 PM EST WED FEB 10 2016


...................................

...THE TAMPA CLIMATE SUMMARY FOR FEBRUARY 10 2016...
VALID TODAY AS OF 0500 PM LOCAL TIME.

CLIMATE NORMAL PERIOD 1981 TO 2010
CLIMATE RECORD PERIOD 1890 TO 2016


WEATHER ITEM   OBSERVED TIME   RECORD YEAR NORMAL DEPARTURE LAST
                VALUE   (LST)  VALUE       VALUE  FROM      YEAR
                                                  NORMAL
..................................................................
TEMPERATURE (F)
 TODAY
  MAXIMUM         58    202 PM  84    1932  72    -14       64
  MINIMUM         47    729 AM  31    1895  54     -7       52
  AVERAGE         53                        63    -10       58

PRECIPITATION (IN)
  TODAY            0.00          5.06 1937   0.10  -0.10     0.00
  MONTH TO DATE    1.31                      1.01   0.30     2.80
  SINCE DEC 1      7.98                      5.71   2.27     6.12
  SINCE JAN 1      7.49                      3.24   4.25     4.55

DEGREE DAYS
 HEATING
  TODAY           12                         4      8        7
  MONTH TO DATE   64                        47     17       39
  SINCE DEC 1    243                       368   -125      255
  SINCE JUL 1    248                       412   -164      343

 COOLING
  TODAY            0                         2     -2        0
  MONTH TO DATE   29                        20      9        1
  SINCE DEC 1    334                       150    184      152
  SINCE JAN 1     59                        70    -11       57
..................................................................


WIND (MPH)
  RESULTANT WIND SPEED   8   RESULTANT WIND DIRECTION  NW (330)
  HIGHEST WIND SPEED    21   HIGHEST WIND DIRECTION     W (280)
  HIGHEST GUST SPEED    26   HIGHEST GUST DIRECTION    NW (320)
  AVERAGE WIND SPEED     9.1


SKY COVER
  POSSIBLE SUNSHINE  MM
  AVERAGE SKY COVER 0.5


WEATHER CONDITIONS
 THE FOLLOWING WEATHER WAS RECORDED TODAY.
  NO SIGNIFICANT WEATHER WAS OBSERVED.


RELATIVE HUMIDITY (PERCENT)
 HIGHEST    63           400 AM
 LOWEST     40          1100 AM

..........................................................


THE TAMPA CLIMATE NORMALS FOR TOMORROW
                         NORMAL    RECORD    YEAR
 MAXIMUM TEMPERATURE (F)   72        84      1965
                                             1959
 MINIMUM TEMPERATURE (F)   54        32      1973
                                             1971
                                             1947


SUNRISE AND SUNSET
FEBRUARY 10 2016......SUNRISE   712 AM EST   SUNSET   617 PM EST
FEBRUARY 11 2016......SUNRISE   711 AM EST   SUNSET   618 PM EST


-  INDICATES NEGATIVE NUMBERS.
R  INDICATES RECORD WAS SET OR TIED.
MM INDICATES DATA IS MISSING.
T  INDICATES TRACE AMOUNT.




$$
