000
CDUS42 KTBW 272223
CLITPA


CLIMATE REPORT
NATIONAL WEATHER SERVICE TAMPA BAY FL
521 PM EST FRI FEB 27 2015


...................................

...THE TAMPA CLIMATE SUMMARY FOR FEBRUARY 27 2015...
VALID TODAY AS OF 0500 PM LOCAL TIME.

CLIMATE NORMAL PERIOD 1981 TO 2010
CLIMATE RECORD PERIOD 1890 TO 2015


WEATHER ITEM   OBSERVED TIME   RECORD YEAR NORMAL DEPARTURE LAST
                VALUE   (LST)  VALUE       VALUE  FROM      YEAR
                                                  NORMAL
..................................................................
TEMPERATURE (F)
 TODAY
  MAXIMUM         65    306 PM  85    1939  74     -9       65
  MINIMUM         54    913 AM  30    1974  56     -2       53
  AVERAGE         60                        65     -5       59

PRECIPITATION (IN)
  TODAY            0.00          1.48 1946   0.09  -0.09      T
  MONTH TO DATE    4.22                      2.72   1.50     1.81
  SINCE DEC 1      7.54                      7.42   0.12     5.76
  SINCE JAN 1      5.97                      4.95   1.02     4.95

DEGREE DAYS
 HEATING
  TODAY            5                         3      2        6
  MONTH TO DATE  148                       104     44       70
  SINCE DEC 1    364                       425    -61      358
  SINCE JUL 1    452                       469    -17      388

 COOLING
  TODAY            0                         3     -3        0
  MONTH TO DATE   11                        59    -48       83
  SINCE DEC 1    162                       189    -27      254
  SINCE JAN 1     67                       109    -42      104
..................................................................


WIND (MPH)
  RESULTANT WIND SPEED   8   RESULTANT WIND DIRECTION   N (20)
  HIGHEST WIND SPEED    13   HIGHEST WIND DIRECTION    NE (30)
  HIGHEST GUST SPEED    19   HIGHEST GUST DIRECTION     N (10)
  AVERAGE WIND SPEED     8.6


SKY COVER
  POSSIBLE SUNSHINE  MM
  AVERAGE SKY COVER 1.0


WEATHER CONDITIONS
 THE FOLLOWING WEATHER WAS RECORDED TODAY.
  HAZE


RELATIVE HUMIDITY (PERCENT)
 HIGHEST    77          1200 AM
 LOWEST     56           100 PM

..........................................................


THE TAMPA CLIMATE NORMALS FOR TOMORROW
                         NORMAL    RECORD    YEAR
 MAXIMUM TEMPERATURE (F)   74        86      1997
 MINIMUM TEMPERATURE (F)   56        30      1935


SUNRISE AND SUNSET
FEBRUARY 27 2015......SUNRISE   657 AM EST   SUNSET   629 PM EST
FEBRUARY 28 2015......SUNRISE   656 AM EST   SUNSET   630 PM EST


-  INDICATES NEGATIVE NUMBERS.
R  INDICATES RECORD WAS SET OR TIED.
MM INDICATES DATA IS MISSING.
T  INDICATES TRACE AMOUNT.




$$


&&
------------------------------------------------------------------
******************** SUPPLEMENTAL DATA ***************************

...RUSKIN                HIGH 62    LOW 54    PCPN 0.00
...SARASOTA/BRADENTON    HIGH 62    LOW 55    PCPN 0.00
...LAKELAND              HIGH 61    LOW 50    PCPN 0.00
...ST. PETERSBURG        HIGH 62    LOW 55    PCPN 0.00
...GULF WATER TEMPERATURE AT CLEARWATER BEACH 62
