467
CDUS42 KTBW 192115
CLITPA


CLIMATE REPORT
NATIONAL WEATHER SERVICE TAMPA BAY FL
513 PM EDT THU OCT 19 2017


...................................

...THE TAMPA CLIMATE SUMMARY FOR OCTOBER 19 2017...
VALID TODAY AS OF 0500 PM LOCAL TIME.

CLIMATE NORMAL PERIOD 1981 TO 2010
CLIMATE RECORD PERIOD 1890 TO 2017


WEATHER ITEM   OBSERVED TIME   RECORD YEAR NORMAL DEPARTURE LAST
                VALUE   (LST)  VALUE       VALUE  FROM      YEAR
                                                  NORMAL
..................................................................
TEMPERATURE (F)
 TODAY
  MAXIMUM         89R   345 PM  89    2007  84      5       88
                                      1993
                                      1987
  MINIMUM         70    642 AM  48    2009  67      3       70
  AVERAGE         80                        75      5       79

PRECIPITATION (IN)
  TODAY            0.00          3.61 1944   0.06  -0.06     0.00
  MONTH TO DATE    2.71                      1.61   1.10     1.55
  SINCE SEP 1      9.37                      7.91   1.46     5.69
  SINCE JAN 1     42.99                     41.63   1.36    52.12

DEGREE DAYS
 HEATING
  TODAY            0                         0      0        0
  MONTH TO DATE    0                         0      0        0
  SINCE SEP 1      0                         0      0        0
  SINCE JUL 1      0                         0      0        0

 COOLING
  TODAY           15                        11      4       14
  MONTH TO DATE  335                       241     94      295
  SINCE SEP 1    893                       742    151      865
  SINCE JAN 1   3975                      3257    718     3651
..................................................................


WIND (MPH)
  RESULTANT WIND SPEED   8   RESULTANT WIND DIRECTION  NE (30)
  HIGHEST WIND SPEED    14   HIGHEST WIND DIRECTION    NE (50)
  HIGHEST GUST SPEED    21   HIGHEST GUST DIRECTION     N (10)
  AVERAGE WIND SPEED     8.5


SKY COVER
  POSSIBLE SUNSHINE  MM
  AVERAGE SKY COVER 0.4


WEATHER CONDITIONS
 THE FOLLOWING WEATHER WAS RECORDED TODAY.
  NO SIGNIFICANT WEATHER WAS OBSERVED.


RELATIVE HUMIDITY (PERCENT)
 HIGHEST    90           200 AM
 LOWEST     51           400 PM

..........................................................


THE TAMPA CLIMATE NORMALS FOR TOMORROW
                         NORMAL    RECORD    YEAR
 MAXIMUM TEMPERATURE (F)   84        91      1993
 MINIMUM TEMPERATURE (F)   67        45      1964


SUNRISE AND SUNSET
OCTOBER 19 2017.......SUNRISE   733 AM EDT   SUNSET   657 PM EDT
OCTOBER 20 2017.......SUNRISE   734 AM EDT   SUNSET   656 PM EDT


-  INDICATES NEGATIVE NUMBERS.
R  INDICATES RECORD WAS SET OR TIED.
MM INDICATES DATA IS MISSING.
T  INDICATES TRACE AMOUNT.




$$


&&
------------------------------------------------------------------
******************** SUPPLEMENTAL DATA ***************************

...RUSKIN                HIGH 89    LOW 68    PCPN 0.00
...SARASOTA/BRADENTON    HIGH 89    LOW 70    PCPN 0.00
...LAKELAND*             HIGH 87    LOW 69    PCPN 0.00
...ST. PETERSBURG        HIGH 86    LOW 70    PCPN 0.00
...GULF WATER TEMPERATURE AT CLEARWATER BEACH 79 DEGREES

*LAKELAND DATA IS FROM 4:30 PM WEDNESDAY TO 4:30 PM THURSDAY
AND MAY REFLECT YESTERDAYS RAINFALL AND HIGH TEMPERATURE.
