000
CDUS42 KTBW 232122
CLITPA


CLIMATE REPORT
NATIONAL WEATHER SERVICE TAMPA BAY FL
521 PM EDT FRI JUN 23 2017


...................................

...THE TAMPA CLIMATE SUMMARY FOR JUNE 23 2017...
VALID TODAY AS OF 0500 PM LOCAL TIME.

CLIMATE NORMAL PERIOD 1981 TO 2010
CLIMATE RECORD PERIOD 1890 TO 2017


WEATHER ITEM   OBSERVED TIME   RECORD YEAR NORMAL DEPARTURE LAST
                VALUE   (LST)  VALUE       VALUE  FROM      YEAR
                                                  NORMAL
..................................................................
TEMPERATURE (F)
 TODAY
  MAXIMUM         90    359 PM  97    2009  90      0       91
                                      1944
  MINIMUM         76    603 AM  68    1910  75      1       79
  AVERAGE         83                        82      1       85

PRECIPITATION (IN)
  TODAY            T             9.88 1945   0.27  -0.27     0.00
  MONTH TO DATE    6.91                      4.72   2.19     9.50
  SINCE JUN 1      6.91                      4.72   2.19     9.50
  SINCE JAN 1     12.93                     16.92  -3.99    25.40

DEGREE DAYS
 HEATING
  TODAY            0                         0      0        0
  MONTH TO DATE    0                         0      0        0
  SINCE JUN 1      0                         0      0        0
  SINCE JUL 1    164                       538   -374      323

 COOLING
  TODAY           18                        18      0       20
  MONTH TO DATE  395                       390      5      419
  SINCE JUN 1    395                       390      5      419
  SINCE JAN 1   1711                      1267    444     1439
..................................................................


WIND (MPH)
  RESULTANT WIND SPEED   2   RESULTANT WIND DIRECTION   S (190)
  HIGHEST WIND SPEED    10   HIGHEST WIND DIRECTION     S (180)
  HIGHEST GUST SPEED    14   HIGHEST GUST DIRECTION     W (270)
  AVERAGE WIND SPEED     4.9


SKY COVER
  POSSIBLE SUNSHINE  MM
  AVERAGE SKY COVER 0.4


WEATHER CONDITIONS
 THE FOLLOWING WEATHER WAS RECORDED TODAY.
  LIGHT RAIN


RELATIVE HUMIDITY (PERCENT)
 HIGHEST    91          1200 AM
 LOWEST     59           200 PM

..........................................................


THE TAMPA CLIMATE NORMALS FOR TOMORROW
                         NORMAL    RECORD    YEAR
 MAXIMUM TEMPERATURE (F)   90        98      1951
 MINIMUM TEMPERATURE (F)   76        68      1966
                                             1947
                                             1908


SUNRISE AND SUNSET
JUNE 23 2017..........SUNRISE   635 AM EDT   SUNSET   830 PM EDT
JUNE 24 2017..........SUNRISE   635 AM EDT   SUNSET   830 PM EDT


-  INDICATES NEGATIVE NUMBERS.
R  INDICATES RECORD WAS SET OR TIED.
MM INDICATES DATA IS MISSING.
T  INDICATES TRACE AMOUNT.




$$


&&
------------------------------------------------------------------
******************** SUPPLEMENTAL DATA ***************************

...RUSKIN                HIGH 92    LOW 72    PCPN 0.00
...SARASOTA/BRADENTON    HIGH 89    LOW 73    PCPN 0.00
...LAKELAND*             HIGH 94    LOW 74    PCPN 0.00
...ST. PETERSBURG        HIGH 90    LOW 78    PCPN 0.00
...GULF WATER TEMPERATURE AT CLEARWATER BEACH 86 DEGREES

*LAKELAND DATA IS FROM 4:30 PM THURSDAY TO 4:30 PM FRIDAY
AND MAY REFLECT YESTERDAYS RAINFALL AND HIGH TEMPERATURE.
