000
CDUS42 KTBW 102229
CLITPA


CLIMATE REPORT
NATIONAL WEATHER SERVICE TAMPA BAY FL
527 PM EST SUN DEC 10 2017


...................................

...THE TAMPA CLIMATE SUMMARY FOR DECEMBER 10 2017...
VALID TODAY AS OF 0500 PM LOCAL TIME.

CLIMATE NORMAL PERIOD 1981 TO 2010
CLIMATE RECORD PERIOD 1890 TO 2017


WEATHER ITEM   OBSERVED TIME   RECORD YEAR NORMAL DEPARTURE LAST
                VALUE   (LST)  VALUE       VALUE  FROM      YEAR
                                                  NORMAL
..................................................................
TEMPERATURE (F)
 TODAY
  MAXIMUM         60    217 PM  85    1986  73    -13       73
  MINIMUM         43    736 AM  34    1917  55    -12       50
  AVERAGE         52                        64    -12       62

PRECIPITATION (IN)
  TODAY            0.00          3.76 1907   0.07  -0.07     0.00
  MONTH TO DATE    0.74                      0.74   0.00     0.37
  SINCE DEC 1      0.74                      0.74   0.00     0.37
  SINCE JAN 1     44.21                     44.57  -0.36    52.50

DEGREE DAYS
 HEATING
  TODAY           13                         4      9        3
  MONTH TO DATE   20                        33    -13       12
  SINCE DEC 1     20                        33    -13       12
  SINCE JUL 1     28                        77    -49       27

 COOLING
  TODAY            0                         3     -3        0
  MONTH TO DATE   66                        31     35       50
  SINCE DEC 1     66                        31     35       50
  SINCE JAN 1   4351                      3561    790     4023
..................................................................


WIND (MPH)
  RESULTANT WIND SPEED   8   RESULTANT WIND DIRECTION   N (0)
  HIGHEST WIND SPEED    16   HIGHEST WIND DIRECTION     N (350)
  HIGHEST GUST SPEED    20   HIGHEST GUST DIRECTION     N (340)
  AVERAGE WIND SPEED     8.7


SKY COVER
  POSSIBLE SUNSHINE  MM
  AVERAGE SKY COVER 0.2


WEATHER CONDITIONS
 THE FOLLOWING WEATHER WAS RECORDED TODAY.
  NO SIGNIFICANT WEATHER WAS OBSERVED.


RELATIVE HUMIDITY (PERCENT)
 HIGHEST    76           100 AM
 LOWEST     33           300 PM

..........................................................


THE TAMPA CLIMATE NORMALS FOR TOMORROW
                         NORMAL    RECORD    YEAR
 MAXIMUM TEMPERATURE (F)   73        85      1976
 MINIMUM TEMPERATURE (F)   55        30      1934


SUNRISE AND SUNSET
DECEMBER 10 2017......SUNRISE   711 AM EST   SUNSET   535 PM EST
DECEMBER 11 2017......SUNRISE   711 AM EST   SUNSET   536 PM EST


-  INDICATES NEGATIVE NUMBERS.
R  INDICATES RECORD WAS SET OR TIED.
MM INDICATES DATA IS MISSING.
T  INDICATES TRACE AMOUNT.




$$


&&
------------------------------------------------------------------
******************** SUPPLEMENTAL DATA ***************************

...RUSKIN                HIGH 58    LOW 40    PCPN 0.00
...SARASOTA/BRADENTON    HIGH 59    LOW 42    PCPN 0.00
...LAKELAND              HIGH 57    LOW 36    PCPN 0.00
...ST. PETERSBURG        HIGH 57    LOW 48    PCPN 0.00
...GULF WATER TEMPERATURE AT CLEARWATER BEACH 64 DEGREES

*LAKELAND DATA IS FROM 4:30 PM SATURDAY TO 4:30 PM SUNDAY
AND MAY REFLECT YESTERDAYS RAINFALL AND HIGH TEMPERATURE.
