000
CDUS42 KTBW 232215
CLITPA


CLIMATE REPORT
NATIONAL WEATHER SERVICE TAMPA BAY FL
511 PM EST FRI FEB 23 2018


...................................

...THE TAMPA CLIMATE SUMMARY FOR FEBRUARY 23 2018...
VALID TODAY AS OF 0500 PM LOCAL TIME.

CLIMATE NORMAL PERIOD 1981 TO 2010
CLIMATE RECORD PERIOD 1890 TO 2018


WEATHER ITEM   OBSERVED TIME   RECORD YEAR NORMAL DEPARTURE LAST
                VALUE   (LST)  VALUE       VALUE  FROM      YEAR
                                                  NORMAL
..................................................................
TEMPERATURE (F)
 TODAY
  MAXIMUM         88R   354 PM  87    1949  74     14       81
  MINIMUM         69    745 AM  31    1978  56     13       58
  AVERAGE         79                        64     15       70

PRECIPITATION (IN)
  TODAY            0.00          1.82 1942   0.10  -0.10     0.05
  MONTH TO DATE    2.61                      2.35   0.26     2.06
  SINCE DEC 1      8.46                      7.05   1.41     3.39
  SINCE JAN 1      7.61                      4.58   3.03     2.96

DEGREE DAYS
 HEATING
  TODAY            0                         3     -3        0
  MONTH TO DATE    1                        92    -91       13
  SINCE DEC 1    263                       413   -150      121
  SINCE JUL 1    271                       457   -186      136

 COOLING
  TODAY           14                         3     11        5
  MONTH TO DATE  213                        47    166       82
  SINCE DEC 1    402                       177    225      401
  SINCE JAN 1    264                        97    167      209
..................................................................


WIND (MPH)
  RESULTANT WIND SPEED   6   RESULTANT WIND DIRECTION   E (110)
  HIGHEST WIND SPEED    15   HIGHEST WIND DIRECTION    NE (50)
  HIGHEST GUST SPEED    27   HIGHEST GUST DIRECTION     E (80)
  AVERAGE WIND SPEED     6.8


SKY COVER
  POSSIBLE SUNSHINE  MM
  AVERAGE SKY COVER 0.3


WEATHER CONDITIONS
 THE FOLLOWING WEATHER WAS RECORDED TODAY.
  NO SIGNIFICANT WEATHER WAS OBSERVED.


RELATIVE HUMIDITY (PERCENT)
 HIGHEST    84           600 AM
 LOWEST     40           300 PM

..........................................................


THE TAMPA CLIMATE NORMALS FOR TOMORROW
                         NORMAL    RECORD    YEAR
 MAXIMUM TEMPERATURE (F)   74        85      2001
 MINIMUM TEMPERATURE (F)   56        32      1901


SUNRISE AND SUNSET
FEBRUARY 23 2018......SUNRISE   701 AM EST   SUNSET   627 PM EST
FEBRUARY 24 2018......SUNRISE   700 AM EST   SUNSET   627 PM EST


-  INDICATES NEGATIVE NUMBERS.
R  INDICATES RECORD WAS SET OR TIED.
MM INDICATES DATA IS MISSING.
T  INDICATES TRACE AMOUNT.




$$


&&
------------------------------------------------------------------
******************** SUPPLEMENTAL DATA ***************************

...RUSKIN                HIGH 87    LOW 66    PCPN 0.00
...SARASOTA/BRADENTON    HIGH 86    LOW 65    PCPN 0.00
...LAKELAND*             HIGH 84    LOW 66    PCPN 0.00
...ST. PETERSBURG        HIGH 84    LOW 70    PCPN 0.00
...GULF WATER TEMPERATURE AT CLEARWATER BEACH 74 DEGREES

*LAKELAND DATA IS FROM 4:30 PM THURSDAY TO 4:30 PM FRIDAY
AND MAY REFLECT YESTERDAYS RAINFALL AND HIGH TEMPERATURE.
