000
CDUS42 KTBW 272112
CLITPA


CLIMATE REPORT
NATIONAL WEATHER SERVICE TAMPA BAY FL
510 PM EDT WED JUL 27 2016


...................................

...THE TAMPA CLIMATE SUMMARY FOR JULY 27 2016...
VALID TODAY AS OF 0500 PM LOCAL TIME.

CLIMATE NORMAL PERIOD 1981 TO 2010
CLIMATE RECORD PERIOD 1890 TO 2016


WEATHER ITEM   OBSERVED TIME   RECORD YEAR NORMAL DEPARTURE LAST
                VALUE   (LST)  VALUE       VALUE  FROM      YEAR
                                                  NORMAL
..................................................................
TEMPERATURE (F)
 TODAY
  MAXIMUM         95    359 PM  97    1996  90      5       84
  MINIMUM         79    608 AM  69    1955  76      3       77
                                      1909
  AVERAGE         87                        83      4       81

PRECIPITATION (IN)
  TODAY            0.00          1.71 1955   0.23  -0.23     1.70
  MONTH TO DATE    4.57                      6.18  -1.61     9.06
  SINCE JUN 1     16.05                     12.86   3.19    15.29
  SINCE JAN 1     31.95                     25.06   6.89    36.18

DEGREE DAYS
 HEATING
  TODAY            0                         0      0        0
  MONTH TO DATE    0                         0      0        0
  SINCE JUN 1      0                         0      0        0
  SINCE JUL 1      0                         0      0        0

 COOLING
  TODAY           22                        18      4       16
  MONTH TO DATE  544                       486     58      505
  SINCE JUN 1   1095                      1002     93     1048
  SINCE JAN 1   2115                      1879    236     2269
..................................................................


WIND (MPH)
  RESULTANT WIND SPEED   1   RESULTANT WIND DIRECTION  SE (150)
  HIGHEST WIND SPEED    13   HIGHEST WIND DIRECTION    SW (210)
  HIGHEST GUST SPEED    15   HIGHEST GUST DIRECTION    SW (210)
  AVERAGE WIND SPEED     4.9


SKY COVER
  POSSIBLE SUNSHINE  MM
  AVERAGE SKY COVER 0.3


WEATHER CONDITIONS
 THE FOLLOWING WEATHER WAS RECORDED TODAY.
  NO SIGNIFICANT WEATHER WAS OBSERVED.


RELATIVE HUMIDITY (PERCENT)
 HIGHEST    85          1200 AM
 LOWEST     42           400 PM

..........................................................


THE TAMPA CLIMATE NORMALS FOR TOMORROW
                         NORMAL    RECORD    YEAR
 MAXIMUM TEMPERATURE (F)   90        97      1996
 MINIMUM TEMPERATURE (F)   76        69      1926


SUNRISE AND SUNSET
JULY 27 2016..........SUNRISE   650 AM EDT   SUNSET   823 PM EDT
JULY 28 2016..........SUNRISE   651 AM EDT   SUNSET   822 PM EDT


-  INDICATES NEGATIVE NUMBERS.
R  INDICATES RECORD WAS SET OR TIED.
MM INDICATES DATA IS MISSING.
T  INDICATES TRACE AMOUNT.




$$


&&
------------------------------------------------------------------
******************** SUPPLEMENTAL DATA ***************************

...RUSKIN                HIGH 95    LOW 76    PCPN 0.00
...SARASOTA/BRADENTON    HIGH 97    LOW 80    PCPN 0.00
...LAKELAND              HIGH 95    LOW 78    PCPN 0.00
...ST. PETERSBURG        HIGH 94    LOW 82    PCPN TRACE
...GULF WATER TEMPERATURE AT CLEARWATER BEACH 89 DEGREES
