000
CDUS42 KTBW 242126
CLITPA


CLIMATE REPORT
NATIONAL WEATHER SERVICE TAMPA BAY FL
524 PM EDT WED MAY 24 2017


...................................

...THE TAMPA CLIMATE SUMMARY FOR MAY 24 2017...
VALID TODAY AS OF 0500 PM LOCAL TIME.

CLIMATE NORMAL PERIOD 1981 TO 2010
CLIMATE RECORD PERIOD 1890 TO 2017


WEATHER ITEM   OBSERVED TIME   RECORD YEAR NORMAL DEPARTURE LAST
                VALUE   (LST)  VALUE       VALUE  FROM      YEAR
                                                  NORMAL
..................................................................
TEMPERATURE (F)
 TODAY
  MAXIMUM         87   1150 AM  96    2012  89     -2       88
  MINIMUM         75    237 PM  60    1892  72      3       67
  AVERAGE         81                        80      1       78

PRECIPITATION (IN)
  TODAY            0.15          2.57 1979   0.08   0.07     0.00
  MONTH TO DATE    1.47                      1.43   0.04     3.76
  SINCE MAR 1      3.05                      6.49  -3.44     7.19
  SINCE JAN 1      6.01                     11.53  -5.52    15.90

DEGREE DAYS
 HEATING
  TODAY            0                         0      0        0
  MONTH TO DATE    0                         0      0        0
  SINCE MAR 1     28                        67    -39       15
  SINCE JUL 1    164                       538   -374      323

 COOLING
  TODAY           16                        15      1       13
  MONTH TO DATE  388                       308     80      317
  SINCE MAR 1    947                       655    292      826
  SINCE JAN 1   1200                       768    432      904
..................................................................


WIND (MPH)
  RESULTANT WIND SPEED  19   RESULTANT WIND DIRECTION   S (200)
  HIGHEST WIND SPEED    30   HIGHEST WIND DIRECTION    SW (210)
  HIGHEST GUST SPEED    40   HIGHEST GUST DIRECTION    SW (210)
  AVERAGE WIND SPEED    19.6


SKY COVER
  POSSIBLE SUNSHINE  MM
  AVERAGE SKY COVER 0.8


WEATHER CONDITIONS
 THE FOLLOWING WEATHER WAS RECORDED TODAY.
  THUNDERSTORM
  LIGHT RAIN
  FOG


RELATIVE HUMIDITY (PERCENT)
 HIGHEST    85           300 AM
 LOWEST     65          1200 PM

..........................................................


THE TAMPA CLIMATE NORMALS FOR TOMORROW
                         NORMAL    RECORD    YEAR
 MAXIMUM TEMPERATURE (F)   89        96      2012
 MINIMUM TEMPERATURE (F)   72        58      1892


SUNRISE AND SUNSET
MAY 24 2017...........SUNRISE   636 AM EDT   SUNSET   818 PM EDT
MAY 25 2017...........SUNRISE   636 AM EDT   SUNSET   819 PM EDT


-  INDICATES NEGATIVE NUMBERS.
R  INDICATES RECORD WAS SET OR TIED.
MM INDICATES DATA IS MISSING.
T  INDICATES TRACE AMOUNT.




$$


&&
------------------------------------------------------------------
******************** SUPPLEMENTAL DATA ***************************

...RUSKIN                HIGH 85    LOW 72    PCPN 0.52
...SARASOTA/BRADENTON    HIGH 86    LOW 72    PCPN 0.45
...LAKELAND*             HIGH 92    LOW 71    PCPN 0.25
...ST. PETERSBURG        HIGH 85    LOW 75    PCPN 0.20
...GULF WATER TEMPERATURE AT CLEARWATER BEACH 82 DEGREES

*LAKELAND DATA IS FROM 4:30 PM TUESDAY TO 4:30 PM WEDNESDAY
AND MAY REFLECT YESTERDAYS RAINFALL AND HIGH TEMPERATURE.
