000
CDUS45 KLKN 020928
CLITPH


CLIMATE REPORT
NATIONAL WEATHER SERVICE ELKO NV
227 AM PDT SUN AUG 2 2015


...................................

...THE TONOPAH AIRPORT NV CLIMATE SUMMARY FOR AUGUST 1 2015...

CLIMATE NORMAL PERIOD 1981 TO 2010
CLIMATE RECORD PERIOD 1954 TO 2015


WEATHER ITEM   OBSERVED TIME   RECORD YEAR NORMAL DEPARTURE LAST
                VALUE   (LST)  VALUE       VALUE  FROM      YEAR
                                                  NORMAL
..................................................................
TEMPERATURE (F)
 YESTERDAY
  MAXIMUM         92   1151 AM 102    1977  92      0       93
  MINIMUM         61   1117 PM  47    1985  58      3       65
  AVERAGE         77                        75      2       79

PRECIPITATION (IN)
  YESTERDAY        0.18          0.19 2003   0.02   0.16      T
  MONTH TO DATE    0.18                      0.02   0.16      T
  SINCE OCT 1      2.84                      4.37  -1.53     2.71
  SINCE JAN 1      2.36                      3.28  -0.92     2.25

DEGREE DAYS
 HEATING
  YESTERDAY        0                         0      0        0
  MONTH TO DATE    0                         0      0        0
  SINCE JUN 1      6                        52    -46       15
  SINCE JUL 1      0                         2     -2        0

 COOLING
  YESTERDAY       12                        10      2       14
  MONTH TO DATE   12                        10      2       14
  SINCE JUN 1    572                       458    114      632
  SINCE JAN 1    595                       485    110      666
..................................................................


WIND (MPH)
  HIGHEST WIND SPEED    31   HIGHEST WIND DIRECTION    NE (40)
  HIGHEST GUST SPEED    38   HIGHEST GUST DIRECTION    NE (30)
  AVERAGE WIND SPEED    10.0



WEATHER CONDITIONS
 THE FOLLOWING WEATHER WAS RECORDED YESTERDAY.
  THUNDERSTORM
  LIGHT RAIN


RELATIVE HUMIDITY (PERCENT)
 HIGHEST    84          1100 PM
 LOWEST     19          1200 PM
 AVERAGE    52

..........................................................


THE TONOPAH AIRPORT NV CLIMATE NORMALS FOR TODAY
                         NORMAL    RECORD    YEAR
 MAXIMUM TEMPERATURE (F)   92       101      1993
                                             1978
 MINIMUM TEMPERATURE (F)   58        47      1981


SUNRISE AND SUNSET
AUGUST  2 2015........SUNRISE   552 AM PDT   SUNSET   757 PM PDT
AUGUST  3 2015........SUNRISE   553 AM PDT   SUNSET   756 PM PDT


-  INDICATES NEGATIVE NUMBERS.
R  INDICATES RECORD WAS SET OR TIED.
MM INDICATES DATA IS MISSING.
T  INDICATES TRACE AMOUNT.




$$
