000
CDUS45 KLKN 100033
CLITPH


CLIMATE REPORT
NATIONAL WEATHER SERVICE ELKO NV
433 PM PST TUE FEB 9 2016


...................................

...THE TONOPAH AIRPORT NV CLIMATE SUMMARY FOR FEBRUARY 9 2016...
VALID TODAY AS OF 0400 PM LOCAL TIME.

CLIMATE NORMAL PERIOD 1981 TO 2010
CLIMATE RECORD PERIOD 1954 TO 2016


WEATHER ITEM   OBSERVED TIME   RECORD YEAR NORMAL DEPARTURE LAST
                VALUE   (LST)  VALUE       VALUE  FROM      YEAR
                                                  NORMAL
..................................................................
TEMPERATURE (F)
 TODAY
  MAXIMUM         50    359 PM  65    1996  48      2       63
  MINIMUM         26    655 AM   7    1959  23      3       37
  AVERAGE         38                        36      2       50

PRECIPITATION (IN)
  TODAY            0.00          1.13 1968   0.02  -0.02     0.00
  MONTH TO DATE    T                         0.15  -0.15     0.00
  SINCE OCT 1      4.35                      1.73   2.62     0.65
  SINCE JAN 1      0.97                      0.64   0.33     0.17

DEGREE DAYS
 HEATING
  TODAY           27                        29     -2       15
  MONTH TO DATE  388                       271    117      163
  SINCE DEC 1   2460                      2305    155     1819
  SINCE JUL 1   3534                      3522     12     2732

 COOLING
  TODAY            0                         0      0        0
  MONTH TO DATE    0                         0      0        0
  SINCE DEC 1      0                         0      0        0
  SINCE JAN 1      0                         0      0        0
..................................................................


WIND (MPH)
  HIGHEST WIND SPEED    15   HIGHEST WIND DIRECTION     N (10)
  HIGHEST GUST SPEED    17   HIGHEST GUST DIRECTION     N (360)



WEATHER CONDITIONS
 THE FOLLOWING WEATHER WAS RECORDED TODAY.
  NO SIGNIFICANT WEATHER WAS OBSERVED.


RELATIVE HUMIDITY (PERCENT)
 HIGHEST    78           100 AM
 LOWEST     49           100 PM
 AVERAGE    64

..........................................................


THE TONOPAH AIRPORT NV CLIMATE NORMALS FOR TOMORROW
                         NORMAL    RECORD    YEAR
 MAXIMUM TEMPERATURE (F)   48        64      1971
 MINIMUM TEMPERATURE (F)   24        10      1959


SUNRISE AND SUNSET
FEBRUARY  9 2016......SUNRISE   646 AM PST   SUNSET   520 PM PST
FEBRUARY 10 2016......SUNRISE   645 AM PST   SUNSET   521 PM PST


-  INDICATES NEGATIVE NUMBERS.
R  INDICATES RECORD WAS SET OR TIED.
MM INDICATES DATA IS MISSING.
T  INDICATES TRACE AMOUNT.




$$
