000
CDUS45 KLKN 270929
CLITPH


CLIMATE REPORT
NATIONAL WEATHER SERVICE ELKO NV
226 AM PDT SAT AUG 27 2016


...................................

...THE TONOPAH AIRPORT NV CLIMATE SUMMARY FOR AUGUST 26 2016...

CLIMATE NORMAL PERIOD 1981 TO 2010
CLIMATE RECORD PERIOD 1954 TO 2016


WEATHER ITEM   OBSERVED TIME   RECORD YEAR NORMAL DEPARTURE LAST
                VALUE   (LST)  VALUE       VALUE  FROM      YEAR
                                                  NORMAL
..................................................................
TEMPERATURE (F)
 YESTERDAY
  MAXIMUM         87    401 PM  96    2011  88     -1       88
  MINIMUM         52    600 AM  41    1954  54     -2       63
  AVERAGE         70                        71     -1       76

PRECIPITATION (IN)
  YESTERDAY        0.00          0.49 2003   0.02  -0.02      T
                                      1988
  MONTH TO DATE    T                         0.43  -0.43     0.22
  SINCE OCT 1      5.74                      4.78   0.96     2.88
  SINCE JAN 1      2.36                      3.69  -1.33     2.40

DEGREE DAYS
 HEATING
  YESTERDAY        0                         0      0        0
  MONTH TO DATE    0                         0      0        0
  SINCE JUN 1     10                        52    -42        6
  SINCE JUL 1      0                         2     -2        0

 COOLING
  YESTERDAY        5                         6     -1       11
  MONTH TO DATE  263                       211     52      271
  SINCE JUN 1    912                       659    253      831
  SINCE JAN 1    920                       686    234      854
..................................................................


WIND (MPH)
  HIGHEST WIND SPEED    33   HIGHEST WIND DIRECTION     N (350)
  HIGHEST GUST SPEED    46   HIGHEST GUST DIRECTION     N (10)
  AVERAGE WIND SPEED    10.2



WEATHER CONDITIONS
 THE FOLLOWING WEATHER WAS RECORDED YESTERDAY.
  NO SIGNIFICANT WEATHER WAS OBSERVED.


RELATIVE HUMIDITY (PERCENT)
 HIGHEST    24           600 AM
 LOWEST      9          1100 AM
 AVERAGE    17

..........................................................


THE TONOPAH AIRPORT NV CLIMATE NORMALS FOR TODAY
                         NORMAL    RECORD    YEAR
 MAXIMUM TEMPERATURE (F)   88        96      2011
                                             2001
 MINIMUM TEMPERATURE (F)   54        42      1990
                                             1963
                                             1954


SUNRISE AND SUNSET
AUGUST 27 2016........SUNRISE   614 AM PDT   SUNSET   724 PM PDT
AUGUST 28 2016........SUNRISE   615 AM PDT   SUNSET   723 PM PDT


-  INDICATES NEGATIVE NUMBERS.
R  INDICATES RECORD WAS SET OR TIED.
MM INDICATES DATA IS MISSING.
T  INDICATES TRACE AMOUNT.




$$
