000
CDUS45 KLKN 010939
CLITPH


CLIMATE REPORT
NATIONAL WEATHER SERVICE ELKO NV
137 AM PST WED MAR 1 2017


...................................

...THE TONOPAH AIRPORT NV CLIMATE SUMMARY FOR FEBRUARY 28 2017...

CLIMATE NORMAL PERIOD 1981 TO 2010
CLIMATE RECORD PERIOD 1954 TO 2017


WEATHER ITEM   OBSERVED TIME   RECORD YEAR NORMAL DEPARTURE LAST
                VALUE   (LST)  VALUE       VALUE  FROM      YEAR
                                                  NORMAL
..................................................................
TEMPERATURE (F)
 YESTERDAY
  MAXIMUM         41    351 PM  71    1986  53    -12       66
  MINIMUM         20    554 AM   5    1962  27     -7       36
  AVERAGE         31                        40     -9       51

PRECIPITATION (IN)
  YESTERDAY        0.00          0.43 1973   0.02  -0.02     0.00
  MONTH TO DATE    0.62                      0.52   0.10     0.10
  SINCE OCT 1      1.51                      2.10  -0.59     4.45
  SINCE JAN 1      0.98                      1.01  -0.03     1.07

DEGREE DAYS
 HEATING
  YESTERDAY       34                        25      9       14
  MONTH TO DATE  714                       790    -76      767
  SINCE DEC 1   2848                      2825     23     2839
  SINCE JUL 1   3865                      4042   -177     3913

 COOLING
  YESTERDAY        0                         0      0        0
  MONTH TO DATE    0                         0      0        0
  SINCE DEC 1      0                         0      0        0
  SINCE JAN 1      0                         0      0        0
..................................................................


WIND (MPH)
  HIGHEST WIND SPEED    25   HIGHEST WIND DIRECTION    NW (330)
  HIGHEST GUST SPEED    35   HIGHEST GUST DIRECTION    NW (320)
  AVERAGE WIND SPEED    11.5



WEATHER CONDITIONS
 THE FOLLOWING WEATHER WAS RECORDED YESTERDAY.
  NO SIGNIFICANT WEATHER WAS OBSERVED.


RELATIVE HUMIDITY (PERCENT)
 HIGHEST    77           500 AM
 LOWEST     25           300 PM
 AVERAGE    51

..........................................................


THE TONOPAH AIRPORT NV CLIMATE NORMALS FOR TODAY
                         NORMAL    RECORD    YEAR
 MAXIMUM TEMPERATURE (F)   53        70      1986
 MINIMUM TEMPERATURE (F)   27         6      1962


SUNRISE AND SUNSET
MARCH  1 2017.........SUNRISE   620 AM PST   SUNSET   542 PM PST
MARCH  2 2017.........SUNRISE   618 AM PST   SUNSET   543 PM PST


-  INDICATES NEGATIVE NUMBERS.
R  INDICATES RECORD WAS SET OR TIED.
MM INDICATES DATA IS MISSING.
T  INDICATES TRACE AMOUNT.




$$
