000
CDUS45 KLKN 250933
CLITPH


CLIMATE REPORT
NATIONAL WEATHER SERVICE ELKO NV
127 AM PST SUN FEB 25 2018


...................................

...THE TONOPAH AIRPORT NV CLIMATE SUMMARY FOR FEBRUARY 24 2018...

CLIMATE NORMAL PERIOD 1981 TO 2010
CLIMATE RECORD PERIOD 1954 TO 2018


WEATHER ITEM   OBSERVED TIME   RECORD YEAR NORMAL DEPARTURE LAST
                VALUE   (LST)  VALUE       VALUE  FROM      YEAR
                                                  NORMAL
..................................................................
TEMPERATURE (F)
 YESTERDAY
  MAXIMUM         38    315 PM  70    1986  52    -14       36
  MINIMUM          6R   659 AM   9    1960  26    -20       17
  AVERAGE         22                        39    -17       27

PRECIPITATION (IN)
  YESTERDAY        T             0.28 1966   0.02  -0.02     0.00
  MONTH TO DATE    0.02                      0.44  -0.42     0.61
  SINCE OCT 1      0.48                      2.02  -1.54     1.50
  SINCE JAN 1      0.47                      0.93  -0.46     0.97

DEGREE DAYS
 HEATING
  YESTERDAY       43                        26     17       38
  MONTH TO DATE  677                       687    -10      580
  SINCE DEC 1   2366                      2721   -355     2714
  SINCE JUL 1   3442                      3938   -496     3731

 COOLING
  YESTERDAY        0                         0      0        0
  MONTH TO DATE    0                         0      0        0
  SINCE DEC 1      0                         0      0        0
  SINCE JAN 1      0                         0      0        0
..................................................................


WIND (MPH)
  HIGHEST WIND SPEED    31   HIGHEST WIND DIRECTION    NW (330)
  HIGHEST GUST SPEED    39   HIGHEST GUST DIRECTION     N (340)
  AVERAGE WIND SPEED    11.7



WEATHER CONDITIONS
 THE FOLLOWING WEATHER WAS RECORDED YESTERDAY.
  NO SIGNIFICANT WEATHER WAS OBSERVED.


RELATIVE HUMIDITY (PERCENT)
 HIGHEST    75          1100 PM
 LOWEST     21           200 PM
 AVERAGE    48

..........................................................


THE TONOPAH AIRPORT NV CLIMATE NORMALS FOR TODAY
                         NORMAL    RECORD    YEAR
 MAXIMUM TEMPERATURE (F)   52        75      1986
 MINIMUM TEMPERATURE (F)   26        10      1956


SUNRISE AND SUNSET
FEBRUARY 25 2018......SUNRISE   625 AM PST   SUNSET   538 PM PST
FEBRUARY 26 2018......SUNRISE   624 AM PST   SUNSET   539 PM PST


-  INDICATES NEGATIVE NUMBERS.
R  INDICATES RECORD WAS SET OR TIED.
MM INDICATES DATA IS MISSING.
T  INDICATES TRACE AMOUNT.




$$
