000
CDUS45 KLKN 050937
CLITPH


CLIMATE REPORT
NATIONAL WEATHER SERVICE ELKO NV
133 AM PST MON DEC 5 2016


...................................

...THE TONOPAH AIRPORT NV CLIMATE SUMMARY FOR DECEMBER 4 2016...

CLIMATE NORMAL PERIOD 1981 TO 2010
CLIMATE RECORD PERIOD 1954 TO 2016


WEATHER ITEM   OBSERVED TIME   RECORD YEAR NORMAL DEPARTURE LAST
                VALUE   (LST)  VALUE       VALUE  FROM      YEAR
                                                  NORMAL
..................................................................
TEMPERATURE (F)
 YESTERDAY
  MAXIMUM         52    341 PM  67    1958  46      6       49
  MINIMUM         20    657 AM   6    2013  21     -1       22
  AVERAGE         36                        33      3       36

PRECIPITATION (IN)
  YESTERDAY        0.00          0.24 1974   0.01  -0.01     0.00
  MONTH TO DATE    0.00                      0.04  -0.04     0.00
  SINCE OCT 1      0.20                      0.82  -0.62     3.31
  SINCE JAN 1      3.77                      4.97  -1.20     5.78

DEGREE DAYS
 HEATING
  YESTERDAY       29                        32     -3       29
  MONTH TO DATE  130                       125      5      114
  SINCE DEC 1    130                       125      5      114
  SINCE JUL 1   1147                      1342   -195     1188

 COOLING
  YESTERDAY        0                         0      0        0
  MONTH TO DATE    0                         0      0        0
  SINCE DEC 1      0                         0      0        0
  SINCE JAN 1   1022                       783    239     1034
..................................................................


WIND (MPH)
  HIGHEST WIND SPEED    14   HIGHEST WIND DIRECTION     N (10)
  HIGHEST GUST SPEED    16   HIGHEST GUST DIRECTION     N (10)
  AVERAGE WIND SPEED     6.1



WEATHER CONDITIONS
 THE FOLLOWING WEATHER WAS RECORDED YESTERDAY.
  NO SIGNIFICANT WEATHER WAS OBSERVED.


RELATIVE HUMIDITY (PERCENT)
 HIGHEST    73           700 AM
 LOWEST     21           200 PM
 AVERAGE    47

..........................................................


THE TONOPAH AIRPORT NV CLIMATE NORMALS FOR TODAY
                         NORMAL    RECORD    YEAR
 MAXIMUM TEMPERATURE (F)   46        64      1989
 MINIMUM TEMPERATURE (F)   21         4      2013


SUNRISE AND SUNSET
DECEMBER  5 2016......SUNRISE   650 AM PST   SUNSET   428 PM PST
DECEMBER  6 2016......SUNRISE   651 AM PST   SUNSET   428 PM PST


-  INDICATES NEGATIVE NUMBERS.
R  INDICATES RECORD WAS SET OR TIED.
MM INDICATES DATA IS MISSING.
T  INDICATES TRACE AMOUNT.




$$
