640
CDUS44 KMRX 062154
CLITRI


CLIMATE REPORT
NATIONAL WEATHER SERVICE MORRISTOWN TN
453 PM EST SAT FEB 6 2016


...................................

...THE TRI-CITIES      ASOS CLIMATE SUMMARY FOR FEBRUARY 6 2016...
VALID TODAY AS OF 0400 PM LOCAL TIME.

CLIMATE NORMAL PERIOD 1981 TO 2010
CLIMATE RECORD PERIOD 1934 TO 2016


WEATHER ITEM   OBSERVED TIME   RECORD YEAR NORMAL DEPARTURE LAST
                VALUE   (LST)  VALUE       VALUE  FROM      YEAR
                                                  NORMAL
..................................................................
TEMPERATURE (F)
 TODAY
  MAXIMUM         45    106 PM  68    1991  48     -3       43
                                      1938
  MINIMUM         22    750 AM   0    1996  27     -5       11
  AVERAGE         34                        37     -3       27

PRECIPITATION (IN)
  TODAY            0.00          1.14 1955   0.13  -0.13     0.00
  MONTH TO DATE    1.58                      0.75   0.83     0.49
  SINCE DEC 1      9.77                      7.49   2.28     5.80
  SINCE JAN 1      4.50                      4.12   0.38     2.77

SNOWFALL (IN)
  TODAY            0.0                       0.1   -0.1      0.0
  MONTH TO DATE    0.0                       0.8   -0.8       T
  SINCE DEC 1      9.8                       7.9    1.9      0.3
  SINCE JUL 1      9.8                       8.2    1.6      1.5
  SNOW DEPTH       0

DEGREE DAYS
 HEATING
  TODAY           31                        28      3       38
  MONTH TO DATE  120                       170    -50      185
  SINCE DEC 1   1565                      1938   -373     1837
  SINCE JUL 1   2208                      2824   -616     2820

 COOLING
  TODAY            0                         0      0        0
  MONTH TO DATE    0                         0      0        0
  SINCE DEC 1      0                         0      0        0
  SINCE JAN 1      0                         0      0        0
..................................................................


WIND (MPH)
  HIGHEST WIND SPEED     8   HIGHEST WIND DIRECTION    SW (240)
  HIGHEST GUST SPEED    10   HIGHEST GUST DIRECTION     W (250)
  AVERAGE WIND SPEED     1.6


SKY COVER
  POSSIBLE SUNSHINE  MM
  AVERAGE SKY COVER 0.6


WEATHER CONDITIONS
 THE FOLLOWING WEATHER WAS RECORDED TODAY.
  NO SIGNIFICANT WEATHER WAS OBSERVED.


RELATIVE HUMIDITY (PERCENT)
 HIGHEST    92           400 AM
 LOWEST     29           200 PM
 AVERAGE    61

..........................................................


THE TRI-CITIES      ASOS CLIMATE NORMALS FOR TOMORROW
                         NORMAL    RECORD    YEAR
 MAXIMUM TEMPERATURE (F)   48        64      1938
 MINIMUM TEMPERATURE (F)   27         0      1978


SUNRISE AND SUNSET
FEBRUARY  6 2016......SUNRISE   727 AM EST   SUNSET   600 PM EST
FEBRUARY  7 2016......SUNRISE   726 AM EST   SUNSET   602 PM EST


-  INDICATES NEGATIVE NUMBERS.
R  INDICATES RECORD WAS SET OR TIED.
MM INDICATES DATA IS MISSING.
T  INDICATES TRACE AMOUNT.




$$
