000
CDUS44 KMRX 231317
CLITRI


CLIMATE REPORT
NATIONAL WEATHER SERVICE MORRISTOWN TN
916 AM EDT TUE MAY 23 2017


...................................

...THE TRI-CITIES      ASOS CLIMATE SUMMARY FOR MAY 22 2017...

CLIMATE NORMAL PERIOD 1981 TO 2010
CLIMATE RECORD PERIOD 1934 TO 2017


WEATHER ITEM   OBSERVED TIME   RECORD YEAR NORMAL DEPARTURE LAST
                VALUE   (LST)  VALUE       VALUE  FROM      YEAR
                                                  NORMAL
..................................................................
TEMPERATURE (F)
 YESTERDAY
  MAXIMUM         77    234 PM  94    1941  77      0       74
  MINIMUM         60    227 AM  31    2002  53      7       49
  AVERAGE         69                        65      4       62

PRECIPITATION (IN)
  YESTERDAY        T             1.14 1972   0.13  -0.13     0.19
  MONTH TO DATE    4.32                      2.67   1.65     3.58
  SINCE MAR 1     14.05                      9.44   4.61     8.11
  SINCE JAN 1     18.73                     16.26   2.47    15.51

SNOWFALL (IN)
  YESTERDAY        0.0                       0.0    0.0      0.0
  MONTH TO DATE    0.0                       0.0    0.0      0.0
  SINCE MAR 1      0.3                       2.5   -2.2       T
  SINCE JUL 1      4.3                      13.3   -9.0     18.4
  SNOW DEPTH       0

DEGREE DAYS
 HEATING
  YESTERDAY        0                         3     -3        3
  MONTH TO DATE   67                        93    -26       85
  SINCE MAR 1    732                       965   -233      719
  SINCE JUL 1   3299                      4347  -1048     3539

 COOLING
  YESTERDAY        4                         3      1        0
  MONTH TO DATE   64                        34     30       28
  SINCE MAR 1     96                        45     51       54
  SINCE JAN 1     96                        45     51       54
..................................................................


WIND (MPH)
  HIGHEST WIND SPEED    12   HIGHEST WIND DIRECTION    NW (310)
  HIGHEST GUST SPEED    15   HIGHEST GUST DIRECTION    NW (300)
  AVERAGE WIND SPEED     2.0


SKY COVER
  POSSIBLE SUNSHINE  MM
  AVERAGE SKY COVER 0.8


WEATHER CONDITIONS
 THE FOLLOWING WEATHER WAS RECORDED YESTERDAY.
  LIGHT RAIN
  FOG


RELATIVE HUMIDITY (PERCENT)
 HIGHEST   100          1200 AM
 LOWEST     64           200 PM
 AVERAGE    82

..........................................................


THE TRI-CITIES      ASOS CLIMATE NORMALS FOR TODAY
                         NORMAL    RECORD    YEAR
 MAXIMUM TEMPERATURE (F)   78        91      1953
 MINIMUM TEMPERATURE (F)   53        37      2002


SUNRISE AND SUNSET
MAY 23 2017...........SUNRISE   617 AM EDT   SUNSET   836 PM EDT
MAY 24 2017...........SUNRISE   616 AM EDT   SUNSET   837 PM EDT


-  INDICATES NEGATIVE NUMBERS.
R  INDICATES RECORD WAS SET OR TIED.
MM INDICATES DATA IS MISSING.
T  INDICATES TRACE AMOUNT.




$$
