000
CDUS44 KMRX 282119
CLITRI


CLIMATE REPORT
NATIONAL WEATHER SERVICE MORRISTOWN TN
519 PM EDT TUE MAR 28 2017


...................................

...THE TRI-CITIES      ASOS CLIMATE SUMMARY FOR MARCH 28 2017...
VALID TODAY AS OF 0500 PM LOCAL TIME.

CLIMATE NORMAL PERIOD 1981 TO 2010
CLIMATE RECORD PERIOD 1934 TO 2017


WEATHER ITEM   OBSERVED TIME   RECORD YEAR NORMAL DEPARTURE LAST
                VALUE   (LST)  VALUE       VALUE  FROM      YEAR
                                                  NORMAL
..................................................................
TEMPERATURE (F)
 TODAY
  MAXIMUM         70    323 PM  82    1945  63      7       62
  MINIMUM         54    445 AM  19    2001  37     17       45
                                      1982
                                      1955
  AVERAGE         62                        50     12       54

PRECIPITATION (IN)
  TODAY            0.07          0.85 1996   0.11  -0.04     0.01
  MONTH TO DATE    4.05                      3.10   0.95     0.91
  SINCE MAR 1      4.05                      3.10   0.95     0.91
  SINCE JAN 1      8.73                      9.92  -1.19     8.31

SNOWFALL (IN)
  TODAY            0.0                       0.0    0.0      0.0
  MONTH TO DATE    0.3                       1.3   -1.0       T
  SINCE MAR 1      0.3                       1.3   -1.0       T
  SINCE JUL 1      4.3                      12.1   -7.8     18.4
  SNOW DEPTH       0

DEGREE DAYS
 HEATING
  TODAY            3                        15    -12       11
  MONTH TO DATE  512                       524    -12      359
  SINCE MAR 1    512                       524    -12      359
  SINCE JUL 1   3079                      3906   -827     3179

 COOLING
  TODAY            0                         0      0        0
  MONTH TO DATE    0                         0      0        5
  SINCE MAR 1      0                         0      0        5
  SINCE JAN 1      0                         0      0        5
..................................................................


WIND (MPH)
  HIGHEST WIND SPEED    16   HIGHEST WIND DIRECTION     W (280)
  HIGHEST GUST SPEED    22   HIGHEST GUST DIRECTION     W (290)
  AVERAGE WIND SPEED     7.2


SKY COVER
  POSSIBLE SUNSHINE  MM
  AVERAGE SKY COVER 0.9


WEATHER CONDITIONS
 THE FOLLOWING WEATHER WAS RECORDED TODAY.
  LIGHT RAIN
  FOG


RELATIVE HUMIDITY (PERCENT)
 HIGHEST   100           400 AM
 LOWEST     52           400 PM
 AVERAGE    76

..........................................................


THE TRI-CITIES      ASOS CLIMATE NORMALS FOR TOMORROW
                         NORMAL    RECORD    YEAR
 MAXIMUM TEMPERATURE (F)   63        82      1989
 MINIMUM TEMPERATURE (F)   38        18      2015


SUNRISE AND SUNSET
MARCH 28 2017.........SUNRISE   721 AM EDT   SUNSET   749 PM EDT
MARCH 29 2017.........SUNRISE   720 AM EDT   SUNSET   749 PM EDT


-  INDICATES NEGATIVE NUMBERS.
R  INDICATES RECORD WAS SET OR TIED.
MM INDICATES DATA IS MISSING.
T  INDICATES TRACE AMOUNT.




$$
