000
CDUS44 KMRX 221211
CLITRI

CLIMATE REPORT NATIONAL WEATHER SERVICE MORRISTOWN TN
811 AM EDT WED OCT 22 2014

...................................

...THE TRI-CITIES   CLIMATE SUMMARY FOR OCTOBER 21 2014...

CLIMATE NORMAL PERIOD 1981 TO 2010
CLIMATE RECORD PERIOD 1934 TO 2014


WEATHER ITEM   OBSERVED TIME   RECORD YEAR NORMAL DEPARTURE LAST
                VALUE   (LST)  VALUE       VALUE  FROM      YEAR
                                                  NORMAL
..................................................................
TEMPERATURE (F)
 YESTERDAY
  MAXIMUM         65    136 PM  84    1979  68     -3       69
  MINIMUM         45   1105 PM  22    1952  42      3       34
  AVERAGE         55                        55      0       52

PRECIPITATION (IN)
  YESTERDAY        T             2.06 1985   0.07  -0.07     0.00
  MONTH TO DATE    5.68                      1.37   4.31     0.61
  SINCE SEP 1      7.10                      4.36   2.74     2.46
  SINCE JAN 1     32.14                     33.81  -1.67    47.33

SNOWFALL (IN)
  YESTERDAY        0.0                       0.0    0.0       0.0
  MONTH TO DATE    0.0                       0.0    0.0      0.0
  SINCE SEP 1      0.0                       0.0    0.0      0.0
  SINCE JUL 1      0.0                       0.0    0.0      0.0
  SNOW DEPTH       0

DEGREE DAYS
 HEATING
  YESTERDAY       10                        11     -1       13
  MONTH TO DATE  123                       162    -39       88
  SINCE SEP 1    134                       214    -80      107
  SINCE JUL 1    134                       215    -81      107

 COOLING
  YESTERDAY        0                         0      0        0
  MONTH TO DATE    9                         9      0       25
  SINCE SEP 1    184                       125     59      145
  SINCE JAN 1   1141                       977    164     1003
..................................................................


WIND (MPH)
  HIGHEST WIND SPEED    18   HIGHEST WIND DIRECTION     W (270)
  HIGHEST GUST SPEED    26   HIGHEST GUST DIRECTION     W (280)
  AVERAGE WIND SPEED     6.0


SKY COVER
  POSSIBLE SUNSHINE  MM
  AVERAGE SKY COVER  MM


WEATHER CONDITIONS
 THE FOLLOWING WEATHER WAS RECORDED YESTERDAY.
  LIGHT RAIN
  FOG


RELATIVE HUMIDITY (PERCENT)
 HIGHEST   100           200 AM
 LOWEST     46           400 PM
 AVERAGE    73

..........................................................


THE TRI-CITIES      ASOS CLIMATE NORMALS FOR TODAY
                         NORMAL    RECORD    YEAR
 MAXIMUM TEMPERATURE (F)   68        85      1947
 MINIMUM TEMPERATURE (F)   41        24      1987
                                             1952


SUNRISE AND SUNSET
OCTOBER 22 2014.......SUNRISE   743 AM EDT   SUNSET   644 PM EDT
OCTOBER 23 2014.......SUNRISE   744 AM EDT   SUNSET   643 PM EDT


-  INDICATES NEGATIVE NUMBERS.
R  INDICATES RECORD WAS SET OR TIED.
MM INDICATES DATA IS MISSING.
T  INDICATES TRACE AMOUNT.

&&

THE LOW TEMPERATURE THIS MORNING WAS 45.
THERE HAS BEEN NO PRECIPITATION SINCE MIDNIGHT.


$$
