000
CDUS46 KSGX 190016
CLITRM


CLIMATE REPORT
NATIONAL WEATHER SERVICE SAN DIEGO, CA
416 PM PST SUN FEB 18 2018


...................................

...THE THERMAL AIRPORT CA CLIMATE SUMMARY FOR FEBRUARY 18 2018...
VALID TODAY AS OF 0400 PM LOCAL TIME.

CLIMATE NORMAL PERIOD 1981 TO 2010
CLIMATE RECORD PERIOD 1950 TO 2018


WEATHER ITEM   OBSERVED TIME   RECORD YEAR NORMAL DEPARTURE LAST
                VALUE   (LST)  VALUE       VALUE  FROM      YEAR
                                                  NORMAL
..................................................................
TEMPERATURE (F)
 TODAY
  MAXIMUM         80    342 PM  93    1981  75      5       59
  MINIMUM         37    651 AM  30    1975  42     -5       52
  AVERAGE         59                        59      0       56

PRECIPITATION (IN)
  TODAY            0.00          0.73 2011   0.03  -0.03     0.13
  MONTH TO DATE    0.00                      0.41  -0.41     0.37
  SINCE OCT 1      0.41                      1.89  -1.48     3.36
  SINCE JAN 1      0.41                      1.08  -0.67     1.68

DEGREE DAYS
 HEATING
  TODAY            6                         7     -1        9
  MONTH TO DATE   42                       147   -105       49
  SINCE DEC 1    426                       840   -414      677
  SINCE JUL 1    443                      1007   -564      795

 COOLING
  TODAY            0                         0      0        0
  MONTH TO DATE   20                         0     20       32
  SINCE DEC 1     31                         3     28       34
  SINCE JAN 1     31                         2     29       32
..................................................................


WIND (MPH)
  RESULTANT WIND SPEED   1   RESULTANT WIND DIRECTION   E (100)
  HIGHEST WIND SPEED    10   HIGHEST WIND DIRECTION     S (170)
  HIGHEST GUST SPEED    14   HIGHEST GUST DIRECTION     S (180)
  AVERAGE WIND SPEED     4.6


SKY COVER
  POSSIBLE SUNSHINE  MM
  AVERAGE SKY COVER 0.0


WEATHER CONDITIONS
 THE FOLLOWING WEATHER WAS RECORDED TODAY.
  NO SIGNIFICANT WEATHER WAS OBSERVED.


RELATIVE HUMIDITY (PERCENT)
 HIGHEST    64           700 AM
 LOWEST     17          1200 PM
 AVERAGE    41

..........................................................


THE THERMAL AIRPORT CA CLIMATE NORMALS FOR TOMORROW
                         NORMAL    RECORD    YEAR
 MAXIMUM TEMPERATURE (F)   75        92      1995
 MINIMUM TEMPERATURE (F)   42        30      1975


SUNRISE AND SUNSET
FEBRUARY 18 2018......SUNRISE   626 AM PST   SUNSET   532 PM PST
FEBRUARY 19 2018......SUNRISE   625 AM PST   SUNSET   533 PM PST


-  INDICATES NEGATIVE NUMBERS.
R  INDICATES RECORD WAS SET OR TIED.
MM INDICATES DATA IS MISSING.
T  INDICATES TRACE AMOUNT.




$$
