000
CDUS46 KSGX 270021
CLITRM


CLIMATE REPORT
NATIONAL WEATHER SERVICE SAN DIEGO, CA
421 PM PST THU FEB 26 2015


...................................

...THE THERMAL AIRPORT CA CLIMATE SUMMARY FOR FEBRUARY 26 2015...
VALID TODAY AS OF 0400 PM LOCAL TIME.

CLIMATE NORMAL PERIOD 1981 TO 2010
CLIMATE RECORD PERIOD 1950 TO 2015


WEATHER ITEM   OBSERVED TIME   RECORD YEAR NORMAL DEPARTURE LAST
                VALUE   (LST)  VALUE       VALUE  FROM      YEAR
                                                  NORMAL
..................................................................
TEMPERATURE (F)
 TODAY
  MAXIMUM         80    349 PM  98    1986  77      3       78
  MINIMUM         41    505 AM  30    1996  44     -3       45
  AVERAGE         61                        60      1       62

PRECIPITATION (IN)
  TODAY            0.00          0.09 1983   0.03  -0.03     0.00
  MONTH TO DATE    0.04                      0.62  -0.58     0.00
  SINCE OCT 1      0.46                      2.10  -1.64     0.08
  SINCE JAN 1      0.31                      1.29  -0.98      T

SNOWFALL (IN)
  TODAY            0.0
  MONTH TO DATE    0.0
  SINCE JAN 1      0.0
  SINCE JUL 1      0.0
  SNOW DEPTH       0

DEGREE DAYS
 HEATING
  TODAY            4                         5     -1        3
  MONTH TO DATE   44                       195   -151      116
  SINCE DEC 1    594                       888   -294      680
  SINCE JUL 1    703                      1055   -352      789

 COOLING
  TODAY            0                         1     -1        0
  MONTH TO DATE   21                         6     15        6
  SINCE DEC 1     24                         9     15        6
  SINCE JAN 1     21                         8     13        6
..................................................................


WIND (MPH)
  RESULTANT WIND SPEED   2   RESULTANT WIND DIRECTION   E (110)
  HIGHEST WIND SPEED    10   HIGHEST WIND DIRECTION    SE (130)
  HIGHEST GUST SPEED    14   HIGHEST GUST DIRECTION    SE (140)
  AVERAGE WIND SPEED     4.5


SKY COVER
  POSSIBLE SUNSHINE  MM
  AVERAGE SKY COVER 0.0


WEATHER CONDITIONS
 THE FOLLOWING WEATHER WAS RECORDED TODAY.
  NO SIGNIFICANT WEATHER WAS OBSERVED.


RELATIVE HUMIDITY (PERCENT)
 HIGHEST    70           600 AM
 LOWEST     16           300 PM
 AVERAGE    43

..........................................................


THE THERMAL AIRPORT CA CLIMATE NORMALS FOR TOMORROW
                         NORMAL    RECORD    YEAR
 MAXIMUM TEMPERATURE (F)   77       100      1986
 MINIMUM TEMPERATURE (F)   44        27      1971


SUNRISE AND SUNSET
FEBRUARY 26 2015......SUNRISE   617 AM PST   SUNSET   539 PM PST
FEBRUARY 27 2015......SUNRISE   616 AM PST   SUNSET   539 PM PST


-  INDICATES NEGATIVE NUMBERS.
R  INDICATES RECORD WAS SET OR TIED.
MM INDICATES DATA IS MISSING.
T  INDICATES TRACE AMOUNT.




$$
