000
CDUS46 KSGX 221421
CLITRM


CLIMATE REPORT
NATIONAL WEATHER SERVICE SAN DIEGO, CA
721 AM PDT MON SEP 22 2014


...................................

...THE THERMAL AIRPORT CA CLIMATE SUMMARY FOR SEPTEMBER 21 2014...

CLIMATE NORMAL PERIOD 1981 TO 2010
CLIMATE RECORD PERIOD 1950 TO 2014


WEATHER ITEM   OBSERVED TIME   RECORD YEAR NORMAL DEPARTURE LAST
                VALUE   (LST)  VALUE       VALUE  FROM      YEAR
                                                  NORMAL
..................................................................
TEMPERATURE (F)
 YESTERDAY
  MAXIMUM        101    256 PM 110    2003 100      1       99
  MINIMUM         76    620 AM  54    2006  65     11       71
  AVERAGE         89                        82      7       85

PRECIPITATION (IN)
  YESTERDAY        0.00          T    2007   0.01  -0.01     0.00
  MONTH TO DATE    0.13                      0.17  -0.04     0.14
  SINCE JUL 1      0.45                      0.50  -0.05     1.39
  SINCE JAN 1      0.53                      2.32  -1.79     1.83

SNOWFALL (IN)
  YESTERDAY        0.0
  MONTH TO DATE    0.0
  SINCE JAN 1      0.0
  SINCE JUL 1      0.0
  SNOW DEPTH       0

DEGREE DAYS
 HEATING
  YESTERDAY        0                         0      0        0
  MONTH TO DATE    0                         0      0        0
  SINCE SEP 1      0                         0      0        0
  SINCE JUL 1      0                         0      0        0

 COOLING
  YESTERDAY       24                        17      7       20
  MONTH TO DATE  523                       429     94      512
  SINCE SEP 1    523                       429     94      512
  SINCE JAN 1   3720                      3262    458     3796
..................................................................


WIND (MPH)
  RESULTANT WIND SPEED   3   RESULTANT WIND DIRECTION   N (340)
  HIGHEST WIND SPEED    21   HIGHEST WIND DIRECTION    NW (330)
  HIGHEST GUST SPEED    27   HIGHEST GUST DIRECTION    NW (320)
  AVERAGE WIND SPEED     7.4


SKY COVER
  POSSIBLE SUNSHINE  MM
  AVERAGE SKY COVER 0.0


WEATHER CONDITIONS
 THE FOLLOWING WEATHER WAS RECORDED YESTERDAY.
  NO SIGNIFICANT WEATHER WAS OBSERVED.


RELATIVE HUMIDITY (PERCENT)
 HIGHEST    54           500 AM
 LOWEST     11           300 PM
 AVERAGE    33

..........................................................


THE THERMAL AIRPORT CA CLIMATE NORMALS FOR TODAY
                         NORMAL    RECORD    YEAR
 MAXIMUM TEMPERATURE (F)  100       112      1966
 MINIMUM TEMPERATURE (F)   64        55      2007
                                             1978


SUNRISE AND SUNSET
SEPTEMBER 22 2014.....SUNRISE   633 AM PDT   SUNSET   641 PM PDT
SEPTEMBER 23 2014.....SUNRISE   633 AM PDT   SUNSET   640 PM PDT


-  INDICATES NEGATIVE NUMBERS.
R  INDICATES RECORD WAS SET OR TIED.
MM INDICATES DATA IS MISSING.
T  INDICATES TRACE AMOUNT.




$$
