000
CDUS46 KSGX 280017
CLITRM


CLIMATE REPORT
NATIONAL WEATHER SERVICE SAN DIEGO, CA
517 PM PDT MON MAR 27 2017


...................................

...THE THERMAL AIRPORT CA CLIMATE SUMMARY FOR MARCH 27 2017...
VALID TODAY AS OF 0500 PM LOCAL TIME.

CLIMATE NORMAL PERIOD 1981 TO 2010
CLIMATE RECORD PERIOD 1950 TO 2017


WEATHER ITEM   OBSERVED TIME   RECORD YEAR NORMAL DEPARTURE LAST
                VALUE   (LST)  VALUE       VALUE  FROM      YEAR
                                                  NORMAL
..................................................................
TEMPERATURE (F)
 TODAY
  MAXIMUM         84    238 PM 100    1988  83      1       85
  MINIMUM         59    607 AM  35    1995  49     10       44
  AVERAGE         72                        66      6       65

PRECIPITATION (IN)
  TODAY            0.00          0.45 1991   0.01  -0.01     0.00
  MONTH TO DATE    0.00                      0.36  -0.36      T
  SINCE OCT 1      3.69                      2.50   1.19     1.63
  SINCE JAN 1      2.01                      1.69   0.32     1.20

DEGREE DAYS
 HEATING
  TODAY            0                         2     -2        0
  MONTH TO DATE   34                        87    -53       16
  SINCE MAR 1     34                        87    -53       16
  SINCE JUL 1    899                      1152   -253     1041

 COOLING
  TODAY            7                         3      4        0
  MONTH TO DATE  165                        50    115      121
  SINCE MAR 1    165                        50    115      121
  SINCE JAN 1    197                        62    135      186
..................................................................


WIND (MPH)
  RESULTANT WIND SPEED  14   RESULTANT WIND DIRECTION  NW (330)
  HIGHEST WIND SPEED    24   HIGHEST WIND DIRECTION    NW (330)
  HIGHEST GUST SPEED    31   HIGHEST GUST DIRECTION     N (340)
  AVERAGE WIND SPEED    14.0


SKY COVER
  POSSIBLE SUNSHINE  MM
  AVERAGE SKY COVER 0.0


WEATHER CONDITIONS
 THE FOLLOWING WEATHER WAS RECORDED TODAY.
  NO SIGNIFICANT WEATHER WAS OBSERVED.


RELATIVE HUMIDITY (PERCENT)
 HIGHEST    52           300 AM
 LOWEST     17           300 PM
 AVERAGE    35

..........................................................


THE THERMAL AIRPORT CA CLIMATE NORMALS FOR TOMORROW
                         NORMAL    RECORD    YEAR
 MAXIMUM TEMPERATURE (F)   83        98      2015
 MINIMUM TEMPERATURE (F)   49        38      2009


SUNRISE AND SUNSET
MARCH 27 2017.........SUNRISE   638 AM PDT   SUNSET   702 PM PDT
MARCH 28 2017.........SUNRISE   637 AM PDT   SUNSET   703 PM PDT


-  INDICATES NEGATIVE NUMBERS.
R  INDICATES RECORD WAS SET OR TIED.
MM INDICATES DATA IS MISSING.
T  INDICATES TRACE AMOUNT.




$$
