000
CDUS46 KSGX 250019
CLITRM


CLIMATE REPORT
NATIONAL WEATHER SERVICE SAN DIEGO, CA
519 PM PDT SUN SEP 24 2017


...................................

...THE THERMAL AIRPORT CA CLIMATE SUMMARY FOR SEPTEMBER 24 2017...
VALID TODAY AS OF 0500 PM LOCAL TIME.

CLIMATE NORMAL PERIOD 1981 TO 2010
CLIMATE RECORD PERIOD 1950 TO 2017


WEATHER ITEM   OBSERVED TIME   RECORD YEAR NORMAL DEPARTURE LAST
                VALUE   (LST)  VALUE       VALUE  FROM      YEAR
                                                  NORMAL
..................................................................
TEMPERATURE (F)
 TODAY
  MAXIMUM         89    352 PM 108    2015  99    -10       99
                                      1982
  MINIMUM         57    458 AM  50    2006  63     -6       55
  AVERAGE         73                        81     -8       77

PRECIPITATION (IN)
  TODAY            0.00          0.19 1997   0.00   0.00     0.00
  MONTH TO DATE    1.28                      0.19   1.09     0.29
  SINCE OCT 1      5.04                      3.15   1.89     2.27
  SINCE JAN 1      3.36                      2.34   1.02     1.84

DEGREE DAYS
 HEATING
  TODAY            0                         0      0        0
  MONTH TO DATE    0                         0      0        0
  SINCE SEP 1      0                         0      0        0
  SINCE JUL 1      0                         0      0        0

 COOLING
  TODAY            8                        16     -8       12
  MONTH TO DATE  512                       478     34      449
  SINCE SEP 1    512                       478     34      449
  SINCE JAN 1   3981                      3311    670     3786
..................................................................


WIND (MPH)
  RESULTANT WIND SPEED   4   RESULTANT WIND DIRECTION   N (350)
  HIGHEST WIND SPEED    13   HIGHEST WIND DIRECTION    NW (320)
  HIGHEST GUST SPEED    17   HIGHEST GUST DIRECTION     W (260)
  AVERAGE WIND SPEED     6.4


SKY COVER
  POSSIBLE SUNSHINE  MM
  AVERAGE SKY COVER 0.0


WEATHER CONDITIONS
 THE FOLLOWING WEATHER WAS RECORDED TODAY.
  HAZE


RELATIVE HUMIDITY (PERCENT)
 HIGHEST    56           200 AM
 LOWEST      9          1200 PM
 AVERAGE    33

..........................................................


THE THERMAL AIRPORT CA CLIMATE NORMALS FOR TOMORROW
                         NORMAL    RECORD    YEAR
 MAXIMUM TEMPERATURE (F)   99       111      1963
 MINIMUM TEMPERATURE (F)   63        48      1993


SUNRISE AND SUNSET
SEPTEMBER 24 2017.....SUNRISE   634 AM PDT   SUNSET   638 PM PDT
SEPTEMBER 25 2017.....SUNRISE   635 AM PDT   SUNSET   637 PM PDT


-  INDICATES NEGATIVE NUMBERS.
R  INDICATES RECORD WAS SET OR TIED.
MM INDICATES DATA IS MISSING.
T  INDICATES TRACE AMOUNT.




$$
