000
CDUS46 KSGX 010016
CLITRM


CLIMATE REPORT
NATIONAL WEATHER SERVICE SAN DIEGO, CA
516 PM PDT MON AUG 31 2015


...................................

...THE THERMAL AIRPORT CA CLIMATE SUMMARY FOR AUGUST 31 2015...
VALID TODAY AS OF 0500 PM LOCAL TIME.

CLIMATE NORMAL PERIOD 1981 TO 2010
CLIMATE RECORD PERIOD 1950 TO 2015


WEATHER ITEM   OBSERVED TIME   RECORD YEAR NORMAL DEPARTURE LAST
                VALUE   (LST)  VALUE       VALUE  FROM      YEAR
                                                  NORMAL
..................................................................
TEMPERATURE (F)
 TODAY
  MAXIMUM        106    357 PM 120    1950 105      1      109
  MINIMUM         78    649 AM  52    1999  71      7       72
  AVERAGE         92                        88      4       91

PRECIPITATION (IN)
  TODAY            0.00          0.51 1954   0.01  -0.01     0.00
  MONTH TO DATE    0.00                      0.19  -0.19     0.32
  SINCE OCT 1      1.72                      2.96  -1.24     0.48
  SINCE JAN 1      1.57                      2.15  -0.58     0.40

DEGREE DAYS
 HEATING
  TODAY            0                         0      0        0
  MONTH TO DATE    0                         0      0        0
  SINCE JUN 1      0                         0      0        0
  SINCE JUL 1      0                         0      0        0

 COOLING
  TODAY           27                        23      4       26
  MONTH TO DATE  890                       766    124      775
  SINCE JUN 1   2368                      2160    208     2375
  SINCE JAN 1   3122                      2833    289     3197
..................................................................


WIND (MPH)
  RESULTANT WIND SPEED   1   RESULTANT WIND DIRECTION   N (340)
  HIGHEST WIND SPEED    15   HIGHEST WIND DIRECTION    NW (320)
  HIGHEST GUST SPEED    21   HIGHEST GUST DIRECTION    NW (330)
  AVERAGE WIND SPEED     6.4


SKY COVER
  POSSIBLE SUNSHINE  MM
  AVERAGE SKY COVER 0.0


WEATHER CONDITIONS
 THE FOLLOWING WEATHER WAS RECORDED TODAY.
  NO SIGNIFICANT WEATHER WAS OBSERVED.


RELATIVE HUMIDITY (PERCENT)
 HIGHEST    54           700 AM
 LOWEST     11           400 PM
 AVERAGE    33

..........................................................


THE THERMAL AIRPORT CA CLIMATE NORMALS FOR TOMORROW
                         NORMAL    RECORD    YEAR
 MAXIMUM TEMPERATURE (F)  105       123      1950
 MINIMUM TEMPERATURE (F)   71        53      1999


SUNRISE AND SUNSET
AUGUST 31 2015........SUNRISE   618 AM PDT   SUNSET   712 PM PDT
SEPTEMBER  1 2015.....SUNRISE   618 AM PDT   SUNSET   710 PM PDT


-  INDICATES NEGATIVE NUMBERS.
R  INDICATES RECORD WAS SET OR TIED.
MM INDICATES DATA IS MISSING.
T  INDICATES TRACE AMOUNT.




$$
