034
CDUS46 KSGX 251137
CLITRM


CLIMATE REPORT
NATIONAL WEATHER SERVICE SAN DIEGO, CA
437 AM PDT THU MAY 25 2017


...................................

...THE THERMAL AIRPORT CA CLIMATE SUMMARY FOR MAY 24 2017...

CLIMATE NORMAL PERIOD 1981 TO 2010
CLIMATE RECORD PERIOD 1950 TO 2017


WEATHER ITEM   OBSERVED TIME   RECORD YEAR NORMAL DEPARTURE LAST
                VALUE   (LST)  VALUE       VALUE  FROM      YEAR
                                                  NORMAL
..................................................................
TEMPERATURE (F)
 YESTERDAY
  MAXIMUM        109R   228 PM 109    1983  97     12       87
  MINIMUM         79   1159 PM  46    2010  63     16       64
  AVERAGE         94                        80     14       76

PRECIPITATION (IN)
  YESTERDAY        0.00          0.00 2002   0.00   0.00     0.00
                                      2000
  MONTH TO DATE    T                         0.02  -0.02      T
  SINCE OCT 1      3.69                      2.60   1.09     1.98
  SINCE JAN 1      2.01                      1.79   0.22     1.55

DEGREE DAYS
 HEATING
  YESTERDAY        0                         0      0        0
  MONTH TO DATE    5                         0      5        0
  SINCE MAR 1     39                       115    -76       22
  SINCE JUL 1    904                      1180   -276     1047

 COOLING
  YESTERDAY       29                        15     14       11
  MONTH TO DATE  331                       304     27      317
  SINCE MAR 1    814                       548    266      697
  SINCE JAN 1    846                       560    286      762
..................................................................


WIND (MPH)
  RESULTANT WIND SPEED  11   RESULTANT WIND DIRECTION  NW (330)
  HIGHEST WIND SPEED    25   HIGHEST WIND DIRECTION    NW (330)
  HIGHEST GUST SPEED    31   HIGHEST GUST DIRECTION    NW (330)
  AVERAGE WIND SPEED    12.2


SKY COVER
  POSSIBLE SUNSHINE  MM
  AVERAGE SKY COVER 0.0


WEATHER CONDITIONS
 THE FOLLOWING WEATHER WAS RECORDED YESTERDAY.
  NO SIGNIFICANT WEATHER WAS OBSERVED.


RELATIVE HUMIDITY (PERCENT)
 HIGHEST    26           500 AM
 LOWEST      4           400 PM
 AVERAGE    15

..........................................................


THE THERMAL AIRPORT CA CLIMATE NORMALS FOR TODAY
                         NORMAL    RECORD    YEAR
 MAXIMUM TEMPERATURE (F)   98       114      1951
 MINIMUM TEMPERATURE (F)   63        54      2011
                                             1980


SUNRISE AND SUNSET
MAY 25 2017...........SUNRISE   538 AM PDT   SUNSET   746 PM PDT
MAY 26 2017...........SUNRISE   537 AM PDT   SUNSET   746 PM PDT


-  INDICATES NEGATIVE NUMBERS.
R  INDICATES RECORD WAS SET OR TIED.
MM INDICATES DATA IS MISSING.
T  INDICATES TRACE AMOUNT.




$$
