000
CDUS46 KSGX 291435
CLITRM


CLIMATE REPORT
NATIONAL WEATHER SERVICE SAN DIEGO, CA
735 AM PDT SUN MAR 29 2015


...................................

...THE THERMAL AIRPORT CA CLIMATE SUMMARY FOR MARCH 28 2015...

CLIMATE NORMAL PERIOD 1981 TO 2010
CLIMATE RECORD PERIOD 1950 TO 2015


WEATHER ITEM   OBSERVED TIME   RECORD YEAR NORMAL DEPARTURE LAST
                VALUE   (LST)  VALUE       VALUE  FROM      YEAR
                                                  NORMAL
..................................................................
TEMPERATURE (F)
 YESTERDAY
  MAXIMUM         98R   305 PM  97    1969  83     15       82
  MINIMUM         51    539 AM  38    2009  49      2       52
  AVERAGE         75                        66      9       67

PRECIPITATION (IN)
  YESTERDAY        0.00          0.12 1961   0.01  -0.01     0.00
  MONTH TO DATE    0.31                      0.37  -0.06      T
  SINCE OCT 1      0.77                      2.51  -1.74     0.16
  SINCE JAN 1      0.62                      1.70  -1.08     0.08

SNOWFALL (IN)
  YESTERDAY        0.0
  MONTH TO DATE    0.0
  SINCE MAR 1      0.0
  SINCE JUL 1      0.0
  SNOW DEPTH       0

DEGREE DAYS
 HEATING
  YESTERDAY        0                         2     -2        0
  MONTH TO DATE   44                        89    -45       23
  SINCE MAR 1     44                        89    -45       23
  SINCE JUL 1    749                      1154   -405      812

 COOLING
  YESTERDAY       10                         3      7        2
  MONTH TO DATE  150                        53     97       93
  SINCE MAR 1    150                        53     97       93
  SINCE JAN 1    172                        65    107      103
..................................................................


WIND (MPH)
  RESULTANT WIND SPEED   1   RESULTANT WIND DIRECTION   E (70)
  HIGHEST WIND SPEED    16   HIGHEST WIND DIRECTION    NW (330)
  HIGHEST GUST SPEED    20   HIGHEST GUST DIRECTION    NW (330)
  AVERAGE WIND SPEED     4.3


SKY COVER
  POSSIBLE SUNSHINE  MM
  AVERAGE SKY COVER 0.0


WEATHER CONDITIONS
 THE FOLLOWING WEATHER WAS RECORDED YESTERDAY.
  NO SIGNIFICANT WEATHER WAS OBSERVED.


RELATIVE HUMIDITY (PERCENT)
 HIGHEST    54           500 AM
 LOWEST      7           400 PM
 AVERAGE    31

..........................................................


THE THERMAL AIRPORT CA CLIMATE NORMALS FOR TODAY
                         NORMAL    RECORD    YEAR
 MAXIMUM TEMPERATURE (F)   84        98      1971
 MINIMUM TEMPERATURE (F)   49        34      1998


SUNRISE AND SUNSET
MARCH 29 2015.........SUNRISE   636 AM PDT   SUNSET   703 PM PDT
MARCH 30 2015.........SUNRISE   635 AM PDT   SUNSET   704 PM PDT


-  INDICATES NEGATIVE NUMBERS.
R  INDICATES RECORD WAS SET OR TIED.
MM INDICATES DATA IS MISSING.
T  INDICATES TRACE AMOUNT.




$$
