000
CDUS46 KSGX 280120
CLITRM


CLIMATE REPORT
NATIONAL WEATHER SERVICE SAN DIEGO, CA
520 PM PST THU NOV 27 2014


...................................

...THE THERMAL AIRPORT CA CLIMATE SUMMARY FOR NOVEMBER 27 2014...
VALID TODAY AS OF 0500 PM LOCAL TIME.

CLIMATE NORMAL PERIOD 1981 TO 2010
CLIMATE RECORD PERIOD 1950 TO 2014


WEATHER ITEM   OBSERVED TIME   RECORD YEAR NORMAL DEPARTURE LAST
                VALUE   (LST)  VALUE       VALUE  FROM      YEAR
                                                  NORMAL
..................................................................
TEMPERATURE (F)
 TODAY
  MAXIMUM         81    246 PM  88    1950  74      7       75
  MINIMUM         39    559 AM  23    2010  38      1       45
  AVERAGE         60                        56      4       60

PRECIPITATION (IN)
  TODAY            0.00          0.06 2002   0.01  -0.01     0.00
  MONTH TO DATE    T                         0.20  -0.20     0.07
  SINCE JUL 1      0.45                      1.00  -0.55     1.46
  SINCE JAN 1      0.53                      2.82  -2.29     1.90

SNOWFALL (IN)
  TODAY            0.0
  MONTH TO DATE    0.0
  SINCE JAN 1      0.0
  SINCE JUL 1      0.0
  SNOW DEPTH       0

DEGREE DAYS
 HEATING
  TODAY            5                         9     -4        5
  MONTH TO DATE   88                       128    -40       81
  SINCE SEP 1     88                       139    -51       90
  SINCE JUL 1     88                       139    -51       90

 COOLING
  TODAY            0                         0      0        0
  MONTH TO DATE   19                        33    -14       20
  SINCE SEP 1   1061                       853    208      788
  SINCE JAN 1   4258                      3686    572     4072
..................................................................


WIND (MPH)
  RESULTANT WIND SPEED   1   RESULTANT WIND DIRECTION   N (360)
  HIGHEST WIND SPEED     9   HIGHEST WIND DIRECTION     N (340)
  HIGHEST GUST SPEED    12   HIGHEST GUST DIRECTION    SE (120)
  AVERAGE WIND SPEED     3.9


SKY COVER
  POSSIBLE SUNSHINE  MM
  AVERAGE SKY COVER 0.0


WEATHER CONDITIONS
 THE FOLLOWING WEATHER WAS RECORDED TODAY.
  NO SIGNIFICANT WEATHER WAS OBSERVED.


RELATIVE HUMIDITY (PERCENT)
 HIGHEST    65          1200 AM
 LOWEST     13          1200 PM
 AVERAGE    39

..........................................................


THE THERMAL AIRPORT CA CLIMATE NORMALS FOR TOMORROW
                         NORMAL    RECORD    YEAR
 MAXIMUM TEMPERATURE (F)   74        90      1950
 MINIMUM TEMPERATURE (F)   38        24      1994


SUNRISE AND SUNSET
NOVEMBER 27 2014......SUNRISE   628 AM PST   SUNSET   437 PM PST
NOVEMBER 28 2014......SUNRISE   628 AM PST   SUNSET   437 PM PST


-  INDICATES NEGATIVE NUMBERS.
R  INDICATES RECORD WAS SET OR TIED.
MM INDICATES DATA IS MISSING.
T  INDICATES TRACE AMOUNT.




$$
