000
CDUS46 KPQR 240221
CLITTD


CLIMATE REPORT
NATIONAL WEATHER SERVICE PORTLAND OREGON
720 PM PDT SAT SEP 23 2017


...................................

...THE TROUTDALE OR CLIMATE SUMMARY FOR SEPTEMBER 23 2017...
VALID TODAY AS OF 0700 PM LOCAL TIME.

CLIMATE NORMAL PERIOD 1981 TO 2010
CLIMATE RECORD PERIOD 1948 TO 2017


WEATHER ITEM   OBSERVED TIME   RECORD YEAR NORMAL DEPARTURE LAST
                VALUE   (LST)  VALUE       VALUE  FROM      YEAR
                                                  NORMAL
..................................................................
TEMPERATURE (F)
 TODAY
  MAXIMUM         71    502 PM  91    1987  74     -3       61
  MINIMUM         49    255 AM  38    2008  48      1       49
  AVERAGE         60                        61     -1       55

PRECIPITATION (IN)
  TODAY            0.00                      0.08  -0.08     0.03
  MONTH TO DATE    2.26                      1.28   0.98     2.17
  SINCE OCT 1     50.67                     46.40   4.27    42.33
  SINCE JAN 1     29.58                     28.00   1.58    22.51

DEGREE DAYS
 HEATING
  TODAY            5                         5      0       10
  MONTH TO DATE   52                        69    -17       59

 COOLING
  TODAY            0                         1     -1        0
  MONTH TO DATE  105                        37     68        8
..................................................................


WIND (MPH)
  HIGHEST WIND SPEED     8   HIGHEST WIND DIRECTION    NW (320)
  HIGHEST GUST SPEED    10   HIGHEST GUST DIRECTION    NW (310)
  AVERAGE WIND SPEED     2.5


SKY COVER
  POSSIBLE SUNSHINE  MM
  AVERAGE SKY COVER 0.2


WEATHER CONDITIONS
 THE FOLLOWING WEATHER WAS RECORDED TODAY.
  NO SIGNIFICANT WEATHER WAS OBSERVED.


RELATIVE HUMIDITY (PERCENT)
 HIGHEST    93           300 AM
 LOWEST     31           500 PM
 AVERAGE    62

..........................................................


THE TROUTDALE OR CLIMATE NORMALS FOR TOMORROW
                         NORMAL    RECORD    YEAR
 MAXIMUM TEMPERATURE (F)   73        92      1989
 MINIMUM TEMPERATURE (F)   48        38      2005
                                             1970


SUNRISE AND SUNSET
SEPTEMBER 23 2017.....SUNRISE   658 AM PDT   SUNSET   704 PM PDT
SEPTEMBER 24 2017.....SUNRISE   700 AM PDT   SUNSET   703 PM PDT


-  INDICATES NEGATIVE NUMBERS.
R  INDICATES RECORD WAS SET OR TIED.
MM INDICATES DATA IS MISSING.
T  INDICATES TRACE AMOUNT.




$$
