000
CDUS46 KPQR 240244
CLITTD


CLIMATE REPORT
NATIONAL WEATHER SERVICE PORTLAND OREGON
644 PM PST THU NOV 23 2017


...................................

...THE TROUTDALE OR CLIMATE SUMMARY FOR NOVEMBER 23 2017...
VALID TODAY AS OF 0600 PM LOCAL TIME.

CLIMATE NORMAL PERIOD 1981 TO 2010
CLIMATE RECORD PERIOD 1948 TO 2017


WEATHER ITEM   OBSERVED TIME   RECORD YEAR NORMAL DEPARTURE LAST
                VALUE   (LST)  VALUE       VALUE  FROM      YEAR
                                                  NORMAL
..................................................................
TEMPERATURE (F)
 TODAY
  MAXIMUM         65R  1030 AM  64    1959  50     15       51
  MINIMUM         53    557 PM  15    1985  37     16       45
  AVERAGE         59                        44     15       48

PRECIPITATION (IN)
  TODAY            0.32                      0.24   0.08     0.22
  MONTH TO DATE    5.27                      5.58  -0.31     4.30
  SINCE OCT 1     10.46                      9.53   0.93    15.60
  SINCE JAN 1     40.84                     38.10   2.74    38.11

DEGREE DAYS
 HEATING
  TODAY            6                        21    -15       17
  MONTH TO DATE  379                       424    -45      251

 COOLING
  TODAY            0                         0      0        0
  MONTH TO DATE    0                         0      0        0
..................................................................


WIND (MPH)
  HIGHEST WIND SPEED    21   HIGHEST WIND DIRECTION    SW (220)
  HIGHEST GUST SPEED    26   HIGHEST GUST DIRECTION    SW (220)
  AVERAGE WIND SPEED     5.9


SKY COVER
  POSSIBLE SUNSHINE  MM
  AVERAGE SKY COVER 1.0


WEATHER CONDITIONS
 THE FOLLOWING WEATHER WAS RECORDED TODAY.
  HEAVY RAIN
  RAIN
  LIGHT RAIN
  FOG


RELATIVE HUMIDITY (PERCENT)
 HIGHEST    93          1200 AM
 LOWEST     67           400 PM
 AVERAGE    80

..........................................................


THE TROUTDALE OR CLIMATE NORMALS FOR TOMORROW
                         NORMAL    RECORD    YEAR
 MAXIMUM TEMPERATURE (F)   50        65      1949
 MINIMUM TEMPERATURE (F)   37        13      1985


SUNRISE AND SUNSET
NOVEMBER 23 2017......SUNRISE   720 AM PST   SUNSET   432 PM PST
NOVEMBER 24 2017......SUNRISE   721 AM PST   SUNSET   431 PM PST


-  INDICATES NEGATIVE NUMBERS.
R  INDICATES RECORD WAS SET OR TIED.
MM INDICATES DATA IS MISSING.
T  INDICATES TRACE AMOUNT.




$$
