000
CDUS46 KPQR 201143
CLITTD


CLIMATE REPORT
NATIONAL WEATHER SERVICE PORTLAND OREGON
442 AM PDT MON OCT 20 2014


...................................

...THE TROUTDALE OR CLIMATE SUMMARY FOR OCTOBER 19 2014...

CLIMATE NORMAL PERIOD 1981 TO 2010
CLIMATE RECORD PERIOD 9999 TO 9999


WEATHER ITEM   OBSERVED TIME   NORMAL DEPARTURE LAST
                VALUE   (LST)  VALUE  FROM      YEAR
                                      NORMAL
......................................................
TEMPERATURE (F)
 YESTERDAY
  MAXIMUM         76    244 PM  63     13       68
  MINIMUM         55    615 AM  43     12       38
  AVERAGE         66            53     13       53

PRECIPITATION (IN)
  YESTERDAY        0.00          0.14  -0.14     0.00
  MONTH TO DATE    1.35          1.93  -0.58     1.32
  SINCE OCT 1      1.35          1.93  -0.58     1.32
  SINCE JAN 1     24.05         30.50  -6.45    22.24

DEGREE DAYS
 HEATING
  YESTERDAY        0            12    -12       12
  MONTH TO DATE   66           180   -114      217

 COOLING
  YESTERDAY        1             0      1        0
  MONTH TO DATE   12             0     12        0
......................................................


WIND (MPH)
  HIGHEST WIND SPEED    18   HIGHEST WIND DIRECTION     E (90)
  HIGHEST GUST SPEED    24   HIGHEST GUST DIRECTION     E (90)
  AVERAGE WIND SPEED     5.2


SKY COVER
  POSSIBLE SUNSHINE  MM
  AVERAGE SKY COVER 0.2


WEATHER CONDITIONS
 THE FOLLOWING WEATHER WAS RECORDED YESTERDAY.
  NO SIGNIFICANT WEATHER WAS OBSERVED.


RELATIVE HUMIDITY (PERCENT)
 HIGHEST    93           400 AM
 LOWEST     46           200 PM
 AVERAGE    70

..........................................................


THE TROUTDALE OR CLIMATE NORMALS FOR TODAY
                         NORMAL    RECORD    YEAR
 MAXIMUM TEMPERATURE (F)   62        74      1978
 MINIMUM TEMPERATURE (F)   43        26      1949


SUNRISE AND SUNSET
OCTOBER 20 2014.......SUNRISE   733 AM PDT   SUNSET   615 PM PDT
OCTOBER 21 2014.......SUNRISE   734 AM PDT   SUNSET   614 PM PDT


-  INDICATES NEGATIVE NUMBERS.
R  INDICATES RECORD WAS SET OR TIED.
MM INDICATES DATA IS MISSING.
T  INDICATES TRACE AMOUNT.




$$
