000
CDUS46 KPQR 231143
CLITTD


CLIMATE REPORT
NATIONAL WEATHER SERVICE PORTLAND OREGON
442 AM PDT SAT MAY 23 2015


...................................

...THE TROUTDALE OR CLIMATE SUMMARY FOR MAY 22 2015...

CLIMATE NORMAL PERIOD 1981 TO 2010
CLIMATE RECORD PERIOD 1948 TO 2015


WEATHER ITEM   OBSERVED TIME   RECORD YEAR NORMAL DEPARTURE LAST
                VALUE   (LST)  VALUE       VALUE  FROM      YEAR
                                                  NORMAL
..................................................................
TEMPERATURE (F)
 YESTERDAY
  MAXIMUM         60    316 PM  94    2001  70    -10       83
  MINIMUM         56    809 AM  35    1964  48      8       51
  AVERAGE         58                        59     -1       67

PRECIPITATION (IN)
  YESTERDAY        0.04                      0.09  -0.05     0.00
  MONTH TO DATE    0.77                      2.07  -1.30     2.70
  SINCE OCT 1     28.29                     40.23 -11.94    25.19
  SINCE JAN 1     13.33                     21.83  -8.50    17.60

DEGREE DAYS
 HEATING
  YESTERDAY        7                         7      0        0
  MONTH TO DATE  132                       197    -65      112

 COOLING
  YESTERDAY        0                         1     -1        2
  MONTH TO DATE    2                         5     -3       28
..................................................................


WIND (MPH)
  HIGHEST WIND SPEED     9   HIGHEST WIND DIRECTION    SW (230)
  HIGHEST GUST SPEED    11   HIGHEST GUST DIRECTION    SW (240)
  AVERAGE WIND SPEED     1.2


SKY COVER
  POSSIBLE SUNSHINE  MM
  AVERAGE SKY COVER 1.0


WEATHER CONDITIONS
 THE FOLLOWING WEATHER WAS RECORDED YESTERDAY.
  LIGHT RAIN
  FOG


RELATIVE HUMIDITY (PERCENT)
 HIGHEST    83           300 AM
 LOWEST     69          1200 AM
 AVERAGE    76

..........................................................


THE TROUTDALE OR CLIMATE NORMALS FOR TODAY
                         NORMAL    RECORD    YEAR
 MAXIMUM TEMPERATURE (F)   70        92      1999
 MINIMUM TEMPERATURE (F)   48        36      1950


SUNRISE AND SUNSET
MAY 23 2015...........SUNRISE   531 AM PDT   SUNSET   843 PM PDT
MAY 24 2015...........SUNRISE   530 AM PDT   SUNSET   844 PM PDT


-  INDICATES NEGATIVE NUMBERS.
R  INDICATES RECORD WAS SET OR TIED.
MM INDICATES DATA IS MISSING.
T  INDICATES TRACE AMOUNT.




$$
