000
CDUS46 KPQR 061143
CLITTD


CLIMATE REPORT
NATIONAL WEATHER SERVICE PORTLAND OREGON
342 AM PST SAT FEB 6 2016


...................................

...THE TROUTDALE OR CLIMATE SUMMARY FOR FEBRUARY 5 2016...

CLIMATE NORMAL PERIOD 1981 TO 2010
CLIMATE RECORD PERIOD 1948 TO 2016


WEATHER ITEM   OBSERVED TIME   RECORD YEAR NORMAL DEPARTURE LAST
                VALUE   (LST)  VALUE       VALUE  FROM      YEAR
                                                  NORMAL
..................................................................
TEMPERATURE (F)
 YESTERDAY
  MAXIMUM         56    555 PM  57    1965  48      8       51
  MINIMUM         46    851 AM  12    1989  35     11       46
  AVERAGE         51                        42      9       49

PRECIPITATION (IN)
  YESTERDAY        0.13                      0.20  -0.07     0.30
  MONTH TO DATE    0.47                      0.95  -0.48     0.80
  SINCE OCT 1     24.79                     25.53  -0.74    18.50
  SINCE JAN 1      4.97                      7.13  -2.16     3.54

DEGREE DAYS
 HEATING
  YESTERDAY       14                        23     -9       16
  MONTH TO DATE   95                       117    -22       86

 COOLING
  YESTERDAY        0                         0      0        0
  MONTH TO DATE    0                         0      0        0
..................................................................


WIND (MPH)
  HIGHEST WIND SPEED    24   HIGHEST WIND DIRECTION     E (100)
  HIGHEST GUST SPEED    30   HIGHEST GUST DIRECTION    SW (230)
  AVERAGE WIND SPEED    12.7


SKY COVER
  POSSIBLE SUNSHINE  MM
  AVERAGE SKY COVER 0.3


WEATHER CONDITIONS
 THE FOLLOWING WEATHER WAS RECORDED YESTERDAY.
  RAIN
  LIGHT RAIN
  FOG


RELATIVE HUMIDITY (PERCENT)
 HIGHEST    86          1200 AM
 LOWEST     59           600 PM
 AVERAGE    73

..........................................................


THE TROUTDALE OR CLIMATE NORMALS FOR TODAY
                         NORMAL    RECORD    YEAR
 MAXIMUM TEMPERATURE (F)   48        59      2015
 MINIMUM TEMPERATURE (F)   35        18      1989


SUNRISE AND SUNSET
FEBRUARY  6 2016......SUNRISE   725 AM PST   SUNSET   523 PM PST
FEBRUARY  7 2016......SUNRISE   724 AM PST   SUNSET   524 PM PST


-  INDICATES NEGATIVE NUMBERS.
R  INDICATES RECORD WAS SET OR TIED.
MM INDICATES DATA IS MISSING.
T  INDICATES TRACE AMOUNT.




$$
