000
CDUS46 KPQR 302323
CLITTD


CLIMATE REPORT
NATIONAL WEATHER SERVICE PORTLAND OREGON
423 PM PDT SAT AUG 30 2014


...................................

...THE TROUTDALE OR CLIMATE SUMMARY FOR AUGUST 30 2014...
VALID TODAY AS OF 0400 PM LOCAL TIME.

CLIMATE NORMAL PERIOD 1981 TO 2010
CLIMATE RECORD PERIOD 9999 TO 9999


WEATHER ITEM   OBSERVED TIME   NORMAL DEPARTURE LAST
                VALUE   (LST)  VALUE  FROM      YEAR
                                      NORMAL
......................................................
TEMPERATURE (F)
 TODAY
  MAXIMUM         MM        MM  80     MM       82
  MINIMUM         MM        MM  52     MM       62
  AVERAGE         MM            66     MM       72

PRECIPITATION (IN)
  TODAY            0.06          0.04   0.02     0.00
  MONTH TO DATE    0.12          0.81  -0.69     0.30
  SINCE OCT 1     29.27         45.07 -15.80    36.80
  SINCE JAN 1     21.68         26.67  -4.99    16.82

DEGREE DAYS
 HEATING
  TODAY           MM             2     MM        0
  MONTH TO DATE    0            31    -31        5

 COOLING
  TODAY           MM             3     MM        7
  MONTH TO DATE  237           119    118      186
......................................................


WIND (MPH)
  HIGHEST WIND SPEED    12   HIGHEST WIND DIRECTION    SW (220)
  HIGHEST GUST SPEED    MM   HIGHEST GUST DIRECTION    MM
  AVERAGE WIND SPEED     5.6


SKY COVER
  POSSIBLE SUNSHINE  MM
  AVERAGE SKY COVER 0.9


WEATHER CONDITIONS
 THE FOLLOWING WEATHER WAS RECORDED TODAY.
  LIGHT RAIN
  FOG


RELATIVE HUMIDITY (PERCENT)
 HIGHEST    87           200 PM
 LOWEST     66           100 PM
 AVERAGE    77

..........................................................


THE TROUTDALE OR CLIMATE NORMALS FOR TOMORROW
                         NORMAL    RECORD    YEAR
 MAXIMUM TEMPERATURE (F)   80       102      1987
 MINIMUM TEMPERATURE (F)   52        44      2006


SUNRISE AND SUNSET
AUGUST 30 2014........SUNRISE   629 AM PDT   SUNSET   751 PM PDT
AUGUST 31 2014........SUNRISE   630 AM PDT   SUNSET   749 PM PDT


-  INDICATES NEGATIVE NUMBERS.
R  INDICATES RECORD WAS SET OR TIED.
MM INDICATES DATA IS MISSING.
T  INDICATES TRACE AMOUNT.




$$
