000
CDUS46 KPQR 161141
CLITTD


CLIMATE REPORT
NATIONAL WEATHER SERVICE PORTLAND OREGON
440 AM PDT WED APR 16 2014


...................................

...THE TROUTDALE OR CLIMATE SUMMARY FOR APRIL 15 2014...

CLIMATE NORMAL PERIOD 1981 TO 2010
CLIMATE RECORD PERIOD 1948 TO 2014


WEATHER ITEM   OBSERVED TIME   RECORD YEAR NORMAL DEPARTURE LAST
                VALUE   (LST)  VALUE       VALUE  FROM      YEAR
                                                  NORMAL
..................................................................
TEMPERATURE (F)
 YESTERDAY
  MAXIMUM         60    453 PM  79    1989  61     -1       55
  MINIMUM         47    254 AM  34    1967  41      6       38
  AVERAGE         54                        51      3       47

PRECIPITATION (IN)
  YESTERDAY        T             0.75 1960   0.13  -0.13     0.02
  MONTH TO DATE    0.84                      2.01  -1.17     2.31
  SINCE OCT 1     20.05                     36.32 -16.27    28.79
  SINCE JAN 1     12.46                     17.92  -5.46     8.81

DEGREE DAYS
 HEATING
  YESTERDAY       11                        14     -3       18
  MONTH TO DATE  162                       218    -56      212

 COOLING
  YESTERDAY        0                         0      0        0
  MONTH TO DATE    0                         0      0        0
..................................................................


WIND (MPH)
  HIGHEST WIND SPEED    10   HIGHEST WIND DIRECTION    SW (210)
  HIGHEST GUST SPEED    13   HIGHEST GUST DIRECTION    SW (210)
  AVERAGE WIND SPEED     5.3


SKY COVER
  POSSIBLE SUNSHINE  MM
  AVERAGE SKY COVER 0.8


WEATHER CONDITIONS
 THE FOLLOWING WEATHER WAS RECORDED YESTERDAY.
  NO SIGNIFICANT WEATHER WAS OBSERVED.


RELATIVE HUMIDITY (PERCENT)
 HIGHEST    71           200 AM
 LOWEST     39           500 PM
 AVERAGE    55

..........................................................


THE TROUTDALE OR CLIMATE NORMALS FOR TODAY
                         NORMAL    RECORD    YEAR
 MAXIMUM TEMPERATURE (F)   62        86      1990
 MINIMUM TEMPERATURE (F)   41        33      1995


SUNRISE AND SUNSET
APRIL 16 2014.........SUNRISE   622 AM PDT   SUNSET   757 PM PDT
APRIL 17 2014.........SUNRISE   620 AM PDT   SUNSET   759 PM PDT


-  INDICATES NEGATIVE NUMBERS.
R  INDICATES RECORD WAS SET OR TIED.
MM INDICATES DATA IS MISSING.
T  INDICATES TRACE AMOUNT.




$$
