000
CDUS46 KPQR 241145
CLITTD


CLIMATE REPORT
NATIONAL WEATHER SERVICE PORTLAND OREGON
344 AM PST SAT JAN 24 2015


...................................

...THE TROUTDALE OR CLIMATE SUMMARY FOR JANUARY 23 2015...

CLIMATE NORMAL PERIOD 1981 TO 2010
CLIMATE RECORD PERIOD 9999 TO 9999


WEATHER ITEM   OBSERVED TIME   NORMAL DEPARTURE LAST
                VALUE   (LST)  VALUE  FROM      YEAR
                                      NORMAL
......................................................
TEMPERATURE (F)
 YESTERDAY
  MAXIMUM         46   1159 AM  47     -1       44
  MINIMUM         43    845 PM  35      8       37
  AVERAGE         45            41      4       41

PRECIPITATION (IN)
  YESTERDAY        0.03          0.18  -0.15     0.00
  MONTH TO DATE    2.72          4.79  -2.07     2.16
  SINCE OCT 1     17.68         23.19  -5.51     9.75
  SINCE JAN 1      2.72          4.79  -2.07     2.16

DEGREE DAYS
 HEATING
  YESTERDAY       20            24     -4       24
  MONTH TO DATE  479           590   -111      516

 COOLING
  YESTERDAY        0             0      0        0
  MONTH TO DATE    0             0      0        0
......................................................


WIND (MPH)
  HIGHEST WIND SPEED    29   HIGHEST WIND DIRECTION     E (90)
  HIGHEST GUST SPEED    37   HIGHEST GUST DIRECTION     E (90)
  AVERAGE WIND SPEED    15.0


SKY COVER
  POSSIBLE SUNSHINE  MM
  AVERAGE SKY COVER 1.0


WEATHER CONDITIONS
 THE FOLLOWING WEATHER WAS RECORDED YESTERDAY.
  LIGHT RAIN
  FOG


RELATIVE HUMIDITY (PERCENT)
 HIGHEST    89           800 PM
 LOWEST     65           200 AM
 AVERAGE    77

..........................................................


THE TROUTDALE OR CLIMATE NORMALS FOR TODAY
                         NORMAL    RECORD    YEAR
 MAXIMUM TEMPERATURE (F)   47        60      2003
 MINIMUM TEMPERATURE (F)   35        13      1950


SUNRISE AND SUNSET
JANUARY 24 2015.......SUNRISE   739 AM PST   SUNSET   505 PM PST
JANUARY 25 2015.......SUNRISE   738 AM PST   SUNSET   506 PM PST


-  INDICATES NEGATIVE NUMBERS.
R  INDICATES RECORD WAS SET OR TIED.
MM INDICATES DATA IS MISSING.
T  INDICATES TRACE AMOUNT.




$$
