000
CDUS41 KPHI 222129
CLITTN


CLIMATE REPORT
NATIONAL WEATHER SERVICE MOUNT HOLLY NJ
529 PM EDT THU JUN 22 2017


...................................

...THE TRENTON NJ CLIMATE SUMMARY FOR JUNE 22 2017...
VALID TODAY AS OF 0500 PM LOCAL TIME.

CLIMATE NORMAL PERIOD 1981 TO 2010
CLIMATE RECORD PERIOD 1865 TO 2017


WEATHER ITEM   OBSERVED TIME   RECORD YEAR NORMAL DEPARTURE LAST
                VALUE   (LST)  VALUE       VALUE  FROM      YEAR
                                                  NORMAL
..................................................................
TEMPERATURE (F)
 TODAY
  MAXIMUM         89    247 PM  99    1988  83      6       86
  MINIMUM         62    442 AM  47    1992  62      0       62
  AVERAGE         76                        72      4       74

PRECIPITATION (IN)
  TODAY            0.00          2.20 1996   0.12  -0.12     0.00
  MONTH TO DATE    2.39                      3.37  -0.98     1.37
  SINCE JUN 1      2.39                      3.37  -0.98     1.37
  SINCE JAN 1     20.15                     20.89  -0.74    15.41

DEGREE DAYS
 HEATING
  TODAY            0                         0      0        0
  MONTH TO DATE   25                        22      3        8
  SINCE JUN 1     25                        22      3        8
  SINCE JUL 1   4472                      5158   -686     4213

 COOLING
  TODAY           11                         8      3        9
  MONTH TO DATE  154                       121     33      144
  SINCE JUN 1    154                       121     33      144
  SINCE JAN 1    237                       178     59      236
..................................................................


WIND (MPH)
  HIGHEST WIND SPEED    14   HIGHEST WIND DIRECTION     W (270)
  HIGHEST GUST SPEED    19   HIGHEST GUST DIRECTION     W (270)
  AVERAGE WIND SPEED     3.8


SKY COVER
  POSSIBLE SUNSHINE  MM
  AVERAGE SKY COVER 0.1


WEATHER CONDITIONS
 THE FOLLOWING WEATHER WAS RECORDED TODAY.
  FOG
  FOG W/VISIBILITY <= 1/4 MILE


RELATIVE HUMIDITY (PERCENT)
 HIGHEST   100           400 AM
 LOWEST     43           300 PM
 AVERAGE    72

..........................................................


THE TRENTON NJ CLIMATE NORMALS FOR TOMORROW
                         NORMAL    RECORD    YEAR
 MAXIMUM TEMPERATURE (F)   83        97      1894
 MINIMUM TEMPERATURE (F)   63        43      1992


SUNRISE AND SUNSET
JUNE 22 2017..........SUNRISE   530 AM EDT   SUNSET   833 PM EDT
JUNE 23 2017..........SUNRISE   530 AM EDT   SUNSET   833 PM EDT


-  INDICATES NEGATIVE NUMBERS.
R  INDICATES RECORD WAS SET OR TIED.
MM INDICATES DATA IS MISSING.
T  INDICATES TRACE AMOUNT.




$$
