000
CDUS41 KPHI 250635
CLITTN


CLIMATE REPORT
NATIONAL WEATHER SERVICE MOUNT HOLLY NJ
233 AM EDT MON JUL 25 2016


...................................

...THE TRENTON NJ CLIMATE SUMMARY FOR JULY 24 2016...

CLIMATE NORMAL PERIOD 1981 TO 2010
CLIMATE RECORD PERIOD 1865 TO 2016


WEATHER ITEM   OBSERVED TIME   RECORD YEAR NORMAL DEPARTURE LAST
                VALUE   (LST)  VALUE       VALUE  FROM      YEAR
                                                  NORMAL
..................................................................
TEMPERATURE (F)
 YESTERDAY
  MAXIMUM         94    321 PM  98    1910  86      8       84
  MINIMUM         69    518 AM  49    1985  66      3       62
  AVERAGE         82                        76      6       73

PRECIPITATION (IN)
  YESTERDAY        0.00          2.10 1997   0.15  -0.15     0.00
  MONTH TO DATE    4.01                      3.86   0.15     2.49
  SINCE JUN 1      6.12                      8.27  -2.15     8.82
  SINCE JAN 1     20.16                     25.79  -5.63    22.88

SNOWFALL (IN)
  YESTERDAY       MM            MM      MM  MM     MM       MM
  MONTH TO DATE   MM                        MM     MM       MM
  SINCE JUN 1     MM                        MM     MM       MM
  SINCE JUL 1     MM                        MM     MM       MM
  SNOW DEPTH      MM

DEGREE DAYS
 HEATING
  YESTERDAY        0                         0      0        0
  MONTH TO DATE    0                         0      0        0
  SINCE JUN 1      8                        24    -16       25
  SINCE JUL 1      0                         0      0        0

 COOLING
  YESTERDAY       17                        11      6        8
  MONTH TO DATE  315                       255     60      263
  SINCE JUN 1    538                       445     93      487
  SINCE JAN 1    630                       502    128      626
..................................................................


WIND (MPH)
  HIGHEST WIND SPEED    12   HIGHEST WIND DIRECTION     S (180)
  HIGHEST GUST SPEED    15   HIGHEST GUST DIRECTION     W (250)
  AVERAGE WIND SPEED     4.3


SKY COVER
  POSSIBLE SUNSHINE  MM
  AVERAGE SKY COVER 0.0


WEATHER CONDITIONS
 THE FOLLOWING WEATHER WAS RECORDED YESTERDAY.
  NO SIGNIFICANT WEATHER WAS OBSERVED.


RELATIVE HUMIDITY (PERCENT)
 HIGHEST    84           300 AM
 LOWEST     33           300 PM
 AVERAGE    59

..........................................................


THE TRENTON NJ CLIMATE NORMALS FOR TODAY
                         NORMAL    RECORD    YEAR
 MAXIMUM TEMPERATURE (F)   86        97      1999
 MINIMUM TEMPERATURE (F)   66        55      1912


SUNRISE AND SUNSET
JULY 25 2016..........SUNRISE   551 AM EDT   SUNSET   820 PM EDT
JULY 26 2016..........SUNRISE   552 AM EDT   SUNSET   819 PM EDT


-  INDICATES NEGATIVE NUMBERS.
R  INDICATES RECORD WAS SET OR TIED.
MM INDICATES DATA IS MISSING.
T  INDICATES TRACE AMOUNT.




$$
