000
CDUS41 KPHI 250628
CLITTN


CLIMATE REPORT
NATIONAL WEATHER SERVICE MOUNT HOLLY NJ
126 AM EST SAT FEB 25 2017


...................................

...THE TRENTON NJ CLIMATE SUMMARY FOR FEBRUARY 24 2017...

CLIMATE NORMAL PERIOD 1981 TO 2010
CLIMATE RECORD PERIOD 1865 TO 2017


WEATHER ITEM   OBSERVED TIME   RECORD YEAR NORMAL DEPARTURE LAST
                VALUE   (LST)  VALUE       VALUE  FROM      YEAR
                                                  NORMAL
..................................................................
TEMPERATURE (F)
 YESTERDAY
  MAXIMUM         75R   228 PM  74    1985  45     30       65
  MINIMUM         47    633 AM  -2    1889  27     20       37
                                      1873
  AVERAGE         61                        36     25       51

PRECIPITATION (IN)
  YESTERDAY        0.00          1.67 1977   0.09  -0.09     1.52
  MONTH TO DATE    0.99                      1.93  -0.94     3.85
  SINCE DEC 1      7.01                      8.79  -1.78    11.55
  SINCE JAN 1      4.36                      5.09  -0.73     7.14

DEGREE DAYS
 HEATING
  YESTERDAY        4                        29    -25       14
  MONTH TO DATE  589                       753   -164      715
  SINCE DEC 1   2341                      2723   -382     2238
  SINCE JUL 1   3151                      3699   -548     2984

 COOLING
  YESTERDAY        0                         0      0        0
  MONTH TO DATE    0                         0      0        0
  SINCE DEC 1      0                         0      0        2
  SINCE JAN 1      0                         0      0        0
..................................................................


WIND (MPH)
  HIGHEST WIND SPEED    18   HIGHEST WIND DIRECTION    SW (210)
  HIGHEST GUST SPEED    24   HIGHEST GUST DIRECTION    SW (220)
  AVERAGE WIND SPEED     8.1


SKY COVER
  POSSIBLE SUNSHINE  MM
  AVERAGE SKY COVER 0.2


WEATHER CONDITIONS
 THE FOLLOWING WEATHER WAS RECORDED YESTERDAY.
  NO SIGNIFICANT WEATHER WAS OBSERVED.


RELATIVE HUMIDITY (PERCENT)
 HIGHEST   100           700 AM
 LOWEST     49           200 PM
 AVERAGE    75

..........................................................


THE TRENTON NJ CLIMATE NORMALS FOR TODAY
                         NORMAL    RECORD    YEAR
 MAXIMUM TEMPERATURE (F)   45        76      1930
 MINIMUM TEMPERATURE (F)   27         1      1894


SUNRISE AND SUNSET
FEBRUARY 25 2017......SUNRISE   638 AM EST   SUNSET   547 PM EST
FEBRUARY 26 2017......SUNRISE   637 AM EST   SUNSET   548 PM EST


-  INDICATES NEGATIVE NUMBERS.
R  INDICATES RECORD WAS SET OR TIED.
MM INDICATES DATA IS MISSING.
T  INDICATES TRACE AMOUNT.




$$
