000
CDUS41 KPHI 280630
CLITTN


CLIMATE REPORT
NATIONAL WEATHER SERVICE MOUNT HOLLY NJ
228 AM EDT THU MAY 28 2015


...................................

...THE TRENTON NJ CLIMATE SUMMARY FOR MAY 27 2015...

CLIMATE NORMAL PERIOD 1981 TO 2010
CLIMATE RECORD PERIOD 1865 TO 2015


WEATHER ITEM   OBSERVED TIME   RECORD YEAR NORMAL DEPARTURE LAST
                VALUE   (LST)  VALUE       VALUE  FROM      YEAR
                                                  NORMAL
..................................................................
TEMPERATURE (F)
 YESTERDAY
  MAXIMUM         90    329 PM  94    1914  75     15       84
                                      1880
  MINIMUM         68    332 AM  41    1961  54     14       64
  AVERAGE         79                        65     14       74

PRECIPITATION (IN)
  YESTERDAY        0.08          1.15 1892   0.18  -0.10     0.00
  MONTH TO DATE    0.62                      3.64  -3.02     3.14
  SINCE MAR 1      7.46                     11.32  -3.86    12.67
  SINCE JAN 1     14.05                     16.79  -2.74    20.33

SNOWFALL (IN)
  YESTERDAY       MM            MM      MM  MM     MM       MM
  MONTH TO DATE   MM                        MM     MM       MM
  SINCE MAR 1     MM                        MM     MM       MM
  SINCE JUL 1     MM                        MM     MM       MM
  SNOW DEPTH      MM

DEGREE DAYS
 HEATING
  YESTERDAY        0                         3     -3        0
  MONTH TO DATE   67                       157    -90       93
  SINCE MAR 1   1290                      1311    -21     1375
  SINCE JUL 1   5373                      5125    248     5461

 COOLING
  YESTERDAY       14                         3     11        9
  MONTH TO DATE   91                        38     53       38
  SINCE MAR 1     91                        46     45       44
  SINCE JAN 1     91                        46     45       44
..................................................................


WIND (MPH)
  HIGHEST WIND SPEED    21   HIGHEST WIND DIRECTION     S (200)
  HIGHEST GUST SPEED    26   HIGHEST GUST DIRECTION     W (280)
  AVERAGE WIND SPEED     8.9


SKY COVER
  POSSIBLE SUNSHINE  MM
  AVERAGE SKY COVER 0.6


WEATHER CONDITIONS
 THE FOLLOWING WEATHER WAS RECORDED YESTERDAY.
  THUNDERSTORM
  LIGHT RAIN
  FOG


RELATIVE HUMIDITY (PERCENT)
 HIGHEST    93           800 PM
 LOWEST     44           300 PM
 AVERAGE    69

..........................................................


THE TRENTON NJ CLIMATE NORMALS FOR TODAY
                         NORMAL    RECORD    YEAR
 MAXIMUM TEMPERATURE (F)   76        94      1941
 MINIMUM TEMPERATURE (F)   54        38      1994


SUNRISE AND SUNSET
MAY 28 2015...........SUNRISE   534 AM EDT   SUNSET   820 PM EDT
MAY 29 2015...........SUNRISE   533 AM EDT   SUNSET   820 PM EDT


-  INDICATES NEGATIVE NUMBERS.
R  INDICATES RECORD WAS SET OR TIED.
MM INDICATES DATA IS MISSING.
T  INDICATES TRACE AMOUNT.




$$
