000
CDUS41 KPHI 182128
CLITTN


CLIMATE REPORT
NATIONAL WEATHER SERVICE MOUNT HOLLY NJ
526 PM EDT FRI AUG 18 2017


...................................

...THE TRENTON NJ CLIMATE SUMMARY FOR AUGUST 18 2017...
VALID TODAY AS OF 0500 PM LOCAL TIME.

CLIMATE NORMAL PERIOD 1981 TO 2010
CLIMATE RECORD PERIOD 1865 TO 2017


WEATHER ITEM   OBSERVED TIME   RECORD YEAR NORMAL DEPARTURE LAST
                VALUE   (LST)  VALUE       VALUE  FROM      YEAR
                                                  NORMAL
..................................................................
TEMPERATURE (F)
 TODAY
  MAXIMUM         87    311 PM  96    2002  84      3       87
  MINIMUM         73    410 AM  53    1915  64      9       71
  AVERAGE         80                        74      6       79

PRECIPITATION (IN)
  TODAY            0.01          2.92 1932   0.14  -0.13     0.07
  MONTH TO DATE    1.96                      2.51  -0.55     0.96
  SINCE JUN 1     12.28                     11.87   0.41    10.53
  SINCE JAN 1     30.04                     29.39   0.65    24.57

DEGREE DAYS
 HEATING
  TODAY            0                         0      0        0
  MONTH TO DATE    0                         0      0        0
  SINCE JUN 1     25                        24      1        8
  SINCE JUL 1      0                         0      0        0

 COOLING
  TODAY           15                         9      6       14
  MONTH TO DATE  164                       176    -12      254
  SINCE JUN 1    754                       696     58      902
  SINCE JAN 1    837                       753     84      994
..................................................................


WIND (MPH)
  HIGHEST WIND SPEED    12   HIGHEST WIND DIRECTION     S (190)
  HIGHEST GUST SPEED    15   HIGHEST GUST DIRECTION     S (180)
  AVERAGE WIND SPEED     7.0


SKY COVER
  POSSIBLE SUNSHINE  MM
  AVERAGE SKY COVER 0.7


WEATHER CONDITIONS
 THE FOLLOWING WEATHER WAS RECORDED TODAY.
  THUNDERSTORM
  LIGHT RAIN
  FOG
  HAZE


RELATIVE HUMIDITY (PERCENT)
 HIGHEST   100           900 AM
 LOWEST     75           300 PM
 AVERAGE    88

..........................................................


THE TRENTON NJ CLIMATE NORMALS FOR TOMORROW
                         NORMAL    RECORD    YEAR
 MAXIMUM TEMPERATURE (F)   83        95      2002
                                             1914
 MINIMUM TEMPERATURE (F)   64        54      1924
                                             1915


SUNRISE AND SUNSET
AUGUST 18 2017........SUNRISE   613 AM EDT   SUNSET   752 PM EDT
AUGUST 19 2017........SUNRISE   614 AM EDT   SUNSET   750 PM EDT


-  INDICATES NEGATIVE NUMBERS.
R  INDICATES RECORD WAS SET OR TIED.
MM INDICATES DATA IS MISSING.
T  INDICATES TRACE AMOUNT.




$$
