000
CDUS41 KPHI 210546
CLITTN


CLIMATE REPORT
NATIONAL WEATHER SERVICE MOUNT HOLLY NJ
146 AM EDT SAT OCT 21 2017


...................................

...THE TRENTON NJ CLIMATE SUMMARY FOR OCTOBER 20 2017...

CLIMATE NORMAL PERIOD 1981 TO 2010
CLIMATE RECORD PERIOD 1865 TO 2017


WEATHER ITEM   OBSERVED TIME   RECORD YEAR NORMAL DEPARTURE LAST
                VALUE   (LST)  VALUE       VALUE  FROM      YEAR
                                                  NORMAL
..................................................................
TEMPERATURE (F)
 YESTERDAY
  MAXIMUM         74    404 PM  80    1969  64     10       76
  MINIMUM         50   1138 PM  27    1992  43      7       61
  AVERAGE         62                        53      9       69

PRECIPITATION (IN)
  YESTERDAY        0.00          3.70 1910   0.12  -0.12     0.00
  MONTH TO DATE    1.40                      2.72  -1.32     0.84
  SINCE SEP 1      3.26                      6.99  -3.73     3.22
  SINCE JAN 1     34.43                     37.97  -3.54    28.02

DEGREE DAYS
 HEATING
  YESTERDAY        3                        12     -9        0
  MONTH TO DATE   73                       182   -109      120
  SINCE SEP 1    106                       244   -138      148
  SINCE JUL 1    107                       247   -140      148

 COOLING
  YESTERDAY        0                         0      0        4
  MONTH TO DATE   60                         7     53       25
  SINCE SEP 1    225                       106    119      226
  SINCE JAN 1   1145                       962    183     1377
..................................................................


WIND (MPH)
  HIGHEST WIND SPEED    14   HIGHEST WIND DIRECTION    NW (320)
  HIGHEST GUST SPEED    19   HIGHEST GUST DIRECTION    NW (330)
  AVERAGE WIND SPEED     5.2


SKY COVER
  POSSIBLE SUNSHINE  MM
  AVERAGE SKY COVER 0.0


WEATHER CONDITIONS
 THE FOLLOWING WEATHER WAS RECORDED YESTERDAY.
  NO SIGNIFICANT WEATHER WAS OBSERVED.


RELATIVE HUMIDITY (PERCENT)
 HIGHEST    83           600 AM
 LOWEST     22           300 PM
 AVERAGE    53

..........................................................


THE TRENTON NJ CLIMATE NORMALS FOR TODAY
                         NORMAL    RECORD    YEAR
 MAXIMUM TEMPERATURE (F)   63        85      1947
 MINIMUM TEMPERATURE (F)   42        28      1952


SUNRISE AND SUNSET
OCTOBER 21 2017.......SUNRISE   717 AM EDT   SUNSET   610 PM EDT
OCTOBER 22 2017.......SUNRISE   718 AM EDT   SUNSET   609 PM EDT


-  INDICATES NEGATIVE NUMBERS.
R  INDICATES RECORD WAS SET OR TIED.
MM INDICATES DATA IS MISSING.
T  INDICATES TRACE AMOUNT.




$$
