000
CDUS41 KPHI 200627
CLITTN


CLIMATE REPORT
NATIONAL WEATHER SERVICE MOUNT HOLLY NJ
226 AM EDT MON OCT 20 2014


...................................

...THE TRENTON NJ CLIMATE SUMMARY FOR OCTOBER 19 2014...

CLIMATE NORMAL PERIOD 1981 TO 2010
CLIMATE RECORD PERIOD 1865 TO 2014


WEATHER ITEM   OBSERVED TIME   RECORD YEAR NORMAL DEPARTURE LAST
                VALUE   (LST)  VALUE       VALUE  FROM      YEAR
                                                  NORMAL
..................................................................
TEMPERATURE (F)
 YESTERDAY
  MAXIMUM         53    254 PM  83    1963  64    -11       63
  MINIMUM         40   1159 PM  30    1986  43     -3       42
                                      1974
  AVERAGE         47                        53     -6       53

PRECIPITATION (IN)
  YESTERDAY        0.00          3.80 1996   0.12  -0.12     0.12
  MONTH TO DATE    2.19                      2.60  -0.41     1.60
  SINCE SEP 1      3.24                      6.87  -3.63     3.21
  SINCE JAN 1     34.70                     37.85  -3.15    35.56

SNOWFALL (IN)
  YESTERDAY       MM            MM      MM  MM     MM       MM
  MONTH TO DATE   MM                        MM     MM       MM
  SINCE SEP 1     MM                        MM     MM       MM
  SINCE JUL 1     MM                        MM     MM       MM
  SNOW DEPTH      MM

DEGREE DAYS
 HEATING
  YESTERDAY       18                        12      6       12
  MONTH TO DATE  111                       170    -59       73
  SINCE SEP 1    159                       232    -73      161
  SINCE JUL 1    159                       235    -76      161

 COOLING
  YESTERDAY        0                         0      0        0
  MONTH TO DATE   14                         7      7       36
  SINCE SEP 1    147                       106     41      127
  SINCE JAN 1    930                       962    -32     1077
..................................................................


WIND (MPH)
  HIGHEST WIND SPEED    24   HIGHEST WIND DIRECTION     N (350)
  HIGHEST GUST SPEED    32   HIGHEST GUST DIRECTION     N (350)
  AVERAGE WIND SPEED     8.6


SKY COVER
  POSSIBLE SUNSHINE  MM
  AVERAGE SKY COVER 0.4


WEATHER CONDITIONS
 THE FOLLOWING WEATHER WAS RECORDED YESTERDAY.
  NO SIGNIFICANT WEATHER WAS OBSERVED.


RELATIVE HUMIDITY (PERCENT)
 HIGHEST    68           100 AM
 LOWEST     35           300 PM
 AVERAGE    52

..........................................................


THE TRENTON NJ CLIMATE NORMALS FOR TODAY
                         NORMAL    RECORD    YEAR
 MAXIMUM TEMPERATURE (F)   64        80      1969
 MINIMUM TEMPERATURE (F)   43        27      1992


SUNRISE AND SUNSET
OCTOBER 20 2014.......SUNRISE   715 AM EDT   SUNSET   612 PM EDT
OCTOBER 21 2014.......SUNRISE   716 AM EDT   SUNSET   611 PM EDT


-  INDICATES NEGATIVE NUMBERS.
R  INDICATES RECORD WAS SET OR TIED.
MM INDICATES DATA IS MISSING.
T  INDICATES TRACE AMOUNT.




$$
