000
CDUS44 KTSA 172130
CLITUL

CLIMATE REPORT
NATIONAL WEATHER SERVICE TULSA OK
430 PM CDT TUE OCT 17 2017


...................................

...THE TULSA OKLAHOMA CLIMATE SUMMARY FOR OCTOBER 17 2017...
VALID TODAY AS OF 0400 PM LOCAL TIME.

CLIMATE NORMAL PERIOD 1981 TO 2010
CLIMATE RECORD PERIOD 1882 TO 2017


WEATHER ITEM   OBSERVED TIME   RECORD YEAR NORMAL DEPARTURE LAST
                VALUE   (LST)  VALUE       VALUE  FROM      YEAR
                                                  NORMAL
..................................................................
TEMPERATURE (F)
 TODAY
  MAXIMUM         72    259 PM  90    2016  73     -1       90
                                      2005
                                      1947
  MINIMUM         46    444 AM  30    1976  50     -4       75
  AVERAGE         59                        62     -3       83

PRECIPITATION (IN)
  TODAY            0.00          1.32 1998   0.14  -0.14     0.00
  MONTH TO DATE    5.51                      2.13   3.38     2.07
  SINCE SEP 1      7.31                      6.39   0.92     4.38
  SINCE JAN 1     42.31                     33.87   8.44    25.08

SNOWFALL (IN)
  TODAY            0.0                                       0.0
  MONTH TO DATE    0.0                                       0.0
  SINCE SEP 1      0.0                                       0.0
  SINCE JUL 1      0.0                                       0.0

DEGREE DAYS
 HEATING
  TODAY            6                         5      1        0
  MONTH TO DATE   36                        64    -28       29
  SINCE SEP 1     36                        88    -52       31
  SINCE JUL 1     36                        88    -52       31

 COOLING
  TODAY            0                         2     -2       18
  MONTH TO DATE  101                        47     54      105
  SINCE SEP 1    410                       311     99      475
  SINCE JAN 1   2111                      2012     99     2415
..................................................................


WIND (MPH)
  HIGHEST WIND SPEED    17   HIGHEST WIND DIRECTION     S (180)
  HIGHEST GUST SPEED    21   HIGHEST GUST DIRECTION     S (180)
  AVERAGE WIND SPEED     8.0


SKY COVER
  POSSIBLE SUNSHINE  MM
  AVERAGE SKY COVER 0.2


WEATHER CONDITIONS
 THE FOLLOWING WEATHER WAS RECORDED TODAY.
  NO SIGNIFICANT WEATHER WAS OBSERVED.


RELATIVE HUMIDITY (PERCENT)
 HIGHEST    86          1200 AM
 LOWEST     38           200 PM
 AVERAGE    62

..........................................................


THE TULSA OKLAHOMA CLIMATE NORMALS FOR TOMORROW
                         NORMAL    RECORD    YEAR
 MAXIMUM TEMPERATURE (F)   73        91      2005
                                             1932
 MINIMUM TEMPERATURE (F)   50        29      1948
                                             1922


SUNRISE AND SUNSET
OCTOBER 17 2017.......SUNRISE   733 AM CDT   SUNSET   645 PM CDT
OCTOBER 18 2017.......SUNRISE   733 AM CDT   SUNSET   643 PM CDT


-  INDICATES NEGATIVE NUMBERS.
R  INDICATES RECORD WAS SET OR TIED.
MM INDICATES DATA IS MISSING.
T  INDICATES TRACE AMOUNT.




$$

&&
...........................................................

TULSA RECORD LOW MAX AND HIGH MIN TEMPERATURES FOR TOMORROW
                      RECORD        YEAR
  LOW MAXIMUM           51          1989
  HIGH MINIMUM          69          1938
...........................................................
ALL DATA MEASURED AT THE TULSA INTERNATIONAL AIRPORT...
EXCEPT SNOWFALL...WHICH IS MEASURED AT THE NWS OFFICE.
