924
CDUS44 KTSA 201413
CLITUL

CLIMATE REPORT
NATIONAL WEATHER SERVICE TULSA OK
912 AM CDT SUN AUG 20 2017


...................................

...THE TULSA OKLAHOMA CLIMATE SUMMARY FOR AUGUST 20 2017...
VALID AS OF 0900 AM LOCAL TIME.

CLIMATE NORMAL PERIOD 1981 TO 2010
CLIMATE RECORD PERIOD 1882 TO 2017


WEATHER ITEM   OBSERVED TIME   RECORD YEAR NORMAL DEPARTURE LAST
                VALUE   (LST)  VALUE       VALUE  FROM      YEAR
                                                  NORMAL
..................................................................
TEMPERATURE (F)
 TODAY
  MAXIMUM         86   1254 AM 106    1935  93     -7       86
                                      1918
  MINIMUM         79    607 AM  53    1967  71      8       65
  AVERAGE         83                        82      1       76

PRECIPITATION (IN)
  TODAY            0.00          5.37 1989   0.09  -0.09     0.11
  MONTH TO DATE    6.07                      1.78   4.29     2.15
  SINCE JUN 1     11.07                      9.86   1.21     6.68
  SINCE JAN 1     35.00                     26.36   8.64    20.54

DEGREE DAYS
 COOLING
  TODAY           18                        17      1       11
  MONTH TO DATE  284                       361    -77      378
  SINCE JUN 1   1270                      1295    -25     1548
  SINCE JAN 1   1557                      1529     28     1752
..................................................................


WIND (MPH)
  HIGHEST WIND SPEED    13   HIGHEST WIND DIRECTION     S (190)
  HIGHEST GUST SPEED    15   HIGHEST GUST DIRECTION     S (180)
  AVERAGE WIND SPEED     7.8


SKY COVER
  POSSIBLE SUNSHINE  MM
  AVERAGE SKY COVER 0.3


WEATHER CONDITIONS
 THE FOLLOWING WEATHER WAS RECORDED TODAY.
  NO SIGNIFICANT WEATHER WAS OBSERVED.


RELATIVE HUMIDITY (PERCENT)
 HIGHEST    91           500 AM
 LOWEST     70           100 AM
 AVERAGE    81

..........................................................


THE TULSA OKLAHOMA CLIMATE NORMALS FOR TOMORROW
                         NORMAL    RECORD    YEAR
 MAXIMUM TEMPERATURE (F)   93       106      1936
                                             1916
 MINIMUM TEMPERATURE (F)   71        54      1950


SUNRISE AND SUNSET
AUGUST 20 2017........SUNRISE   646 AM CDT   SUNSET   807 PM CDT
AUGUST 21 2017........SUNRISE   647 AM CDT   SUNSET   806 PM CDT


-  INDICATES NEGATIVE NUMBERS.
R  INDICATES RECORD WAS SET OR TIED.
MM INDICATES DATA IS MISSING.
T  INDICATES TRACE AMOUNT.




$$

&&
ALL DATA MEASURED AT THE TULSA INTERNATIONAL AIRPORT...
EXCEPT SNOWFALL...WHICH IS MEASURED AT THE NWS OFFICE.
