000
CDUS44 KTSA 311514
CLITUL

CLIMATE REPORT
NATIONAL WEATHER SERVICE TULSA OK
912 AM CST SAT JAN 31 2015


...................................

...THE TULSA OKLAHOMA CLIMATE SUMMARY FOR JANUARY 31 2015...
VALID AS OF 0900 AM LOCAL TIME.

CLIMATE NORMAL PERIOD 1981 TO 2010
CLIMATE RECORD PERIOD 1882 TO 2015


WEATHER ITEM   OBSERVED TIME   RECORD YEAR NORMAL DEPARTURE LAST
                VALUE   (LST)  VALUE       VALUE  FROM      YEAR
                                                  NORMAL
..................................................................
TEMPERATURE (F)
 TODAY
  MAXIMUM         44    759 AM  76    1989  50     -6       45
                                      1911
  MINIMUM         42    536 AM  -5    1979  28     14       30
  AVERAGE         43                        39      4       38

PRECIPITATION (IN)
  TODAY            0.00          2.13 1983   0.06  -0.06      T
  MONTH TO DATE    0.41                      1.66  -1.25     0.13
  SINCE DEC 1      2.38                      4.15  -1.77     1.91
  SINCE JAN 1      0.41                      1.66  -1.25     0.13

SNOWFALL (IN)
  TODAY            0.0                                       0.0
  MONTH TO DATE    T                                         1.1
  SINCE DEC 1      2.0                                       6.1
  SINCE JUL 1      2.4                                       6.1

DEGREE DAYS
 HEATING
  TODAY           22                        26     -4       27
  MONTH TO DATE  818                       849    -31      897
  SINCE DEC 1   1510                      1637   -127     1810
  SINCE JUL 1   2211                      2273    -62     2511
..................................................................


WIND (MPH)
  HIGHEST WIND SPEED    13   HIGHEST WIND DIRECTION     S (170)
  HIGHEST GUST SPEED    16   HIGHEST GUST DIRECTION     S (170)
  AVERAGE WIND SPEED     6.6


SKY COVER
  POSSIBLE SUNSHINE  MM
  AVERAGE SKY COVER 1.0


WEATHER CONDITIONS
 THE FOLLOWING WEATHER WAS RECORDED TODAY.
  NO SIGNIFICANT WEATHER WAS OBSERVED.


RELATIVE HUMIDITY (PERCENT)
 HIGHEST    58           800 AM
 LOWEST     49          1200 AM
 AVERAGE    54

..........................................................


THE TULSA OKLAHOMA CLIMATE NORMALS FOR TOMORROW
                         NORMAL    RECORD    YEAR
 MAXIMUM TEMPERATURE (F)   50        90      1911
 MINIMUM TEMPERATURE (F)   28        -7      1979


SUNRISE AND SUNSET
JANUARY 31 2015.......SUNRISE   725 AM CST   SUNSET   549 PM CST
FEBRUARY  1 2015......SUNRISE   725 AM CST   SUNSET   550 PM CST


-  INDICATES NEGATIVE NUMBERS.
R  INDICATES RECORD WAS SET OR TIED.
MM INDICATES DATA IS MISSING.
T  INDICATES TRACE AMOUNT.




$$

&&
...........................................................

HOURLY TEMPERATURE DATA
 YESTERDAY
11AM NOON  1PM  2PM  3PM  4PM  5PM  6PM  7PM  8PM  9PM 10PM 11PM
  37   40   42   47   48   49   48   47   47   45   44   43   43

 TODAY
 MID  1AM  2AM  3AM  4AM  5AM  6AM  7AM  8AM  9AM
  43   43   43   43   43   42   43   43   44   44
...........................................................
ALL DATA MEASURED AT THE TULSA INTERNATIONAL AIRPORT...
EXCEPT SNOWFALL...WHICH IS MEASURED AT THE NWS OFFICE.
