000
CDUS44 KTSA 281512
CLITUL

CLIMATE REPORT
NATIONAL WEATHER SERVICE TULSA OK
912 AM CST TUE FEB 28 2017


...................................

...THE TULSA OKLAHOMA CLIMATE SUMMARY FOR FEBRUARY 28 2017...
VALID AS OF 0900 AM LOCAL TIME.

CLIMATE NORMAL PERIOD 1981 TO 2010
CLIMATE RECORD PERIOD 1882 TO 2017


WEATHER ITEM   OBSERVED TIME   RECORD YEAR NORMAL DEPARTURE LAST
                VALUE   (LST)  VALUE       VALUE  FROM      YEAR
                                                  NORMAL
..................................................................
TEMPERATURE (F)
 TODAY
  MAXIMUM         68    759 AM  82    1972  57     11       77
                                      1932
  MINIMUM         63    445 AM   6    1962  35     28       48
  AVERAGE         66                        46     20       63

PRECIPITATION (IN)
  TODAY            0.00          2.00 1987   0.08  -0.08     0.00
  MONTH TO DATE    1.18                      1.85  -0.67     0.59
  SINCE DEC 1      5.04                      6.00  -0.96     9.80
  SINCE JAN 1      4.60                      3.51   1.09     1.20

SNOWFALL (IN)
  TODAY            0.0                                       0.0
  MONTH TO DATE    0.0                                       0.0
  SINCE DEC 1      0.7                                       3.0
  SINCE JUL 1      0.7                                       3.0

DEGREE DAYS
 HEATING
  TODAY            0                        19    -19        2
  MONTH TO DATE  393                       638   -245      460
  SINCE DEC 1   1882                      2275   -393     1847
  SINCE JUL 1   2221                      2911   -690     2322
..................................................................


WIND (MPH)
  HIGHEST WIND SPEED    24   HIGHEST WIND DIRECTION     S (190)
  HIGHEST GUST SPEED    30   HIGHEST GUST DIRECTION     S (200)
  AVERAGE WIND SPEED    18.6


SKY COVER
  POSSIBLE SUNSHINE  MM
  AVERAGE SKY COVER 1.0


WEATHER CONDITIONS
 THE FOLLOWING WEATHER WAS RECORDED TODAY.
  NO SIGNIFICANT WEATHER WAS OBSERVED.


RELATIVE HUMIDITY (PERCENT)
 HIGHEST    93          1200 AM
 LOWEST     78           900 AM
 AVERAGE    86

..........................................................


THE TULSA OKLAHOMA CLIMATE NORMALS FOR TOMORROW
                         NORMAL    RECORD    YEAR
 MAXIMUM TEMPERATURE (F)   58        93      2006
 MINIMUM TEMPERATURE (F)   36         9      1962


SUNRISE AND SUNSET
FEBRUARY 28 2017......SUNRISE   655 AM CST   SUNSET   618 PM CST
MARCH  1 2017.........SUNRISE   653 AM CST   SUNSET   619 PM CST


-  INDICATES NEGATIVE NUMBERS.
R  INDICATES RECORD WAS SET OR TIED.
MM INDICATES DATA IS MISSING.
T  INDICATES TRACE AMOUNT.




$$

&&
ALL DATA MEASURED AT THE TULSA INTERNATIONAL AIRPORT...
EXCEPT SNOWFALL...WHICH IS MEASURED AT THE NWS OFFICE.
