000
CDUS44 KTSA 222147
CLITUL

CLIMATE REPORT
NATIONAL WEATHER SERVICE TULSA OK
418 PM CDT SAT APR 22 2017


...................................

...THE TULSA OKLAHOMA CLIMATE SUMMARY FOR APRIL 22 2017...
VALID TODAY AS OF 0400 PM LOCAL TIME.

CLIMATE NORMAL PERIOD 1981 TO 2010
CLIMATE RECORD PERIOD 1882 TO 2017


WEATHER ITEM   OBSERVED TIME   RECORD YEAR NORMAL DEPARTURE LAST
                VALUE   (LST)  VALUE       VALUE  FROM      YEAR
                                                  NORMAL
..................................................................
TEMPERATURE (F)
 TODAY
  MAXIMUM         53    259 PM  91    2009  74    -21       81
                                      1965
                                      1955
  MINIMUM         47    616 AM  32    1931  51     -4       51
  AVERAGE         50                        63    -13       66

PRECIPITATION (IN)
  TODAY            T             2.40 1899   0.14  -0.14     0.00
  MONTH TO DATE    6.15                      2.55   3.60     4.43
  SINCE MAR 1      7.92                      5.84   2.08     7.29
  SINCE JAN 1     12.52                      9.35   3.17     8.49

SNOWFALL (IN)
  TODAY            0.0                                       0.0
  MONTH TO DATE    T                                         0.0
  SINCE MAR 1      T                                         0.0
  SINCE JUL 1      0.7                                       3.0

DEGREE DAYS
 HEATING
  TODAY           15                         5     10        0
  MONTH TO DATE   69                       158    -89       77
  SINCE MAR 1    363                       596   -233      344
  SINCE JUL 1   2584                      3507   -923     2676

 COOLING
  TODAY            0                         2     -2        1
  MONTH TO DATE   56                        33     23       13
  SINCE MAR 1     96                        44     52       22
  SINCE JAN 1    112                        45     67       28
..................................................................


WIND (MPH)
  HIGHEST WIND SPEED    22   HIGHEST WIND DIRECTION     N (360)
  HIGHEST GUST SPEED    30   HIGHEST GUST DIRECTION     N (350)
  AVERAGE WIND SPEED    14.6


SKY COVER
  POSSIBLE SUNSHINE  MM
  AVERAGE SKY COVER 1.0


WEATHER CONDITIONS
 THE FOLLOWING WEATHER WAS RECORDED TODAY.
  LIGHT RAIN
  FOG


RELATIVE HUMIDITY (PERCENT)
 HIGHEST    96          1200 AM
 LOWEST     66           300 PM
 AVERAGE    81

..........................................................


THE TULSA OKLAHOMA CLIMATE NORMALS FOR TOMORROW
                         NORMAL    RECORD    YEAR
 MAXIMUM TEMPERATURE (F)   74        93      1958
 MINIMUM TEMPERATURE (F)   52        36      1909


SUNRISE AND SUNSET
APRIL 22 2017.........SUNRISE   641 AM CDT   SUNSET   804 PM CDT
APRIL 23 2017.........SUNRISE   640 AM CDT   SUNSET   805 PM CDT


-  INDICATES NEGATIVE NUMBERS.
R  INDICATES RECORD WAS SET OR TIED.
MM INDICATES DATA IS MISSING.
T  INDICATES TRACE AMOUNT.




$$

&&
...........................................................

TULSA RECORD LOW MAX AND HIGH MIN TEMPERATURES FOR TOMORROW
                      RECORD        YEAR
  LOW MAXIMUM           56          1995
  HIGH MINIMUM          70          1925
...........................................................
ALL DATA MEASURED AT THE TULSA INTERNATIONAL AIRPORT...
EXCEPT SNOWFALL...WHICH IS MEASURED AT THE NWS OFFICE.
