000
CDUS44 KTSA 290647
CLITUL

CLIMATE REPORT
NATIONAL WEATHER SERVICE TULSA OK
147 AM CDT SUN MAR 29 2015


...................................

...THE TULSA OKLAHOMA CLIMATE SUMMARY FOR MARCH 28 2015...

CLIMATE NORMAL PERIOD 1981 TO 2010
CLIMATE RECORD PERIOD 1882 TO 2015


WEATHER ITEM   OBSERVED TIME   RECORD YEAR NORMAL DEPARTURE LAST
                VALUE   (LST)  VALUE       VALUE  FROM      YEAR
                                                  NORMAL
..................................................................
TEMPERATURE (F)
 YESTERDAY
  MAXIMUM         69    448 PM  90    1963  66      3       56
  MINIMUM         44    632 AM  17    1931  44      0       38
  AVERAGE         57                        55      2       47

PRECIPITATION (IN)
  YESTERDAY        0.01          3.05 2004   0.12  -0.11     0.04
  MONTH TO DATE    3.71                      2.94   0.77     2.36
  SINCE MAR 1      3.71                      2.94   0.77     2.36
  SINCE JAN 1      6.03                      6.45  -0.42     2.81

SNOWFALL (IN)
  YESTERDAY        0.0                                       0.0
  MONTH TO DATE    0.3                                       2.4
  SINCE MAR 1      0.3                                       2.4
  SINCE JUL 1      8.5                                      12.4

DEGREE DAYS
 HEATING
  YESTERDAY        8                        11     -3       18
  MONTH TO DATE  368                       407    -39      541
  SINCE MAR 1    368                       407    -39      541
  SINCE JUL 1   3383                      3318     65     3842

 COOLING
  YESTERDAY        0                         1     -1        0
  MONTH TO DATE    5                         7     -2        1
  SINCE MAR 1      5                         7     -2        1
  SINCE JAN 1      5                         8     -3        1
..................................................................


WIND (MPH)
  HIGHEST WIND SPEED    21   HIGHEST WIND DIRECTION    SE (140)
  HIGHEST GUST SPEED    25   HIGHEST GUST DIRECTION     S (180)
  AVERAGE WIND SPEED     9.9


SKY COVER
  POSSIBLE SUNSHINE  MM
  AVERAGE SKY COVER 0.5


WEATHER CONDITIONS
 THE FOLLOWING WEATHER WAS RECORDED YESTERDAY.
  LIGHT RAIN


RELATIVE HUMIDITY (PERCENT)
 HIGHEST    76           600 AM
 LOWEST     33           300 PM
 AVERAGE    55

..........................................................


THE TULSA OKLAHOMA CLIMATE NORMALS FOR TODAY
                         NORMAL    RECORD    YEAR
 MAXIMUM TEMPERATURE (F)   67        90      1967
                                             1963
 MINIMUM TEMPERATURE (F)   44        24      1944


SUNRISE AND SUNSET
MARCH 29 2015.........SUNRISE   714 AM CDT   SUNSET   743 PM CDT
MARCH 30 2015.........SUNRISE   713 AM CDT   SUNSET   744 PM CDT


-  INDICATES NEGATIVE NUMBERS.
R  INDICATES RECORD WAS SET OR TIED.
MM INDICATES DATA IS MISSING.
T  INDICATES TRACE AMOUNT.




$$

&&
...........................................................

THE TULSA PRECIPITATION NORMALS FOR TODAY
                       NORMAL    RECORD      YEAR
  TODAY                 0.11      2.15       1918
  MONTH TO DATE         3.05
  YEAR TO DATE          6.56
...........................................................
ALL DATA MEASURED AT THE TULSA INTERNATIONAL AIRPORT...
EXCEPT SNOWFALL...WHICH IS MEASURED AT THE NWS OFFICE.
