830
CDUS44 KMEG 302215
CLITUP


CLIMATE REPORT
NATIONAL WEATHER SERVICE MEMPHIS TN
514 PM CDT THU MAR 30 2017


...................................

...THE TUPELO CLIMATE SUMMARY FOR MARCH 30 2017...
VALID TODAY AS OF 0500 PM LOCAL TIME.

CLIMATE NORMAL PERIOD 1981 TO 2010
CLIMATE RECORD PERIOD 1930 TO 2017


WEATHER ITEM   OBSERVED TIME   RECORD YEAR NORMAL DEPARTURE LAST
                VALUE   (LST)  VALUE       VALUE  FROM      YEAR
                                                  NORMAL
..................................................................
TEMPERATURE (F)
 TODAY
  MAXIMUM         75    346 PM  86    1963  70      5       76
  MINIMUM         64    649 AM  25    1964  46     18       46
  AVERAGE         70                        58     12       61

PRECIPITATION (IN)
  TODAY            0.10          2.86 1939   0.15  -0.05     0.09
  MONTH TO DATE    3.89                      4.67  -0.78     4.58
  SINCE MAR 1      3.89                      4.67  -0.78     4.58
  SINCE JAN 1     12.36                     14.11  -1.75    11.75

SNOWFALL (IN)
  TODAY            0.0

DEGREE DAYS
 HEATING
  TODAY            0                         8     -8        4
  MONTH TO DATE  287                       347    -60      230
  SINCE MAR 1    287                       347    -60      230
  SINCE JUL 1   1905                      2778   -873     2167

 COOLING
  TODAY            5                         1      4        0
  MONTH TO DATE   39                         8     31       22
  SINCE MAR 1     39                         8     31       22
  SINCE JAN 1     51                        10     41       22
..................................................................


WIND (MPH)
  HIGHEST WIND SPEED    39   HIGHEST WIND DIRECTION    SE (130)
  HIGHEST GUST SPEED    49   HIGHEST GUST DIRECTION    SE (140)
  AVERAGE WIND SPEED    14.5


SKY COVER
  POSSIBLE SUNSHINE  MM
  AVERAGE SKY COVER 0.4


WEATHER CONDITIONS
 THE FOLLOWING WEATHER WAS RECORDED TODAY.
  THUNDERSTORM
  HAZE


RELATIVE HUMIDITY (PERCENT)
 HIGHEST    87           400 AM
 LOWEST     47           800 AM
 AVERAGE    67

..........................................................


THE TUPELO CLIMATE NORMALS FOR TOMORROW
                         NORMAL    RECORD    YEAR
 MAXIMUM TEMPERATURE (F)   70        86      1978
                                             1946
 MINIMUM TEMPERATURE (F)   46        28      1987
                                             1975


SUNRISE AND SUNSET
MARCH 30 2017.........SUNRISE   645 AM CDT   SUNSET   715 PM CDT
MARCH 31 2017.........SUNRISE   643 AM CDT   SUNSET   715 PM CDT


-  INDICATES NEGATIVE NUMBERS.
R  INDICATES RECORD WAS SET OR TIED.
MM INDICATES DATA IS MISSING.
T  INDICATES TRACE AMOUNT.




$$
