717
CDUS44 KMEG 280640
CLITUP


CLIMATE REPORT
NATIONAL WEATHER SERVICE MEMPHIS TN
140 AM CDT THU APR 28 2016


...................................

...THE TUPELO CLIMATE SUMMARY FOR APRIL 27 2016...

CLIMATE NORMAL PERIOD 1981 TO 2010
CLIMATE RECORD PERIOD 1930 TO 2016


WEATHER ITEM   OBSERVED TIME   RECORD YEAR NORMAL DEPARTURE LAST
                VALUE   (LST)  VALUE       VALUE  FROM      YEAR
                                                  NORMAL
..................................................................
TEMPERATURE (F)
 YESTERDAY
  MAXIMUM         79   1038 AM  91    1987  77      2       69
  MINIMUM         65    519 AM  36    1979  54     11       50
                                      1977
                                      1976
  AVERAGE         72                        65      7       60

PRECIPITATION (IN)
  YESTERDAY        1.24          2.85 2011   0.17   1.07     0.00
  MONTH TO DATE    4.74                      4.25   0.49     7.72
  SINCE MAR 1     12.63                      9.07   3.56    14.14
  SINCE JAN 1     19.80                     18.51   1.29    23.30

SNOWFALL (IN)
  YESTERDAY        0.0          MM      MM   0.0    0.0      0.0
  MONTH TO DATE    0.0                       0.0    0.0      0.0
  SINCE MAR 1      0.0                       0.3   -0.3      0.1
  SINCE JUL 1      T                         2.1   -2.1      7.4
  SNOW DEPTH       0

DEGREE DAYS
 HEATING
  YESTERDAY        0                         3     -3        5
  MONTH TO DATE   94                       140    -46       68
  SINCE MAR 1    324                       495   -171      401
  SINCE JUL 1   2261                      2926   -665     3119

 COOLING
  YESTERDAY        7                         3      4        0
  MONTH TO DATE   43                        50     -7       73
  SINCE MAR 1     72                        64      8       76
  SINCE JAN 1     72                        66      6       76
..................................................................


WIND (MPH)
  HIGHEST WIND SPEED    18   HIGHEST WIND DIRECTION    SW (230)
  HIGHEST GUST SPEED    27   HIGHEST GUST DIRECTION    SW (210)
  AVERAGE WIND SPEED     8.8


SKY COVER
  POSSIBLE SUNSHINE  MM
  AVERAGE SKY COVER 0.3


WEATHER CONDITIONS
 THE FOLLOWING WEATHER WAS RECORDED YESTERDAY.
  THUNDERSTORM
  HEAVY RAIN
  LIGHT RAIN
  FOG


RELATIVE HUMIDITY (PERCENT)
 HIGHEST    90           700 PM
 LOWEST     64          1100 AM
 AVERAGE    77

..........................................................


THE TUPELO CLIMATE NORMALS FOR TODAY
                         NORMAL    RECORD    YEAR
 MAXIMUM TEMPERATURE (F)   77        91      1981
 MINIMUM TEMPERATURE (F)   54        35      1973


SUNRISE AND SUNSET
APRIL 28 2016.........SUNRISE   608 AM CDT   SUNSET   737 PM CDT
APRIL 29 2016.........SUNRISE   607 AM CDT   SUNSET   738 PM CDT


-  INDICATES NEGATIVE NUMBERS.
R  INDICATES RECORD WAS SET OR TIED.
MM INDICATES DATA IS MISSING.
T  INDICATES TRACE AMOUNT.




$$
