000
CDUS44 KMEG 300652
CLITUP


CLIMATE REPORT
NATIONAL WEATHER SERVICE MEMPHIS TN
150 AM CDT TUE JUN 30 2015


...................................

...THE TUPELO CLIMATE SUMMARY FOR JUNE 29 2015...

CLIMATE NORMAL PERIOD 1981 TO 2010
CLIMATE RECORD PERIOD 1930 TO 2015


WEATHER ITEM   OBSERVED TIME   RECORD YEAR NORMAL DEPARTURE LAST
                VALUE   (LST)  VALUE       VALUE  FROM      YEAR
                                                  NORMAL
..................................................................
TEMPERATURE (F)
 YESTERDAY
  MAXIMUM         89    427 PM 106    2012  91     -2       88
  MINIMUM         67    429 AM  52    1974  70     -3       72
  AVERAGE         78                        81     -3       80

PRECIPITATION (IN)
  YESTERDAY        0.00          1.79 1941   0.15  -0.15     0.00
  MONTH TO DATE    3.35                      4.37  -1.02     8.34
  SINCE JUN 1      3.35                      4.37  -1.02     8.34
  SINCE JAN 1     35.76                     28.97   6.79    28.51

SNOWFALL (IN)
  YESTERDAY        0.0          MM      MM   0.0    0.0      0.0
  MONTH TO DATE    0.0                       0.0    0.0      0.0
  SINCE JUN 1      0.0                       0.0    0.0      0.0
  SINCE JUL 1      7.4                       2.1    5.3      0.5
  SNOW DEPTH       0

DEGREE DAYS
 HEATING
  YESTERDAY        0                         0      0        0
  MONTH TO DATE    0                         0      0        0
  SINCE JUN 1      0                         0      0        0
  SINCE JUL 1   3153                      2956    197     3465

 COOLING
  YESTERDAY       13                        16     -3       15
  MONTH TO DATE  422                       378     44      401
  SINCE JUN 1    422                       378     44      401
  SINCE JAN 1    727                       655     72      675
..................................................................


WIND (MPH)
  HIGHEST WIND SPEED    14   HIGHEST WIND DIRECTION     W (270)
  HIGHEST GUST SPEED    19   HIGHEST GUST DIRECTION     W (290)
  AVERAGE WIND SPEED     5.6


SKY COVER
  POSSIBLE SUNSHINE  MM
  AVERAGE SKY COVER 0.2


WEATHER CONDITIONS
 THE FOLLOWING WEATHER WAS RECORDED YESTERDAY.
  NO SIGNIFICANT WEATHER WAS OBSERVED.


RELATIVE HUMIDITY (PERCENT)
 HIGHEST    90          1200 AM
 LOWEST     47           200 PM
 AVERAGE    69

..........................................................


THE TUPELO CLIMATE NORMALS FOR TODAY
                         NORMAL    RECORD    YEAR
 MAXIMUM TEMPERATURE (F)   91       104      2012
 MINIMUM TEMPERATURE (F)   70        56      1974


SUNRISE AND SUNSET
JUNE 30 2015..........SUNRISE   546 AM CDT   SUNSET   811 PM CDT
JULY  1 2015..........SUNRISE   547 AM CDT   SUNSET   811 PM CDT


-  INDICATES NEGATIVE NUMBERS.
R  INDICATES RECORD WAS SET OR TIED.
MM INDICATES DATA IS MISSING.
T  INDICATES TRACE AMOUNT.




$$
