000
CDUS44 KMEG 172258
CLITUP


CLIMATE REPORT
NATIONAL WEATHER SERVICE MEMPHIS TN
457 PM CST TUE JAN 17 2017


...................................

...THE TUPELO CLIMATE SUMMARY FOR JANUARY 17 2017...
VALID TODAY AS OF 0400 PM LOCAL TIME.

CLIMATE NORMAL PERIOD 1981 TO 2010
CLIMATE RECORD PERIOD 1930 TO 2017


WEATHER ITEM   OBSERVED TIME   RECORD YEAR NORMAL DEPARTURE LAST
                VALUE   (LST)  VALUE       VALUE  FROM      YEAR
                                                  NORMAL
..................................................................
TEMPERATURE (F)
 TODAY
  MAXIMUM         67    106 AM  75    1937  52     15       47
                                      1936
  MINIMUM         58    216 PM   1    1977  31     27       30
  AVERAGE         63                        41     22       39

PRECIPITATION (IN)
  TODAY            0.62          2.06 2006   0.14   0.48     0.00
  MONTH TO DATE    1.85                      2.46  -0.61     0.58
  SINCE DEC 1      6.75                      8.74  -1.99     7.94
  SINCE JAN 1      1.85                      2.46  -0.61     0.58

SNOWFALL (IN)
  TODAY            0.0

DEGREE DAYS
 HEATING
  TODAY            2                        24    -22       26
  MONTH TO DATE  253                       404   -151      410
  SINCE DEC 1    829                      1055   -226      772
  SINCE JUL 1   1123                      1577   -454     1113

 COOLING
  TODAY            0                         0      0        0
  MONTH TO DATE    8                         0      8        0
  SINCE DEC 1     15                         2     13       27
  SINCE JAN 1      8                         0      8        0
..................................................................


WIND (MPH)
  HIGHEST WIND SPEED    17   HIGHEST WIND DIRECTION     S (160)
  HIGHEST GUST SPEED    22   HIGHEST GUST DIRECTION     S (160)
  AVERAGE WIND SPEED     9.8


SKY COVER
  POSSIBLE SUNSHINE  MM
  AVERAGE SKY COVER 1.0


WEATHER CONDITIONS
 THE FOLLOWING WEATHER WAS RECORDED TODAY.
  HEAVY RAIN
  RAIN
  LIGHT RAIN
  FOG


RELATIVE HUMIDITY (PERCENT)
 HIGHEST    93           300 PM
 LOWEST     73          1200 AM
 AVERAGE    83

..........................................................


THE TUPELO CLIMATE NORMALS FOR TOMORROW
                         NORMAL    RECORD    YEAR
 MAXIMUM TEMPERATURE (F)   52        74      1949
 MINIMUM TEMPERATURE (F)   31         3      1930


SUNRISE AND SUNSET
JANUARY 17 2017.......SUNRISE   700 AM CST   SUNSET   511 PM CST
JANUARY 18 2017.......SUNRISE   700 AM CST   SUNSET   512 PM CST


-  INDICATES NEGATIVE NUMBERS.
R  INDICATES RECORD WAS SET OR TIED.
MM INDICATES DATA IS MISSING.
T  INDICATES TRACE AMOUNT.




$$
