227
CDUS44 KMEG 180736
CLITUP


CLIMATE REPORT
NATIONAL WEATHER SERVICE MEMPHIS TN
135 AM CST SUN FEB 18 2018


...................................

...THE TUPELO CLIMATE SUMMARY FOR FEBRUARY 17 2018...

CLIMATE NORMAL PERIOD 1981 TO 2010
CLIMATE RECORD PERIOD 1930 TO 2018


WEATHER ITEM   OBSERVED TIME   RECORD YEAR NORMAL DEPARTURE LAST
                VALUE   (LST)  VALUE       VALUE  FROM      YEAR
                                                  NORMAL
..................................................................
TEMPERATURE (F)
 YESTERDAY
  MAXIMUM         56   1117 AM  79    1976  57     -1       71
  MINIMUM         46    504 AM   4    1958  36     10       34
  AVERAGE         51                        46      5       53

PRECIPITATION (IN)
  YESTERDAY        0.42          1.92 1986   0.19   0.23     0.00
  MONTH TO DATE    6.88                      2.86   4.02     1.09
  SINCE DEC 1     16.71                     13.62   3.09    11.76
  SINCE JAN 1     10.25                      7.34   2.91     6.86

SNOWFALL (IN)
  YESTERDAY        0.0           T    2009   0.0    0.0      0.0
                                      1987
                                      1937
  MONTH TO DATE    0.0                       0.4   -0.4      0.0
  SINCE DEC 1      0.8                       1.6   -0.8       T
  SINCE JUL 1      0.8                       1.6   -0.8       T
  SNOW DEPTH       0

DEGREE DAYS
 HEATING
  YESTERDAY       14                        19     -5       12
  MONTH TO DATE  300                       349    -49      234
  SINCE DEC 1   1786                      1723     63     1253
  SINCE JUL 1   2276                      2245     31     1547

 COOLING
  YESTERDAY        0                         0      0        0
  MONTH TO DATE    6                         0      6        0
  SINCE DEC 1      6                         3      3       15
  SINCE JAN 1      6                         1      5        8
..................................................................


WIND (MPH)
  HIGHEST WIND SPEED    18   HIGHEST WIND DIRECTION     N (350)
  HIGHEST GUST SPEED    22   HIGHEST GUST DIRECTION     S (160)
  AVERAGE WIND SPEED     6.9


SKY COVER
  POSSIBLE SUNSHINE  MM
  AVERAGE SKY COVER 1.0


WEATHER CONDITIONS
 THE FOLLOWING WEATHER WAS RECORDED YESTERDAY.
  HEAVY RAIN
  RAIN
  LIGHT RAIN
  FOG


RELATIVE HUMIDITY (PERCENT)
 HIGHEST    93           900 AM
 LOWEST     82          1200 AM
 AVERAGE    88

..........................................................


THE TUPELO CLIMATE NORMALS FOR TODAY
                         NORMAL    RECORD    YEAR
 MAXIMUM TEMPERATURE (F)   57        79      2000
                                             1961
 MINIMUM TEMPERATURE (F)   36         6      1936


SUNRISE AND SUNSET
FEBRUARY 18 2018......SUNRISE   637 AM CST   SUNSET   542 PM CST
FEBRUARY 19 2018......SUNRISE   636 AM CST   SUNSET   542 PM CST


-  INDICATES NEGATIVE NUMBERS.
R  INDICATES RECORD WAS SET OR TIED.
MM INDICATES DATA IS MISSING.
T  INDICATES TRACE AMOUNT.




$$
