000
CDUS44 KMEG 142246
CLITUP


CLIMATE REPORT
NATIONAL WEATHER SERVICE MEMPHIS TN
446 PM CST SUN FEB 14 2016


...................................

...THE TUPELO CLIMATE SUMMARY FOR FEBRUARY 14 2016...
VALID TODAY AS OF 0400 PM LOCAL TIME.

CLIMATE NORMAL PERIOD 1981 TO 2010
CLIMATE RECORD PERIOD 1930 TO 2016


WEATHER ITEM   OBSERVED TIME   RECORD YEAR NORMAL DEPARTURE LAST
                VALUE   (LST)  VALUE       VALUE  FROM      YEAR
                                                  NORMAL
..................................................................
TEMPERATURE (F)
 TODAY
  MAXIMUM         51    255 PM  76    1959  56     -5       66
  MINIMUM         26    304 AM  14    1971  35     -9       24
  AVERAGE         39                        46     -7       45

PRECIPITATION (IN)
  TODAY            0.00          1.88 1989   0.18  -0.18     0.00
  MONTH TO DATE    1.26                      2.31  -1.05     0.42
  SINCE DEC 1     12.46                     13.07  -0.61     9.74
  SINCE JAN 1      5.10                      6.79  -1.69     4.66

SNOWFALL (IN)
  TODAY            0.0

DEGREE DAYS
 HEATING
  TODAY           26                        19      7       20
  MONTH TO DATE  300                       292      8      328
  SINCE DEC 1   1408                      1666   -258     1628
  SINCE JUL 1   1749                      2188   -439     2265

 COOLING
  TODAY            0                         0      0        0
  MONTH TO DATE    0                         0      0        0
  SINCE DEC 1     27                         3     24        0
  SINCE JAN 1      0                         1     -1        0
..................................................................


WIND (MPH)
  HIGHEST WIND SPEED    22   HIGHEST WIND DIRECTION    SE (150)
  HIGHEST GUST SPEED    29   HIGHEST GUST DIRECTION    SE (150)
  AVERAGE WIND SPEED     9.2


SKY COVER
  POSSIBLE SUNSHINE  MM
  AVERAGE SKY COVER 0.8


WEATHER CONDITIONS
 THE FOLLOWING WEATHER WAS RECORDED TODAY.
  NO SIGNIFICANT WEATHER WAS OBSERVED.


RELATIVE HUMIDITY (PERCENT)
 HIGHEST    50          1200 AM
 LOWEST     28          1200 PM
 AVERAGE    39

..........................................................


THE TUPELO CLIMATE NORMALS FOR TOMORROW
                         NORMAL    RECORD    YEAR
 MAXIMUM TEMPERATURE (F)   57        79      1989
                                             1935
 MINIMUM TEMPERATURE (F)   35        15      1943


SUNRISE AND SUNSET
FEBRUARY 14 2016......SUNRISE   642 AM CST   SUNSET   537 PM CST
FEBRUARY 15 2016......SUNRISE   641 AM CST   SUNSET   538 PM CST


-  INDICATES NEGATIVE NUMBERS.
R  INDICATES RECORD WAS SET OR TIED.
MM INDICATES DATA IS MISSING.
T  INDICATES TRACE AMOUNT.




$$
