000
CDUS45 KTWC 280027
CLITUS

CLIMATE REPORT
NATIONAL WEATHER SERVICE TUCSON AZ
526 PM MST MON FEB 27 2017


...................................

...THE TUCSON AZ CLIMATE SUMMARY FOR FEBRUARY 27 2017...
VALID TODAY AS OF 0500 PM LOCAL TIME.

CLIMATE NORMAL PERIOD 1981 TO 2010
CLIMATE RECORD PERIOD 1895 TO 2017


WEATHER ITEM   OBSERVED TIME   RECORD YEAR NORMAL DEPARTURE LAST
                VALUE   (LST)  VALUE       VALUE  FROM      YEAR
                                                  NORMAL
..................................................................
TEMPERATURE (F)
 TODAY
  MAXIMUM         70    321 PM  88    1986  70      0       86
                                      1906
  MINIMUM         42    722 AM  26    1937  44     -2       50
  AVERAGE         56                        57     -1       68

PRECIPITATION (IN)
  TODAY            0.00          1.10 1942   0.02  -0.02     0.00
  MONTH TO DATE    0.17                      0.83  -0.66     0.18
  SINCE OCT 1      3.03                      4.16  -1.13     4.59
  SINCE JAN 1      1.35                      1.77  -0.42     1.71

DEGREE DAYS
 HEATING
  TODAY            9                         8      1        0
  MONTH TO DATE  148                       266   -118      142
  SINCE DEC 1    781                      1054   -273      933
  SINCE JUL 1    875                      1260   -385     1128

 COOLING
  TODAY            0                         0      0        3
  MONTH TO DATE    9                         0      9       29
  SINCE DEC 1     12                         1     11       29
  SINCE JAN 1      9                         1      8       29
..................................................................


WIND (MPH)
  HIGHEST WIND SPEED    23   HIGHEST WIND DIRECTION    SW (220)
  HIGHEST GUST SPEED    29   HIGHEST GUST DIRECTION    SW (220)
  AVERAGE WIND SPEED     7.5


SKY COVER
  POSSIBLE SUNSHINE  MM
  AVERAGE SKY COVER 0.1


WEATHER CONDITIONS
 THE FOLLOWING WEATHER WAS RECORDED TODAY.
  NO SIGNIFICANT WEATHER WAS OBSERVED.


RELATIVE HUMIDITY (PERCENT)
 HIGHEST    65
 LOWEST     22
 AVERAGE    44

..........................................................


THE TUCSON AZ CLIMATE NORMALS FOR TOMORROW
                         NORMAL    RECORD    YEAR
 MAXIMUM TEMPERATURE (F)   71        85      2009
                                             1986
                                             1940
 MINIMUM TEMPERATURE (F)   44        25      1939


SUNRISE AND SUNSET
FEBRUARY 27 2017......SUNRISE   653 AM MST   SUNSET   620 PM MST
FEBRUARY 28 2017......SUNRISE   652 AM MST   SUNSET   621 PM MST


-  INDICATES NEGATIVE NUMBERS.
R  INDICATES RECORD WAS SET OR TIED.
MM INDICATES DATA IS MISSING.
T  INDICATES TRACE AMOUNT.




$$
