000
CDUS45 KTWC 010736
CLITUS

CLIMATE REPORT
NATIONAL WEATHER SERVICE TUCSON AZ
1235 AM MST SAT OCT 1 2016

...................................

...THE TUCSON AZ CLIMATE SUMMARY FOR SEPTEMBER 30 2016...

CLIMATE NORMAL PERIOD 1981 TO 2010
CLIMATE RECORD PERIOD 1895 TO 2016


WEATHER ITEM   OBSERVED TIME   RECORD YEAR NORMAL DEPARTURE LAST
                VALUE   (LST)  VALUE       VALUE  FROM      YEAR
                                                  NORMAL
..................................................................
TEMPERATURE (F)
 YESTERDAY
  MAXIMUM         87   1209 PM 104    2010  90     -3      101
  MINIMUM         69    652 AM  44    1965  64      5       70
  AVERAGE         78                        77      1       86

PRECIPITATION (IN)
  YESTERDAY        0.01          0.75 1946   0.03  -0.02     0.00
  MONTH TO DATE    1.60                      1.29   0.31     2.40
  SINCE OCT 1     13.01                     11.59   1.42    14.04
  SINCE JAN 1     10.13                      9.20   0.93    10.54

DEGREE DAYS
 HEATING
  YESTERDAY        0                         0      0        0
  MONTH TO DATE    0                         0      0        0
  SINCE SEP 1      0                         0      0        0
  SINCE JUL 1      0                         0      0        0

 COOLING
  YESTERDAY       13                        12      1       21
  MONTH TO DATE  475                       497    -22      541
  SINCE SEP 1    475                       497    -22      541
  SINCE JAN 1   3185                      2907    278     3221
..................................................................


WIND (MPH)
  HIGHEST WIND SPEED    22   HIGHEST WIND DIRECTION    SE (130)
  HIGHEST GUST SPEED    27   HIGHEST GUST DIRECTION    SW (220)
  AVERAGE WIND SPEED     8.4


SKY COVER
  POSSIBLE SUNSHINE  MM
  AVERAGE SKY COVER  MM


WEATHER CONDITIONS
 THE FOLLOWING WEATHER WAS RECORDED YESTERDAY.
  THUNDERSTORM
  RAIN


RELATIVE HUMIDITY (PERCENT)
 HIGHEST    84
 LOWEST     31
 AVERAGE    58

..........................................................


THE TUCSON AZ CLIMATE NORMALS FOR TODAY
                         NORMAL    RECORD    YEAR
 MAXIMUM TEMPERATURE (F)   90       102      2010
 MINIMUM TEMPERATURE (F)   63        42      1907


SUNRISE AND SUNSET
OCTOBER  1 2016.......SUNRISE   618 AM MST   SUNSET   608 PM MST
OCTOBER  2 2016.......SUNRISE   619 AM MST   SUNSET   606 PM MST


-  INDICATES NEGATIVE NUMBERS.
R  INDICATES RECORD WAS SET OR TIED.
MM INDICATES DATA IS MISSING.
T  INDICATES TRACE AMOUNT.

$$
