000
CDUS45 KTWC 290027
CLITUS

CLIMATE REPORT
NATIONAL WEATHER SERVICE TUCSON AZ
526 PM MST THU AUG 28 2014


...................................

...THE TUCSON AZ CLIMATE SUMMARY FOR AUGUST 28 2014...
VALID TODAY AS OF 0500 PM LOCAL TIME.

CLIMATE NORMAL PERIOD 1981 TO 2010
CLIMATE RECORD PERIOD 1895 TO 2014


WEATHER ITEM   OBSERVED TIME   RECORD YEAR NORMAL DEPARTURE LAST
                VALUE   (LST)  VALUE       VALUE  FROM      YEAR
                                                  NORMAL
..................................................................
TEMPERATURE (F)
 TODAY
  MAXIMUM         99    308 PM 107    1998  98      1      100
  MINIMUM         74    649 AM  59    1900  73      1       79
  AVERAGE         87                        85      2       90

PRECIPITATION (IN)
  TODAY            0.00          0.81 1969   0.07  -0.07     0.00
  MONTH TO DATE    1.89                      2.20  -0.31     0.33
  SINCE OCT 1      6.98                     10.11  -3.13     5.91
  SINCE JAN 1      3.93                      7.72  -3.79     4.70

DEGREE DAYS
 HEATING
  TODAY            0                         0      0        0
  MONTH TO DATE    0                         0      0        0
  SINCE JUN 1      0                         0      0        0
  SINCE JUL 1      0                         0      0        0

 COOLING
  TODAY           22                        20      2       25
  MONTH TO DATE  564                       566     -2      648
  SINCE JUN 1   2019                      1843    176     2109
  SINCE JAN 1   2622                      2345    277     2820
..................................................................


WIND (MPH)
  HIGHEST WIND SPEED    15   HIGHEST WIND DIRECTION    NW (330)
  HIGHEST GUST SPEED    19   HIGHEST GUST DIRECTION     N (350)
  AVERAGE WIND SPEED     7.0


SKY COVER
  POSSIBLE SUNSHINE  MM
  AVERAGE SKY COVER 0.0


WEATHER CONDITIONS
 THE FOLLOWING WEATHER WAS RECORDED TODAY.
  NO SIGNIFICANT WEATHER WAS OBSERVED.


RELATIVE HUMIDITY (PERCENT)
 HIGHEST    58
 LOWEST     17
 AVERAGE    38

..........................................................


THE TUCSON AZ CLIMATE NORMALS FOR TOMORROW
                         NORMAL    RECORD    YEAR
 MAXIMUM TEMPERATURE (F)   98       107      1985
                                             1905
 MINIMUM TEMPERATURE (F)   73        58      1917


SUNRISE AND SUNSET
AUGUST 28 2014........SUNRISE   556 AM MST   SUNSET   653 PM MST
AUGUST 29 2014........SUNRISE   557 AM MST   SUNSET   652 PM MST


-  INDICATES NEGATIVE NUMBERS.
R  INDICATES RECORD WAS SET OR TIED.
MM INDICATES DATA IS MISSING.
T  INDICATES TRACE AMOUNT.




$$
