000
CDUS45 KTWC 040743
CLITUS

CLIMATE REPORT
NATIONAL WEATHER SERVICE TUCSON AZ
1234 AM MST SUN DEC 4 2016


...................................

...THE TUCSON AZ CLIMATE SUMMARY FOR DECEMBER 3 2016...

CLIMATE NORMAL PERIOD 1981 TO 2010
CLIMATE RECORD PERIOD 1895 TO 2016


WEATHER ITEM   OBSERVED TIME   RECORD YEAR NORMAL DEPARTURE LAST
                VALUE   (LST)  VALUE       VALUE  FROM      YEAR
                                                  NORMAL
..................................................................
TEMPERATURE (F)
 YESTERDAY
  MAXIMUM         63    429 PM  84    1954  67     -4       78
  MINIMUM         38    533 AM  22    1934  41     -3       37
  AVERAGE         51                        54     -3       58

PRECIPITATION (IN)
  YESTERDAY        0.00          2.15 1906   0.03  -0.03     0.00
  MONTH TO DATE    0.00                      0.08  -0.08     0.00
  SINCE OCT 1      0.60                      1.54  -0.94     2.41
  SINCE JAN 1     10.73                     10.74  -0.01    12.95

DEGREE DAYS
 HEATING
  YESTERDAY       14                        11      3        7
  MONTH TO DATE   45                        33     12       36
  SINCE DEC 1     45                        33     12       36
  SINCE JUL 1    139                       239   -100      231

 COOLING
  YESTERDAY        0                         0      0        0
  MONTH TO DATE    0                         0      0        0
  SINCE DEC 1      0                         0      0        0
  SINCE JAN 1   3652                      3146    506     3522
..................................................................


WIND (MPH)
  HIGHEST WIND SPEED    15   HIGHEST WIND DIRECTION     N (340)
  HIGHEST GUST SPEED    20   HIGHEST GUST DIRECTION     N (340)
  AVERAGE WIND SPEED     5.6


SKY COVER
  POSSIBLE SUNSHINE  MM
  AVERAGE SKY COVER 0.1


WEATHER CONDITIONS
 THE FOLLOWING WEATHER WAS RECORDED YESTERDAY.
  NO SIGNIFICANT WEATHER WAS OBSERVED.


RELATIVE HUMIDITY (PERCENT)
 HIGHEST    51
 LOWEST     27
 AVERAGE    39

..........................................................


THE TUCSON AZ CLIMATE NORMALS FOR TODAY
                         NORMAL    RECORD    YEAR
 MAXIMUM TEMPERATURE (F)   67        85      1895
 MINIMUM TEMPERATURE (F)   40        21      1909


SUNRISE AND SUNSET
DECEMBER  4 2016......SUNRISE   710 AM MST   SUNSET   519 PM MST
DECEMBER  5 2016......SUNRISE   710 AM MST   SUNSET   519 PM MST


-  INDICATES NEGATIVE NUMBERS.
R  INDICATES RECORD WAS SET OR TIED.
MM INDICATES DATA IS MISSING.
T  INDICATES TRACE AMOUNT.




$$
