000
CDUS45 KTWC 260741
CLITUS

CLIMATE REPORT
NATIONAL WEATHER SERVICE TUCSON AZ
1241 AM MST WED JUL 26 2017


...................................

...THE TUCSON AZ CLIMATE SUMMARY FOR JULY 25 2017...

CLIMATE NORMAL PERIOD 1981 TO 2010
CLIMATE RECORD PERIOD 1895 TO 2017


WEATHER ITEM   OBSERVED TIME   RECORD YEAR NORMAL DEPARTURE LAST
                VALUE   (LST)  VALUE       VALUE  FROM      YEAR
                                                  NORMAL
..................................................................
TEMPERATURE (F)
 YESTERDAY
  MAXIMUM         95    325 PM 109    1943  98     -3      102
  MINIMUM         75    604 AM  65    1913  75      0       81
  AVERAGE         85                        86     -1       92

PRECIPITATION (IN)
  YESTERDAY        0.00          1.27 1981   0.09  -0.09     0.00
  MONTH TO DATE    4.54                      1.68   2.86     1.20
  SINCE OCT 1      7.83                      7.34   0.49     8.20
  SINCE JAN 1      6.15                      4.95   1.20     5.32

DEGREE DAYS
 HEATING
  YESTERDAY        0                         0      0        0
  MONTH TO DATE    0                         0      0        0
  SINCE JUN 1      0                         0      0        0
  SINCE JUL 1      0                         0      0        0

 COOLING
  YESTERDAY       20                        21     -1       27
  MONTH TO DATE  585                       560     25      652
  SINCE JUN 1   1335                      1154    181     1362
  SINCE JAN 1   2068                      1656    412     1929
..................................................................


WIND (MPH)
  HIGHEST WIND SPEED    12   HIGHEST WIND DIRECTION     W (260)
  HIGHEST GUST SPEED    26   HIGHEST GUST DIRECTION    SW (230)
  AVERAGE WIND SPEED     6.2


SKY COVER
  POSSIBLE SUNSHINE  MM
  AVERAGE SKY COVER 0.2


WEATHER CONDITIONS
 THE FOLLOWING WEATHER WAS RECORDED YESTERDAY.
  NO SIGNIFICANT WEATHER WAS OBSERVED.


RELATIVE HUMIDITY (PERCENT)
 HIGHEST    87
 LOWEST     33
 AVERAGE    60

..........................................................


THE TUCSON AZ CLIMATE NORMALS FOR TODAY
                         NORMAL    RECORD    YEAR
 MAXIMUM TEMPERATURE (F)   98       112      1995
 MINIMUM TEMPERATURE (F)   74        59      1913


SUNRISE AND SUNSET
JULY 26 2017..........SUNRISE   535 AM MST   SUNSET   725 PM MST
JULY 27 2017..........SUNRISE   536 AM MST   SUNSET   724 PM MST


-  INDICATES NEGATIVE NUMBERS.
R  INDICATES RECORD WAS SET OR TIED.
MM INDICATES DATA IS MISSING.
T  INDICATES TRACE AMOUNT.




$$
