000
CDUS45 KTWC 250729
CLITUS

CLIMATE REPORT
NATIONAL WEATHER SERVICE TUCSON AZ
1229 AM MST SAT OCT 25 2014


...................................

...THE TUCSON AZ CLIMATE SUMMARY FOR OCTOBER 24 2014...

CLIMATE NORMAL PERIOD 1981 TO 2010
CLIMATE RECORD PERIOD 1895 TO 2014


WEATHER ITEM   OBSERVED TIME   RECORD YEAR NORMAL DEPARTURE LAST
                VALUE   (LST)  VALUE       VALUE  FROM      YEAR
                                                  NORMAL
..................................................................
TEMPERATURE (F)
 YESTERDAY
  MAXIMUM         94    244 PM  96    1959  82     12       91
  MINIMUM         62    654 AM  33    1935  54      8       58
  AVERAGE         78                        68     10       75

PRECIPITATION (IN)
  YESTERDAY        0.00          0.50 1925   0.02  -0.02     0.00
  MONTH TO DATE    1.33                      0.73   0.60     0.00
  SINCE OCT 1      1.33                      0.73   0.60     0.00
  SINCE JAN 1      8.02                      9.93  -1.91     5.48

DEGREE DAYS
 HEATING
  YESTERDAY        0                         1     -1        0
  MONTH TO DATE    0                        10    -10        2
  SINCE SEP 1      0                        10    -10        2
  SINCE JUL 1      0                        10    -10        2

 COOLING
  YESTERDAY       13                         4      9       10
  MONTH TO DATE  266                       186     80      153
  SINCE SEP 1    808                       683    125      700
  SINCE JAN 1   3499                      3093    406     3574
..................................................................


WIND (MPH)
  HIGHEST WIND SPEED    14   HIGHEST WIND DIRECTION    SE (130)
  HIGHEST GUST SPEED    18   HIGHEST GUST DIRECTION     S (170)
  AVERAGE WIND SPEED     5.8


SKY COVER
  POSSIBLE SUNSHINE  MM
  AVERAGE SKY COVER 0.0


WEATHER CONDITIONS
 THE FOLLOWING WEATHER WAS RECORDED YESTERDAY.
  NO SIGNIFICANT WEATHER WAS OBSERVED.


RELATIVE HUMIDITY (PERCENT)
 HIGHEST    56
 LOWEST     17
 AVERAGE    37

..........................................................


THE TUCSON AZ CLIMATE NORMALS FOR TODAY
                         NORMAL    RECORD    YEAR
 MAXIMUM TEMPERATURE (F)   82        94      1990
                                             1959
 MINIMUM TEMPERATURE (F)   54        33      1908


SUNRISE AND SUNSET
OCTOBER 25 2014.......SUNRISE   635 AM MST   SUNSET   540 PM MST
OCTOBER 26 2014.......SUNRISE   636 AM MST   SUNSET   539 PM MST


-  INDICATES NEGATIVE NUMBERS.
R  INDICATES RECORD WAS SET OR TIED.
MM INDICATES DATA IS MISSING.
T  INDICATES TRACE AMOUNT.




$$
