000
CDUS45 KTWC 260029
CLITUS

CLIMATE REPORT
NATIONAL WEATHER SERVICE TUCSON AZ
528 PM MST SUN FEB 25 2018


...................................

...THE TUCSON AZ CLIMATE SUMMARY FOR FEBRUARY 25 2018...
VALID TODAY AS OF 0500 PM LOCAL TIME.

CLIMATE NORMAL PERIOD 1981 TO 2010
CLIMATE RECORD PERIOD 1895 TO 2018


WEATHER ITEM   OBSERVED TIME   RECORD YEAR NORMAL DEPARTURE LAST
                VALUE   (LST)  VALUE       VALUE  FROM      YEAR
                                                  NORMAL
..................................................................
TEMPERATURE (F)
 TODAY
  MAXIMUM         62    410 PM  91    1921  70     -8       67
  MINIMUM         33    700 AM  24    1960  44    -11       36
  AVERAGE         48                        57     -9       52

PRECIPITATION (IN)
  TODAY            0.00          1.04 1987   0.03  -0.03     0.00
  MONTH TO DATE    1.76                      0.78   0.98     0.17
  SINCE OCT 1      2.37                      4.11  -1.74     3.03
  SINCE JAN 1      1.78                      1.72   0.06     1.35

DEGREE DAYS
 HEATING
  TODAY           17                         9      8       13
  MONTH TO DATE  167                       250    -83      133
  SINCE DEC 1    589                      1038   -449      766
  SINCE JUL 1    593                      1244   -651      860

 COOLING
  TODAY            0                         0      0        0
  MONTH TO DATE    0                         0      0        9
  SINCE DEC 1     13                         1     12       12
  SINCE JAN 1      4                         1      3        9
..................................................................


WIND (MPH)
  HIGHEST WIND SPEED    12   HIGHEST WIND DIRECTION     N (340)
  HIGHEST GUST SPEED    16   HIGHEST GUST DIRECTION     W (260)
  AVERAGE WIND SPEED    MM


SKY COVER
  POSSIBLE SUNSHINE  MM
  AVERAGE SKY COVER  MM


WEATHER CONDITIONS
 THE FOLLOWING WEATHER WAS RECORDED TODAY.
  NO SIGNIFICANT WEATHER WAS OBSERVED.


RELATIVE HUMIDITY (PERCENT)
 HIGHEST    MM
 LOWEST     MM
 AVERAGE    MM

..........................................................


THE TUCSON AZ CLIMATE NORMALS FOR TOMORROW
                         NORMAL    RECORD    YEAR
 MAXIMUM TEMPERATURE (F)   70        88      1986
 MINIMUM TEMPERATURE (F)   44        25      1912


SUNRISE AND SUNSET
FEBRUARY 25 2018......SUNRISE   656 AM MST   SUNSET   618 PM MST
FEBRUARY 26 2018......SUNRISE   654 AM MST   SUNSET   619 PM MST


-  INDICATES NEGATIVE NUMBERS.
R  INDICATES RECORD WAS SET OR TIED.
MM INDICATES DATA IS MISSING.
T  INDICATES TRACE AMOUNT.




$$
