000
CDUS45 KTWC 010739
CLITUS

CLIMATE REPORT
NATIONAL WEATHER SERVICE TUCSON AZ
1239 AM MST WED JUL 1 2015

...................................

...THE TUCSON AZ CLIMATE SUMMARY FOR JUNE 30 2015...

CLIMATE NORMAL PERIOD 1981 TO 2010
CLIMATE RECORD PERIOD 1895 TO 2015


WEATHER ITEM   OBSERVED TIME   RECORD YEAR NORMAL DEPARTURE LAST
                VALUE   (LST)  VALUE       VALUE  FROM      YEAR
                                                  NORMAL
..................................................................
TEMPERATURE (F)
 YESTERDAY
  MAXIMUM        100    454 PM 112    1989 102     -2      106
  MINIMUM         74   1159 PM  58    1913  73      1       79
  AVERAGE         87                        88     -1       93

PRECIPITATION (IN)
  YESTERDAY        0.09          0.55 1925   0.02   0.07     0.00
  MONTH TO DATE    0.56                      0.20   0.36     0.00
  SINCE OCT 1      7.76                      5.66   2.10     3.66
  SINCE JAN 1      4.26                      3.27   0.99     0.61

DEGREE DAYS
 HEATING
  YESTERDAY        0                         0      0        0
  MONTH TO DATE    0                         0      0        0
  SINCE JUN 1      0                         0      0        0
  SINCE JUL 1    905                      1511   -606      899

 COOLING
  YESTERDAY       22                        23     -1       28
  MONTH TO DATE  713                       594    119      725
  SINCE JUN 1    713                       594    119      725
  SINCE JAN 1   1227                      1096    131     1328
..................................................................


WIND (MPH)
  HIGHEST WIND SPEED    37   HIGHEST WIND DIRECTION     S (180)
  HIGHEST GUST SPEED    45   HIGHEST GUST DIRECTION     S (180)
  AVERAGE WIND SPEED    10.7


SKY COVER
  POSSIBLE SUNSHINE  MM
  AVERAGE SKY COVER 0.1


WEATHER CONDITIONS
 THE FOLLOWING WEATHER WAS RECORDED YESTERDAY.
  THUNDERSTORM
  LIGHT RAIN


RELATIVE HUMIDITY (PERCENT)
 HIGHEST    74
 LOWEST     24
 AVERAGE    49

..........................................................


THE TUCSON AZ CLIMATE NORMALS FOR TODAY
                         NORMAL    RECORD    YEAR
 MAXIMUM TEMPERATURE (F)  102       111      1990
 MINIMUM TEMPERATURE (F)   73        58      1913


SUNRISE AND SUNSET
JULY  1 2015..........SUNRISE   521 AM MST   SUNSET   734 PM MST
JULY  2 2015..........SUNRISE   521 AM MST   SUNSET   734 PM MST


-  INDICATES NEGATIVE NUMBERS.
R  INDICATES RECORD WAS SET OR TIED.
MM INDICATES DATA IS MISSING.
T  INDICATES TRACE AMOUNT.

$$
!--NOT SENT--!
