000
CDUS45 KTWC 240037
CLITUS

CLIMATE REPORT
NATIONAL WEATHER SERVICE TUCSON AZ
536 PM MST MON MAY 23 2016

...................................

...THE TUCSON AZ CLIMATE SUMMARY FOR MAY 23 2016...
VALID TODAY AS OF 0500 PM LOCAL TIME.

CLIMATE NORMAL PERIOD 1981 TO 2010
CLIMATE RECORD PERIOD 1895 TO 2016


WEATHER ITEM   OBSERVED TIME   RECORD YEAR NORMAL DEPARTURE LAST
                VALUE   (LST)  VALUE       VALUE  FROM      YEAR
                                                  NORMAL
..................................................................
TEMPERATURE (F)
 TODAY
  MAXIMUM         91    344 PM 106    1984  94     -3       79
  MINIMUM         61    603 AM  44    1927  62     -1       53
  AVERAGE         76                        78     -2       66

PRECIPITATION (IN)
  TODAY            0.00          0.52 1919   0.01  -0.01     0.00
  MONTH TO DATE    0.00                      0.17  -0.17     0.09
  SINCE OCT 1      5.41                      5.40   0.01     7.20
  SINCE JAN 1      2.53                      3.01  -0.48     3.70

DEGREE DAYS
 HEATING
  TODAY            0                         0      0        0
  MONTH TO DATE    0                         3     -3        3
  SINCE MAR 1     89                       242   -153       63
  SINCE JUL 1   1217                      1509   -292      905

 COOLING
  TODAY           11                        13     -2        1
  MONTH TO DATE  234                       231      3      157
  SINCE MAR 1    449                       381     68      392
  SINCE JAN 1    483                       385     98      400
..................................................................


WIND (MPH)
  HIGHEST WIND SPEED    20   HIGHEST WIND DIRECTION     W (270)
  HIGHEST GUST SPEED    31   HIGHEST GUST DIRECTION    SW (220)
  AVERAGE WIND SPEED     6.0


SKY COVER
  POSSIBLE SUNSHINE  MM
  AVERAGE SKY COVER  MM


WEATHER CONDITIONS
 THE FOLLOWING WEATHER WAS RECORDED TODAY.
  NO SIGNIFICANT WEATHER WAS OBSERVED.


RELATIVE HUMIDITY (PERCENT)
 HIGHEST    29
 LOWEST      9
 AVERAGE    19

..........................................................


THE TUCSON AZ CLIMATE NORMALS FOR TOMORROW
                         NORMAL    RECORD    YEAR
 MAXIMUM TEMPERATURE (F)   94       104      2001
                                             1984
                                             1983
 MINIMUM TEMPERATURE (F)   63        42      1909


SUNRISE AND SUNSET
MAY 23 2016...........SUNRISE   521 AM MST   SUNSET   720 PM MST
MAY 24 2016...........SUNRISE   521 AM MST   SUNSET   721 PM MST


-  INDICATES NEGATIVE NUMBERS.
R  INDICATES RECORD WAS SET OR TIED.
MM INDICATES DATA IS MISSING.
T  INDICATES TRACE AMOUNT.

$$
