532
CDUS45 KTWC 280734
CLITUS

CLIMATE REPORT
NATIONAL WEATHER SERVICE TUCSON AZ
1234 AM MST SUN MAY 28 2017


...................................

...THE TUCSON AZ CLIMATE SUMMARY FOR MAY 27 2017...

CLIMATE NORMAL PERIOD 1981 TO 2010
CLIMATE RECORD PERIOD 1895 TO 2017


WEATHER ITEM   OBSERVED TIME   RECORD YEAR NORMAL DEPARTURE LAST
                VALUE   (LST)  VALUE       VALUE  FROM      YEAR
                                                  NORMAL
..................................................................
TEMPERATURE (F)
 YESTERDAY
  MAXIMUM         96    400 PM 107    1951  95      1       88
  MINIMUM         61    607 AM  44    1917  64     -3       57
  AVERAGE         79                        79      0       73

PRECIPITATION (IN)
  YESTERDAY        0.00          0.44 2005   0.01  -0.01     0.00
  MONTH TO DATE    0.02                      0.20  -0.18     0.00
  SINCE OCT 1      3.29                      5.43  -2.14     5.41
  SINCE JAN 1      1.61                      3.04  -1.43     2.53

DEGREE DAYS
 HEATING
  YESTERDAY        0                         0      0        0
  MONTH TO DATE    8                         3      5        0
  SINCE MAR 1     71                       242   -171       89
  SINCE JUL 1    952                      1509   -557     1217

 COOLING
  YESTERDAY       14                        14      0        8
  MONTH TO DATE  298                       287     11      265
  SINCE MAR 1    648                       437    211      480
  SINCE JAN 1    657                       441    216      514
..................................................................


WIND (MPH)
  HIGHEST WIND SPEED    18   HIGHEST WIND DIRECTION     N (350)
  HIGHEST GUST SPEED    23   HIGHEST GUST DIRECTION     N (340)
  AVERAGE WIND SPEED     5.7


SKY COVER
  POSSIBLE SUNSHINE  MM
  AVERAGE SKY COVER 0.0


WEATHER CONDITIONS
 THE FOLLOWING WEATHER WAS RECORDED YESTERDAY.
  NO SIGNIFICANT WEATHER WAS OBSERVED.


RELATIVE HUMIDITY (PERCENT)
 HIGHEST    32
 LOWEST      4
 AVERAGE    18

..........................................................


THE TUCSON AZ CLIMATE NORMALS FOR TODAY
                         NORMAL    RECORD    YEAR
 MAXIMUM TEMPERATURE (F)   96       107      2000
                                             1958
 MINIMUM TEMPERATURE (F)   64        45      1905


SUNRISE AND SUNSET
MAY 28 2017...........SUNRISE   519 AM MST   SUNSET   723 PM MST
MAY 29 2017...........SUNRISE   519 AM MST   SUNSET   724 PM MST


-  INDICATES NEGATIVE NUMBERS.
R  INDICATES RECORD WAS SET OR TIED.
MM INDICATES DATA IS MISSING.
T  INDICATES TRACE AMOUNT.




$$
